CREATE TABLE `modules` (
  `ID` int(11) NOT NULL AUTO_INCREMENT,
  `Name` varchar(100) NOT NULL,
  `URL` varchar(255) DEFAULT NULL,
  `SortNo` int(11) DEFAULT '0',
  `IsPublish` bit(1) DEFAULT b'1',
  `ClassName` varchar(50) DEFAULT NULL,
  `IsHeader` bit(1) DEFAULT b'0',
  `ModuleLevel` int(11) DEFAULT NULL,
  `Application_id` int(11) NOT NULL,
  `ParentID` int(11) DEFAULT NULL,
  `CreateBy` int(11) DEFAULT NULL,
  `CreateDate` datetime DEFAULT NULL,
  `CreateTerminal` varchar(100) DEFAULT NULL,
  `UpdateBy` int(11) DEFAULT NULL,
  `UpdateDate` datetime DEFAULT NULL,
  `UpdateTerminal` varchar(100) DEFAULT NULL,
  PRIMARY KEY (`ID`),
  KEY `Application_id` (`Application_id`),
  KEY `ParentID` (`ParentID`),
  KEY `modules_url` (`URL`),
  KEY `modules_IsPublish` (`IsPublish`),
  KEY `modules_name` (`Name`),
  KEY `modules_isheader` (`IsHeader`),
  KEY `modules_classname` (`ClassName`),
  KEY `modules_sortno` (`SortNo`),
  KEY `modules_moduleslevel` (`ModuleLevel`),
  KEY `modules_createby` (`CreateBy`),
  KEY `modules_updateby` (`UpdateBy`),
  CONSTRAINT `FK578D5FF54CBDA5AE` FOREIGN KEY (`Application_id`) REFERENCES `applications` (`ID`) ON DELETE CASCADE ON UPDATE CASCADE,
  CONSTRAINT `FK578D5FF550C48F63` FOREIGN KEY (`ParentID`) REFERENCES `modules` (`ID`) ON DELETE CASCADE ON UPDATE CASCADE,
  CONSTRAINT `modules_createby` FOREIGN KEY (`CreateBy`) REFERENCES `users` (`ID`) ON DELETE SET NULL ON UPDATE CASCADE,
  CONSTRAINT `modules_updateby` FOREIGN KEY (`UpdateBy`) REFERENCES `users` (`ID`) ON DELETE SET NULL ON UPDATE CASCADE
) ENGINE=InnoDB AUTO_INCREMENT=357 DEFAULT CHARSET=latin1;



/*Table structure for table `notif_sms_gateway` */

CREATE TABLE `notif_sms_gateway` (
  `ID` int(11) NOT NULL AUTO_INCREMENT,
  `member_id` int(11) NOT NULL,
  `number_HP` int(20) NOT NULL,
  `collectionloanitem_id` int(11) DEFAULT NULL,
  `send_message_text` text,
  `criteria_message` varchar(20) DEFAULT NULL,
  `send_date` datetime DEFAULT NULL,
  `send_status` varchar(10) DEFAULT NULL,
  PRIMARY KEY (`ID`)
) ENGINE=InnoDB DEFAULT CHARSET=latin1;

/*Data for the table `notif_sms_gateway` */

/*Table structure for table `notif_sms_gateway_hist` */

CREATE TABLE `notif_sms_gateway_hist` (
  `ID` int(11) NOT NULL AUTO_INCREMENT,
  `member_id` int(11) NOT NULL,
  `number_HP` int(20) NOT NULL,
  `collectionloanitem_id` int(11) DEFAULT NULL,
  `send_message_text` text,
  `criteria_message` varchar(20) DEFAULT NULL,
  `send_date` datetime DEFAULT NULL,
  `send_status` varchar(10) DEFAULT NULL,
  PRIMARY KEY (`ID`)
) ENGINE=InnoDB DEFAULT CHARSET=latin1;

/*Data for the table `notif_sms_gateway_hist` */

/*Table structure for table `opac_counter` */

CREATE TABLE `opac_counter` (
  `hit_id` int(11) NOT NULL AUTO_INCREMENT,
  `ip_address` varchar(30) NOT NULL,
  `city` varchar(100) DEFAULT NULL,
  `region_name` varchar(100) DEFAULT NULL,
  `country` varchar(100) DEFAULT NULL,
  `lat` varchar(100) DEFAULT NULL,
  `long` varchar(100) DEFAULT NULL,
  `create_at` datetime DEFAULT NULL,
  `update_at` datetime DEFAULT NULL,
  PRIMARY KEY (`hit_id`)
) ENGINE=MyISAM AUTO_INCREMENT=32 DEFAULT CHARSET=latin1;

/*Data for the table `opac_counter` */

/*Table structure for table `opacfields` */

CREATE TABLE `opacfields` (
  `ID` decimal(10,0) NOT NULL,
  `TAG` varchar(255) COLLATE latin1_general_ci NOT NULL,
  `NAME` varchar(255) COLLATE latin1_general_ci NOT NULL,
  `Column4` varchar(255) COLLATE latin1_general_ci DEFAULT NULL,
  `Column5` varchar(255) COLLATE latin1_general_ci DEFAULT NULL,
  `Column6` varchar(255) COLLATE latin1_general_ci DEFAULT NULL,
  `Column7` varchar(255) COLLATE latin1_general_ci DEFAULT NULL,
  `Column8` varchar(255) COLLATE latin1_general_ci DEFAULT NULL,
  `Column9` varchar(255) COLLATE latin1_general_ci DEFAULT NULL,
  `Column10` varchar(255) COLLATE latin1_general_ci DEFAULT NULL,
  `Column11` varchar(255) COLLATE latin1_general_ci DEFAULT NULL,
  `Column12` varchar(255) COLLATE latin1_general_ci DEFAULT NULL,
  `CreateBy` int(11) DEFAULT NULL,
  `CreateDate` datetime DEFAULT NULL,
  `CreateTerminal` varchar(100) COLLATE latin1_general_ci DEFAULT NULL,
  `UpdateBy` int(11) DEFAULT NULL,
  `UpdateDate` datetime DEFAULT NULL,
  `UpdateTerminal` varchar(100) COLLATE latin1_general_ci DEFAULT NULL,
  PRIMARY KEY (`ID`),
  KEY `opacfields_createby` (`CreateBy`),
  KEY `opacfields_updateby` (`UpdateBy`),
  CONSTRAINT `opacfields_createby` FOREIGN KEY (`CreateBy`) REFERENCES `users` (`ID`) ON DELETE SET NULL ON UPDATE CASCADE,
  CONSTRAINT `opacfields_updateby` FOREIGN KEY (`UpdateBy`) REFERENCES `users` (`ID`) ON DELETE SET NULL ON UPDATE CASCADE
) ENGINE=InnoDB DEFAULT CHARSET=latin1 COLLATE=latin1_general_ci;

/*Data for the table `opacfields` */

insert  into `opacfields`(`ID`,`TAG`,`NAME`,`Column4`,`Column5`,`Column6`,`Column7`,`Column8`,`Column9`,`Column10`,`Column11`,`Column12`,`CreateBy`,`CreateDate`,`CreateTerminal`,`UpdateBy`,`UpdateDate`,`UpdateTerminal`) values (5,'130','Bibliografi','0','1','0','0','0','0','0','1','2',NULL,NULL,NULL,NULL,NULL,NULL),(6,'022','No ISSN','0','1','0','1','0','0','0','1','2',NULL,NULL,NULL,NULL,NULL,NULL),(23,'711','Entry Tambahan - Nama Pertemuan','0','1','0','1','0','0','0','1','2',NULL,NULL,NULL,NULL,NULL,NULL),(31,'020','ISBN','0','1','-1','0','1','0','0','1','2',NULL,NULL,NULL,NULL,NULL,NULL),(37,'084','Nomor Rak','0','1','-1','0','0','0','0','1','2',NULL,NULL,NULL,NULL,NULL,NULL),(38,'090','Nomor Panggil Lokal','0','1','-1','0','1','0','0','1','2',NULL,NULL,NULL,NULL,NULL,NULL),(39,'100|110|700|710','Nama Pengarang','0','1','-1','0','1','0','0','1','2',NULL,NULL,NULL,NULL,NULL,NULL),(40,'110','Nama Badan Korporasi','0','1','-1','0','0','0','0','1','2',NULL,NULL,NULL,NULL,NULL,NULL),(41,'111','Nama Pertemuan','0','1','-1','0','0','0','0','1','2',NULL,NULL,NULL,NULL,NULL,NULL),(42,'240','Judul Seragam','0','1','-1','0','0','0','0','1','2',NULL,NULL,NULL,NULL,NULL,NULL),(45,'240|245|740','Judul','0','1','-1','1','1','0','0','1','2',NULL,NULL,NULL,NULL,NULL,NULL),(46,'250','Edisi','0','1','-1','0','0','0','0','1','2',NULL,NULL,NULL,NULL,NULL,NULL),(51,'260','Penerbitan','0','1','-1','1','1','0','0','1','2',NULL,NULL,NULL,NULL,NULL,NULL),(54,'300','Deskripsi Fisik','0','1','-1','0','1','0','0','1','2',NULL,NULL,NULL,NULL,NULL,NULL),(57,'410','Jejakan Badan Korporasi','0','1','-1','0','0','0','0','1','2',NULL,NULL,NULL,NULL,NULL,NULL),(58,'440','Pernyataan Seri ( Judul )','0','1','-1','1','0','0','0','1','2',NULL,NULL,NULL,NULL,NULL,NULL),(62,'504','Catatan Bibliografi','0','1','-1','0','0','0','0','1','2',NULL,NULL,NULL,NULL,NULL,NULL),(63,'505','Catatan Isi','0','1','-1','0','0','0','0','1','2',NULL,NULL,NULL,NULL,NULL,NULL),(66,'600','Subjek Nama Orang','0','1','-1','1','0','0','0','1','2',NULL,NULL,NULL,NULL,NULL,NULL),(67,'610','Subjek Nama Badan Korporasi','0','1','-1','1','0','0','0','1','2',NULL,NULL,NULL,NULL,NULL,NULL),(68,'611','Subjek Nama Pertemuan','0','1','-1','1','0','0','0','1','2',NULL,NULL,NULL,NULL,NULL,NULL),(70,'650','Subjek Topik','0','1','-1','1','1','0','0','1','2',NULL,NULL,NULL,NULL,NULL,NULL),(71,'651','Subjek Nama Geografis','0','1','-1','1','0','0','0','1','2',NULL,NULL,NULL,NULL,NULL,NULL),(72,'700','Tambahan Nama Orang','0','1','-1','1','1','0','0','1','2',NULL,NULL,NULL,NULL,NULL,NULL),(73,'710','Entri Tambahan-Nama Badan Korporasi','0','1','-1','1','1','0','0','1','2',NULL,NULL,NULL,NULL,NULL,NULL),(74,'730','Entri Tambahan-Judul Seragam','0','1','-1','1','0','0','0','1','2',NULL,NULL,NULL,NULL,NULL,NULL),(75,'740','Entry tambahan-Judul lain','0','1','-1','1','0','0','0','1','2',NULL,NULL,NULL,NULL,NULL,NULL),(80,'990','Nomor induk','0','1','-1','1','1','0','0','1','2',NULL,NULL,NULL,NULL,NULL,NULL),(81,'999','Nomor deposit','0','1','-1','0','0','0','0','1','2',NULL,NULL,NULL,NULL,NULL,NULL),(100,'080','Nomor Klasifikasi (DDC)','0','1','-1','1','0','0','0','1','2',NULL,NULL,NULL,NULL,NULL,NULL),(101,'502','Disertasi Akademik',NULL,NULL,NULL,NULL,NULL,NULL,NULL,NULL,NULL,NULL,NULL,NULL,NULL,NULL,NULL),(102,'600|610|611|630|650|651','Subjek',NULL,NULL,NULL,NULL,NULL,NULL,NULL,NULL,NULL,NULL,NULL,NULL,NULL,NULL,NULL);

/*Table structure for table `opaclogs` */

CREATE TABLE `opaclogs` (
  `ID` int(11) NOT NULL AUTO_INCREMENT,
  `User_id` varchar(50) DEFAULT NULL,
  `ip` varchar(15) DEFAULT NULL,
  `jenis_pencarian` text,
  `keyword` text,
  `jenis_bahan` varchar(50) DEFAULT NULL,
  `waktu` datetime DEFAULT NULL,
  `url` text,
  `isLKD` tinyint(4) DEFAULT '0',
  `CreateBy` int(11) DEFAULT NULL,
  `CreateDate` datetime DEFAULT NULL,
  `CreateTerminal` varchar(100) DEFAULT NULL,
  `UpdateBy` int(11) DEFAULT NULL,
  `UpdateDate` datetime DEFAULT NULL,
  `UpdateTerminal` varchar(100) DEFAULT NULL,
  `Target_Pembaca` varchar(50) DEFAULT NULL,
  `Bahasa` varchar(50) DEFAULT NULL,
  `Bentuk_Karya` varchar(50) DEFAULT NULL,
  PRIMARY KEY (`ID`),
  KEY `opaclogs_userid` (`User_id`),
  KEY `opaclogs_createby_idx` (`CreateBy`),
  KEY `opaclogs_updateby_idx` (`UpdateBy`),
  CONSTRAINT `opaclogs_createby` FOREIGN KEY (`CreateBy`) REFERENCES `users` (`ID`) ON DELETE NO ACTION ON UPDATE NO ACTION,
  CONSTRAINT `opaclogs_updateby` FOREIGN KEY (`UpdateBy`) REFERENCES `users` (`ID`) ON DELETE NO ACTION ON UPDATE NO ACTION,
  CONSTRAINT `opaclogs_userid` FOREIGN KEY (`User_id`) REFERENCES `members` (`MemberNo`) ON DELETE SET NULL ON UPDATE CASCADE
) ENGINE=InnoDB DEFAULT CHARSET=latin1;

/*Data for the table `opaclogs` */

/*Table structure for table `opaclogs_keyword` */

CREATE TABLE `opaclogs_keyword` (
  `Id` int(11) NOT NULL AUTO_INCREMENT,
  `OpaclogsId` int(11) NOT NULL,
  `Field` varchar(20) CHARACTER SET utf8 DEFAULT NULL,
  `Keyword` text CHARACTER SET utf8,
  PRIMARY KEY (`Id`),
  KEY `opaclogs_keyword_field_idx` (`Field`),
  KEY `opaclogs_keyword_opaclogsid_idx` (`OpaclogsId`),
  KEY `opaclogs_keyword_keyword_idx` (`Keyword`(240)),
  CONSTRAINT `opaclogs_keyword_opaclogsid` FOREIGN KEY (`OpaclogsId`) REFERENCES `opaclogs` (`ID`)
) ENGINE=InnoDB DEFAULT CHARSET=latin1;

/*Data for the table `opaclogs_keyword` */

/*Table structure for table `outbox` */

CREATE TABLE `outbox` (
  `UpdatedInDB` timestamp NOT NULL DEFAULT CURRENT_TIMESTAMP ON UPDATE CURRENT_TIMESTAMP,
  `InsertIntoDB` timestamp NOT NULL DEFAULT '0000-00-00 00:00:00',
  `SendingDateTime` timestamp NOT NULL DEFAULT '0000-00-00 00:00:00',
  `SendBefore` time NOT NULL DEFAULT '23:59:59',
  `SendAfter` time NOT NULL DEFAULT '00:00:00',
  `Text` text,
  `DestinationNumber` varchar(20) NOT NULL DEFAULT '',
  `Coding` enum('Default_No_Compression','Unicode_No_Compression','8bit','Default_Compression','Unicode_Compression') NOT NULL DEFAULT 'Default_No_Compression',
  `UDH` text,
  `Class` int(11) DEFAULT '-1',
  `TextDecoded` text NOT NULL,
  `ID` int(10) unsigned NOT NULL AUTO_INCREMENT,
  `MultiPart` enum('false','true') DEFAULT 'false',
  `RelativeValidity` int(11) DEFAULT '-1',
  `SenderID` varchar(255) DEFAULT NULL,
  `SendingTimeOut` timestamp NULL DEFAULT '0000-00-00 00:00:00',
  `DeliveryReport` enum('default','yes','no') DEFAULT 'default',
  `CreatorID` text NOT NULL,
  PRIMARY KEY (`ID`),
  KEY `outbox_date` (`SendingDateTime`,`SendingTimeOut`),
  KEY `outbox_sender` (`SenderID`)
) ENGINE=MyISAM AUTO_INCREMENT=6 DEFAULT CHARSET=utf8;

/*Data for the table `outbox` */

insert  into `outbox`(`UpdatedInDB`,`InsertIntoDB`,`SendingDateTime`,`SendBefore`,`SendAfter`,`Text`,`DestinationNumber`,`Coding`,`UDH`,`Class`,`TextDecoded`,`ID`,`MultiPart`,`RelativeValidity`,`SenderID`,`SendingTimeOut`,`DeliveryReport`,`CreatorID`) values ('2016-04-04 11:10:00','2016-04-04 11:10:00','2016-04-04 11:10:00','23:59:59','00:00:00',NULL,'08666380012','Default_No_Compression',NULL,-1,'Peminjaman untuk buku : Belajar dan pembelajaran... jatuh tempo dalam 0 hari',1,'false',-1,NULL,'2016-04-04 11:10:00','default',''),('2016-04-04 11:10:00','2016-04-04 11:10:00','2016-04-04 11:10:00','23:59:59','00:00:00',NULL,'08666380012','Default_No_Compression',NULL,-1,'Peminjaman untuk buku : Bid\'ah-bid\'ah di Indonesia /  ... jatuh tempo dalam 0 hari',2,'false',-1,NULL,'2016-04-04 11:10:00','default',''),('2016-04-04 11:58:00','2016-04-04 11:58:00','2016-04-04 11:58:00','23:59:59','00:00:00',NULL,'08666380012','Default_No_Compression',NULL,-1,'Peminjaman untuk buku : Belajar dan pembelajaran... jatuh tempo dalam 0 hari',3,'false',-1,NULL,'2016-04-04 11:58:00','default',''),('2016-04-04 11:58:00','2016-04-04 11:58:00','2016-04-04 11:58:00','23:59:59','00:00:00',NULL,'08666380012','Default_No_Compression',NULL,-1,'Peminjaman untuk buku : Bid\'ah-bid\'ah di Indonesia /  ... jatuh tempo dalam 0 hari',4,'false',-1,NULL,'2016-04-04 11:58:00','default',''),('2016-04-07 10:09:31','2016-04-07 10:09:31','2016-04-07 10:09:31','23:59:59','00:00:00',NULL,'+6285314909965','Default_No_Compression',NULL,-1,'Anggota yang terhormat. Mohon Maaf, waktu peminjaman buku anda akan berakhir pada Esok Hari, mohon segera di kembalikan. Terima Kasih.',5,'false',-1,NULL,'2016-04-07 10:09:31','default','');

/*Table structure for table `outbox_multipart` */

CREATE TABLE `outbox_multipart` (
  `Text` text,
  `Coding` enum('Default_No_Compression','Unicode_No_Compression','8bit','Default_Compression','Unicode_Compression') NOT NULL DEFAULT 'Default_No_Compression',
  `UDH` text,
  `Class` int(11) DEFAULT '-1',
  `TextDecoded` text,
  `ID` int(10) unsigned NOT NULL DEFAULT '0',
  `SequencePosition` int(11) NOT NULL DEFAULT '1',
  PRIMARY KEY (`ID`,`SequencePosition`)
) ENGINE=MyISAM DEFAULT CHARSET=utf8;

/*Data for the table `outbox_multipart` */

/*Table structure for table `partners` */

CREATE TABLE `partners` (
  `ID` int(11) NOT NULL AUTO_INCREMENT,
  `Name` varchar(255) NOT NULL,
  `Address` varchar(255) DEFAULT NULL,
  `Phone` varchar(100) DEFAULT NULL,
  `Fax` varchar(100) DEFAULT NULL,
  `Province` varchar(255) DEFAULT NULL,
  `City` varchar(255) DEFAULT NULL,
  `CreateBy` int(11) DEFAULT NULL,
  `CreateDate` datetime DEFAULT NULL,
  `CreateTerminal` varchar(100) DEFAULT NULL,
  `UpdateBy` int(11) DEFAULT NULL,
  `UpdateDate` datetime DEFAULT NULL,
  `UpdateTerminal` varchar(100) DEFAULT NULL,
  `KIILastUploadDate` datetime DEFAULT NULL,
  PRIMARY KEY (`ID`),
  KEY `Partners_Name` (`Name`),
  KEY `partners_createby` (`CreateBy`),
  KEY `partners_updateby` (`UpdateBy`),
  KEY `partners_kii` (`KIILastUploadDate`),
  KEY `partners_createdate` (`CreateDate`),
  KEY `partners_updatedate` (`UpdateDate`),
  CONSTRAINT `partners_createby` FOREIGN KEY (`CreateBy`) REFERENCES `users` (`ID`) ON DELETE SET NULL ON UPDATE CASCADE,
  CONSTRAINT `partners_updateby` FOREIGN KEY (`UpdateBy`) REFERENCES `users` (`ID`) ON DELETE SET NULL ON UPDATE CASCADE
) ENGINE=InnoDB AUTO_INCREMENT=1099 DEFAULT CHARSET=latin1;

/*Data for the table `partners` */

insert  into `partners`(`ID`,`Name`,`Address`,`Phone`,`Fax`,`Province`,`City`,`CreateBy`,`CreateDate`,`CreateTerminal`,`UpdateBy`,`UpdateDate`,`UpdateTerminal`,`KIILastUploadDate`) values (1098,'---Belum ditentukan---','---Belum ditentukan---','','','','',33,'2016-06-06 12:53:43','::1',33,'2016-06-06 12:53:43','::1',NULL);

/*Table structure for table `pbk` */

CREATE TABLE `pbk` (
  `ID` int(11) NOT NULL AUTO_INCREMENT,
  `GroupID` int(11) NOT NULL DEFAULT '-1',
  `Name` text NOT NULL,
  `Number` text NOT NULL,
  PRIMARY KEY (`ID`)
) ENGINE=MyISAM DEFAULT CHARSET=utf8;

/*Data for the table `pbk` */

/*Table structure for table `pbk_groups` */

CREATE TABLE `pbk_groups` (
  `Name` text NOT NULL,
  `ID` int(11) NOT NULL AUTO_INCREMENT,
  PRIMARY KEY (`ID`)
) ENGINE=MyISAM DEFAULT CHARSET=utf8;

/*Data for the table `pbk_groups` */

/*Table structure for table `pelanggaran` */

CREATE TABLE `pelanggaran` (
  `ID` int(11) NOT NULL AUTO_INCREMENT,
  `CollectionLoan_id` varchar(255) CHARACTER SET latin1 DEFAULT NULL,
  `CollectionLoanItem_id` double DEFAULT NULL,
  `JenisPelanggaran_id` int(11) DEFAULT NULL,
  `JenisDenda_id` int(11) DEFAULT NULL,
  `JumlahDenda` decimal(10,0) DEFAULT '0',
  `CreateBy` int(11) DEFAULT NULL,
  `CreateDate` datetime DEFAULT NULL,
  `CreateTerminal` varchar(100) DEFAULT NULL,
  `UpdateBy` int(11) DEFAULT NULL,
  `UpdateDate` datetime DEFAULT NULL,
  `UpdateTerminal` varchar(100) DEFAULT NULL,
  `JumlahSuspend` int(11) DEFAULT '0',
  `Paid` bit(1) DEFAULT b'0',
  `Member_id` double DEFAULT NULL,
  `Collection_id` double DEFAULT NULL,
  PRIMARY KEY (`ID`),
  KEY `Pelanggaran_JumlahDenda` (`JumlahDenda`),
  KEY `pelanggaran_cli` (`CollectionLoanItem_id`),
  KEY `Pelanggaran_JenisPelanggaran` (`JenisPelanggaran_id`),
  KEY `Pelanggaran_JenisDenda` (`JenisDenda_id`),
  KEY `pelanggaran_createby` (`CreateBy`),
  KEY `pelanggaran_updateby` (`UpdateBy`),
  KEY `pelanggaran_collectionloan` (`CollectionLoan_id`),
  KEY `pelanggaran_member` (`Member_id`),
  KEY `pelanggaran_collection` (`Collection_id`),
  CONSTRAINT `pelanggaran_cli` FOREIGN KEY (`CollectionLoanItem_id`) REFERENCES `collectionloanitems` (`ID`) ON DELETE CASCADE ON UPDATE CASCADE,
  CONSTRAINT `pelanggaran_collection` FOREIGN KEY (`Collection_id`) REFERENCES `collections` (`ID`) ON DELETE CASCADE ON UPDATE CASCADE,
  CONSTRAINT `pelanggaran_collectionloan` FOREIGN KEY (`CollectionLoan_id`) REFERENCES `collectionloans` (`ID`) ON DELETE CASCADE ON UPDATE CASCADE,
  CONSTRAINT `pelanggaran_createby` FOREIGN KEY (`CreateBy`) REFERENCES `users` (`ID`) ON DELETE SET NULL ON UPDATE CASCADE,
  CONSTRAINT `pelanggaran_jenisdenda` FOREIGN KEY (`JenisDenda_id`) REFERENCES `jenis_denda` (`ID`) ON DELETE CASCADE ON UPDATE CASCADE,
  CONSTRAINT `pelanggaran_jenispelanggaran` FOREIGN KEY (`JenisPelanggaran_id`) REFERENCES `jenis_pelanggaran` (`ID`) ON DELETE CASCADE ON UPDATE CASCADE,
  CONSTRAINT `pelanggaran_member` FOREIGN KEY (`Member_id`) REFERENCES `members` (`ID`) ON DELETE CASCADE ON UPDATE CASCADE,
  CONSTRAINT `pelanggaran_updateby` FOREIGN KEY (`UpdateBy`) REFERENCES `users` (`ID`) ON DELETE SET NULL ON UPDATE CASCADE
) ENGINE=InnoDB DEFAULT CHARSET=utf8;

/*Data for the table `pelanggaran` */

/*Table structure for table `penduduk` */

CREATE TABLE `penduduk` (
  `id` int(11) NOT NULL AUTO_INCREMENT,
  `Nik` varchar(16) DEFAULT NULL,
  `Nama` varchar(255) DEFAULT NULL,
  `Tempat_Lahir` varchar(100) DEFAULT NULL,
  `Provinsi` varchar(50) DEFAULT NULL,
  `Kabupaten_Kota` varchar(100) DEFAULT NULL,
  `Kecamatan` varchar(100) DEFAULT NULL,
  `Kelurahan_desa` varchar(100) DEFAULT NULL,
  `TPS` varchar(100) DEFAULT NULL,
  PRIMARY KEY (`id`)
) ENGINE=InnoDB DEFAULT CHARSET=latin1;

/*Data for the table `penduduk` */

/*Table structure for table `pengiriman` */

CREATE TABLE `pengiriman` (
  `ID` int(11) NOT NULL AUTO_INCREMENT,
  `JudulKiriman` text NOT NULL,
  `PenanggungJawab` varchar(100) NOT NULL,
  `NipPenanggungJawab` varchar(50) DEFAULT NULL,
  `FromDate` date DEFAULT NULL,
  `ToDate` date DEFAULT NULL,
  `CreateBy` int(11) DEFAULT NULL,
  `CreateDate` datetime DEFAULT NULL,
  `CreateTerminal` varchar(100) DEFAULT NULL,
  `UpdateBy` int(11) DEFAULT NULL,
  `UpdateDate` datetime DEFAULT NULL,
  `UpdateTerminal` varchar(100) DEFAULT NULL,
  PRIMARY KEY (`ID`),
  KEY `pengiriman_createby` (`CreateBy`),
  KEY `pengiriman_updateby` (`UpdateBy`),
  CONSTRAINT `pengiriman_createby` FOREIGN KEY (`CreateBy`) REFERENCES `users` (`ID`) ON DELETE SET NULL ON UPDATE CASCADE,
  CONSTRAINT `pengiriman_updateby` FOREIGN KEY (`UpdateBy`) REFERENCES `users` (`ID`) ON DELETE SET NULL ON UPDATE CASCADE
) ENGINE=InnoDB DEFAULT CHARSET=latin1;

/*Data for the table `pengiriman` */

/*Table structure for table `pengiriman_koleksi` */

CREATE TABLE `pengiriman_koleksi` (
  `ID` int(11) NOT NULL AUTO_INCREMENT,
  `Collection_id` double DEFAULT NULL,
  `BIBID` varchar(50) DEFAULT NULL,
  `JUDUL` varchar(4000) DEFAULT NULL,
  `TAHUNTERBIT` varchar(20) DEFAULT NULL,
  `CALLNUMBER` varchar(255) DEFAULT NULL,
  `NOBARCODE` varchar(100) DEFAULT NULL,
  `NOINDUK` varchar(255) DEFAULT NULL,
  `QUANTITY` int(10) DEFAULT NULL,
  `TANGGALKIRIM` date DEFAULT NULL,
  `PengirimanID` int(11) DEFAULT NULL,
  `IsCheck` bit(1) NOT NULL DEFAULT b'0',
  `CreateBy` int(11) DEFAULT NULL,
  `CreateDate` datetime DEFAULT NULL,
  `CreateTerminal` varchar(50) DEFAULT NULL,
  `UpdateBy` int(11) DEFAULT NULL,
  `UpdateDate` datetime DEFAULT NULL,
  `UpdateTerminal` varchar(50) DEFAULT NULL,
  PRIMARY KEY (`ID`),
  KEY `pengirimankoleksi_createby` (`CreateBy`),
  KEY `pengirimankoleksi_updateby` (`UpdateBy`),
  KEY `pengiriman_cetak_id` (`PengirimanID`),
  KEY `pengirimankoleksi_collectionid` (`Collection_id`),
  CONSTRAINT `pengiriman_cetak_id` FOREIGN KEY (`PengirimanID`) REFERENCES `pengiriman` (`ID`) ON DELETE NO ACTION ON UPDATE CASCADE,
  CONSTRAINT `pengirimankoleksi_collectionid` FOREIGN KEY (`Collection_id`) REFERENCES `collections` (`ID`) ON DELETE SET NULL ON UPDATE CASCADE,
  CONSTRAINT `pengirimankoleksi_createby` FOREIGN KEY (`CreateBy`) REFERENCES `users` (`ID`) ON DELETE NO ACTION ON UPDATE CASCADE,
  CONSTRAINT `pengirimankoleksi_updateby` FOREIGN KEY (`UpdateBy`) REFERENCES `users` (`ID`) ON DELETE NO ACTION ON UPDATE CASCADE
) ENGINE=InnoDB DEFAULT CHARSET=latin1;

/*Data for the table `pengiriman_koleksi` */

/*Table structure for table `peraturan_peminjaman_hari` */

CREATE TABLE `peraturan_peminjaman_hari` (
  `ID` int(11) NOT NULL AUTO_INCREMENT,
  `DayIndex` int(11) DEFAULT '0',
  `CreateBy` int(11) DEFAULT NULL,
  `CreateDate` datetime DEFAULT NULL,
  `CreateTerminal` varchar(100) COLLATE latin1_general_ci DEFAULT NULL,
  `UpdateBy` int(11) DEFAULT NULL,
  `UpdateDate` datetime DEFAULT NULL,
  `UpdateTerminal` varchar(100) COLLATE latin1_general_ci DEFAULT NULL,
  `MaxPinjamKoleksi` int(11) DEFAULT '0',
  `MaxLoanDays` int(11) DEFAULT '0',
  `DendaType` varchar(45) COLLATE latin1_general_ci DEFAULT 'Konstan',
  `DendaTenorJumlah` double DEFAULT '0',
  `DendaTenorSatuan` varchar(45) COLLATE latin1_general_ci DEFAULT 'Hari',
  `DendaPerTenor` decimal(10,0) DEFAULT NULL,
  `DendaTenorMultiply` int(11) DEFAULT NULL,
  `SuspendMember` bit(1) DEFAULT b'0',
  `WarningLoanDueDay` int(11) DEFAULT '0',
  `SuspendType` varchar(45) COLLATE latin1_general_ci DEFAULT 'Konstan',
  `SuspendTenorJumlah` double DEFAULT '0',
  `SuspendTenorSatuan` varchar(45) COLLATE latin1_general_ci DEFAULT 'Hari',
  `DaySuspend` int(11) DEFAULT '0',
  `SuspendTenorMultiply` int(11) DEFAULT '1',
  `DayPerpanjang` int(11) DEFAULT '0',
  `CountPerpanjang` int(11) DEFAULT '0',
  PRIMARY KEY (`ID`),
  KEY `pp_hari_createby` (`CreateBy`),
  KEY `pp_hari_updateby` (`UpdateBy`),
  KEY `pp_hari_createdate` (`CreateDate`),
  KEY `pp_hari_updatedate` (`UpdateDate`),
  CONSTRAINT `pp_hari_createby` FOREIGN KEY (`CreateBy`) REFERENCES `users` (`ID`) ON DELETE SET NULL ON UPDATE CASCADE,
  CONSTRAINT `pp_hari_updateby` FOREIGN KEY (`UpdateBy`) REFERENCES `users` (`ID`) ON DELETE SET NULL ON UPDATE CASCADE
) ENGINE=InnoDB DEFAULT CHARSET=latin1 COLLATE=latin1_general_ci;

/*Data for the table `peraturan_peminjaman_hari` */

/*Table structure for table `peraturan_peminjaman_tanggal` */

CREATE TABLE `peraturan_peminjaman_tanggal` (
  `ID` int(11) NOT NULL AUTO_INCREMENT,
  `TanggalAwal` datetime DEFAULT NULL,
  `TanggalAkhir` datetime DEFAULT NULL,
  `CreateBy` int(11) DEFAULT NULL,
  `CreateDate` datetime DEFAULT NULL,
  `CreateTerminal` varchar(100) COLLATE latin1_general_ci DEFAULT NULL,
  `UpdateBy` int(11) DEFAULT NULL,
  `UpdateDate` datetime DEFAULT NULL,
  `UpdateTerminal` varchar(100) COLLATE latin1_general_ci DEFAULT NULL,
  `MaxPinjamKoleksi` int(11) DEFAULT '0',
  `MaxLoanDays` int(11) DEFAULT '0',
  `DendaType` varchar(45) COLLATE latin1_general_ci DEFAULT 'Konstan',
  `DendaTenorJumlah` double DEFAULT '0',
  `DendaTenorSatuan` varchar(45) COLLATE latin1_general_ci DEFAULT 'Hari',
  `DendaPerTenor` decimal(10,0) DEFAULT NULL,
  `DendaTenorMultiply` int(11) DEFAULT NULL,
  `SuspendMember` bit(1) DEFAULT b'0',
  `WarningLoanDueDay` int(11) DEFAULT '0',
  `SuspendType` varchar(45) COLLATE latin1_general_ci DEFAULT 'Konstan',
  `SuspendTenorJumlah` double DEFAULT '0',
  `SuspendTenorSatuan` varchar(45) COLLATE latin1_general_ci DEFAULT 'Hari',
  `DaySuspend` int(11) DEFAULT '0',
  `SuspendTenorMultiply` int(11) DEFAULT '1',
  `DayPerpanjang` int(11) DEFAULT '0',
  `CountPerpanjang` int(11) DEFAULT '0',
  PRIMARY KEY (`ID`),
  KEY `pp_tanggal_createby` (`CreateBy`),
  KEY `pp_tanggal_updateby` (`UpdateBy`),
  KEY `pp_tanggal_createdate` (`CreateDate`),
  KEY `pp_tanggal_updatedate` (`UpdateDate`),
  KEY `pp_tanggalawal` (`TanggalAwal`),
  KEY `pp_tanggalakhir` (`TanggalAkhir`),
  CONSTRAINT `pp_tanggal_createby` FOREIGN KEY (`CreateBy`) REFERENCES `users` (`ID`) ON DELETE SET NULL ON UPDATE CASCADE,
  CONSTRAINT `pp_tanggal_updateby` FOREIGN KEY (`UpdateBy`) REFERENCES `users` (`ID`) ON DELETE SET NULL ON UPDATE CASCADE
) ENGINE=InnoDB DEFAULT CHARSET=latin1 COLLATE=latin1_general_ci;

/*Data for the table `peraturan_peminjaman_tanggal` */

/*Table structure for table `phones` */

CREATE TABLE `phones` (
  `ID` text NOT NULL,
  `UpdatedInDB` timestamp NOT NULL DEFAULT CURRENT_TIMESTAMP ON UPDATE CURRENT_TIMESTAMP,
  `InsertIntoDB` timestamp NOT NULL DEFAULT '0000-00-00 00:00:00',
  `TimeOut` timestamp NOT NULL DEFAULT '0000-00-00 00:00:00',
  `Send` enum('yes','no') NOT NULL DEFAULT 'no',
  `Receive` enum('yes','no') NOT NULL DEFAULT 'no',
  `IMEI` varchar(35) NOT NULL,
  `Client` text NOT NULL,
  `Battery` int(11) NOT NULL DEFAULT '-1',
  `Signal` int(11) NOT NULL DEFAULT '-1',
  `Sent` int(11) NOT NULL DEFAULT '0',
  `Received` int(11) NOT NULL DEFAULT '0',
  PRIMARY KEY (`IMEI`)
) ENGINE=MyISAM DEFAULT CHARSET=utf8;

/*Data for the table `phones` */

/*Table structure for table `propinsi` */

CREATE TABLE `propinsi` (
  `ID` int(5) NOT NULL AUTO_INCREMENT,
  `NamaPropinsi` varchar(50) NOT NULL,
  `CreateBy` int(11) DEFAULT NULL,
  `CreateDate` datetime DEFAULT NULL,
  `CreateTerminal` varchar(100) DEFAULT NULL,
  `UpdateBy` int(11) DEFAULT NULL,
  `UpdateDate` datetime DEFAULT NULL,
  `UpdateTerminal` varchar(100) DEFAULT NULL,
  PRIMARY KEY (`ID`),
  KEY `propinsi_nama` (`NamaPropinsi`),
  KEY `propinsi_createby` (`CreateBy`),
  KEY `propinsi_updateby` (`UpdateBy`),
  CONSTRAINT `propinsi_createby` FOREIGN KEY (`CreateBy`) REFERENCES `users` (`ID`) ON DELETE SET NULL ON UPDATE CASCADE,
  CONSTRAINT `propinsi_updateby` FOREIGN KEY (`UpdateBy`) REFERENCES `users` (`ID`) ON DELETE SET NULL ON UPDATE CASCADE
) ENGINE=InnoDB AUTO_INCREMENT=34 DEFAULT CHARSET=latin1;

/*Data for the table `propinsi` */

insert  into `propinsi`(`ID`,`NamaPropinsi`,`CreateBy`,`CreateDate`,`CreateTerminal`,`UpdateBy`,`UpdateDate`,`UpdateTerminal`) values (1,'Aceh',NULL,'2013-03-17 19:16:00','SEVENTHSKY-PC',NULL,'2013-03-17 19:16:00','SEVENTHSKY-PC'),(2,'Sumatera Utara',NULL,'2013-03-17 19:16:00','SEVENTHSKY-PC',NULL,'2013-03-17 19:16:00','SEVENTHSKY-PC'),(3,'Bengkulu',NULL,'2013-03-17 19:16:00','SEVENTHSKY-PC',NULL,'2013-03-17 19:16:00','SEVENTHSKY-PC'),(4,'Jambi',NULL,'2013-03-17 19:16:00','SEVENTHSKY-PC',NULL,'2013-03-17 19:16:00','SEVENTHSKY-PC'),(5,'Riau',NULL,'2013-03-17 19:16:00','SEVENTHSKY-PC',NULL,'2013-03-17 19:16:00','SEVENTHSKY-PC'),(6,'Sumatera Barat',NULL,'2013-03-17 19:16:00','SEVENTHSKY-PC',NULL,'2013-03-17 19:16:00','SEVENTHSKY-PC'),(7,'Sumatera Selatan',NULL,'2013-03-17 19:16:00','SEVENTHSKY-PC',NULL,'2013-03-17 19:16:00','SEVENTHSKY-PC'),(8,'Lampung',NULL,'2013-03-17 19:16:00','SEVENTHSKY-PC',NULL,'2013-03-17 19:16:00','SEVENTHSKY-PC'),(9,'Kepulauan Bangka Belitung',NULL,'2013-03-17 19:16:00','SEVENTHSKY-PC',NULL,'2013-03-17 19:16:00','SEVENTHSKY-PC'),(10,'Kepulauan Riau',NULL,'2013-03-17 19:16:00','SEVENTHSKY-PC',NULL,'2013-03-17 19:16:00','SEVENTHSKY-PC'),(11,'Banten',NULL,'2013-03-17 19:16:00','SEVENTHSKY-PC',NULL,'2013-03-17 19:16:00','SEVENTHSKY-PC'),(12,'Jawa Barat',NULL,'2013-03-17 19:16:00','SEVENTHSKY-PC',NULL,'2013-03-17 19:16:00','SEVENTHSKY-PC'),(13,'DKI Jakarta',NULL,'2013-03-17 19:16:00','SEVENTHSKY-PC',NULL,'2013-03-17 19:16:00','SEVENTHSKY-PC'),(14,'Jawa Tengah',NULL,'2013-03-17 19:16:00','SEVENTHSKY-PC',NULL,'2013-03-17 19:16:00','SEVENTHSKY-PC'),(15,'Jawa Timur',NULL,'2013-03-17 19:16:00','SEVENTHSKY-PC',NULL,'2013-03-17 19:16:00','SEVENTHSKY-PC'),(16,'Daerah Istimewa Yogyakarta',NULL,'2013-03-17 19:16:00','SEVENTHSKY-PC',NULL,'2013-03-17 19:16:00','SEVENTHSKY-PC'),(17,'Bali',NULL,'2013-03-17 19:16:00','SEVENTHSKY-PC',NULL,'2013-03-17 19:16:00','SEVENTHSKY-PC'),(18,'Nusa Tenggara Barat',NULL,'2013-03-17 19:16:00','SEVENTHSKY-PC',NULL,'2013-03-17 19:16:00','SEVENTHSKY-PC'),(19,'Nusa Tenggara Timur',NULL,'2013-03-17 19:16:00','SEVENTHSKY-PC',NULL,'2013-03-17 19:16:00','SEVENTHSKY-PC'),(20,'Kalimantan Barat',NULL,'2013-03-17 19:16:00','SEVENTHSKY-PC',NULL,'2013-03-17 19:16:00','SEVENTHSKY-PC'),(21,'Kalimantan Selatan',NULL,'2013-03-17 19:16:00','SEVENTHSKY-PC',NULL,'2013-03-17 19:16:00','SEVENTHSKY-PC'),(22,'Kalimantan Tengah',NULL,'2013-03-17 19:16:00','SEVENTHSKY-PC',NULL,'2013-03-17 19:16:00','SEVENTHSKY-PC'),(23,'Kalimantan Timur',NULL,'2013-03-17 19:16:00','SEVENTHSKY-PC',NULL,'2013-03-17 19:16:00','SEVENTHSKY-PC'),(24,'Gorontalo',NULL,'2013-03-17 19:16:00','SEVENTHSKY-PC',NULL,'2013-03-17 19:16:00','SEVENTHSKY-PC'),(25,'Sulawesi Selatan',NULL,'2013-03-17 19:16:00','SEVENTHSKY-PC',NULL,'2013-03-17 19:16:00','SEVENTHSKY-PC'),(26,'Sulawesi Tenggara',NULL,'2013-03-17 19:16:00','SEVENTHSKY-PC',NULL,'2013-03-17 19:16:00','SEVENTHSKY-PC'),(27,'Sulawesi Tengah',NULL,'2013-03-17 19:16:00','SEVENTHSKY-PC',NULL,'2013-03-17 19:16:00','SEVENTHSKY-PC'),(28,'Sulawesi Utara',NULL,'2013-03-17 19:16:00','SEVENTHSKY-PC',NULL,'2013-03-17 19:16:00','SEVENTHSKY-PC'),(29,'Sulawesi Barat',NULL,'2013-03-17 19:16:00','SEVENTHSKY-PC',NULL,'2013-03-17 19:16:00','SEVENTHSKY-PC'),(30,'Maluku',NULL,'2013-03-17 19:16:00','SEVENTHSKY-PC',NULL,'2013-03-17 19:16:00','SEVENTHSKY-PC'),(31,'Maluku Utara',NULL,'2013-03-17 19:16:00','SEVENTHSKY-PC',NULL,'2013-03-17 19:16:00','SEVENTHSKY-PC'),(32,'Papua',NULL,'2013-03-17 19:16:00','SEVENTHSKY-PC',NULL,'2013-03-17 19:16:00','SEVENTHSKY-PC'),(33,'Papua Barat',NULL,'2013-03-17 19:16:00','SEVENTHSKY-PC',NULL,'2013-03-17 19:16:00','SEVENTHSKY-PC');

/*Table structure for table `publishers` */

CREATE TABLE `publishers` (
  `ID` int(11) NOT NULL AUTO_INCREMENT,
  `Name` varchar(255) NOT NULL,
  `CreateBy` int(11) DEFAULT NULL,
  `CreateDate` datetime DEFAULT NULL,
  `CreateTerminal` varchar(100) DEFAULT NULL,
  `UpdateBy` int(11) DEFAULT NULL,
  `UpdateDate` datetime DEFAULT NULL,
  `UpdateTerminal` varchar(100) DEFAULT NULL,
  PRIMARY KEY (`ID`),
  KEY `publishers_createby` (`CreateBy`),
  KEY `publishers_updateby` (`UpdateBy`),
  CONSTRAINT `publishers_createby` FOREIGN KEY (`CreateBy`) REFERENCES `users` (`ID`) ON DELETE SET NULL ON UPDATE CASCADE,
  CONSTRAINT `publishers_updateby` FOREIGN KEY (`UpdateBy`) REFERENCES `users` (`ID`) ON DELETE SET NULL ON UPDATE CASCADE
) ENGINE=InnoDB DEFAULT CHARSET=latin1;

/*Data for the table `publishers` */

/*Table structure for table `quarantined_auth_data` */

CREATE TABLE `quarantined_auth_data` (
  `ID` int(11) NOT NULL,
  `Auth_Header_ID` int(11) NOT NULL,
  `Tag` varchar(3) NOT NULL,
  `Indicator1` char(1) DEFAULT NULL,
  `Indicator2` char(1) DEFAULT NULL,
  `Value` text,
  `DataItem` text,
  `CreateBy` int(11) DEFAULT NULL,
  `CreateDate` datetime DEFAULT NULL,
  `CreateTerminal` varchar(100) DEFAULT NULL,
  `UpdateBy` int(11) DEFAULT NULL,
  `UpdateDate` datetime DEFAULT NULL,
  `UpdateTerminal` varchar(100) DEFAULT NULL,
  PRIMARY KEY (`ID`),
  KEY `quarantined_auth_data_auth_header` (`Auth_Header_ID`),
  KEY `quarantined_auth_data_ID` (`ID`),
  KEY `quarantined_auth_data_createby` (`CreateBy`),
  KEY `quarantined_auth_data_updateby` (`UpdateBy`),
  CONSTRAINT `quarantined_auth_data_auth_header` FOREIGN KEY (`Auth_Header_ID`) REFERENCES `quarantined_auth_header` (`ID`) ON DELETE CASCADE ON UPDATE CASCADE,
  CONSTRAINT `quarantined_auth_data_createby` FOREIGN KEY (`CreateBy`) REFERENCES `users` (`ID`) ON DELETE SET NULL ON UPDATE CASCADE,
  CONSTRAINT `quarantined_auth_data_updateby` FOREIGN KEY (`UpdateBy`) REFERENCES `users` (`ID`) ON DELETE SET NULL ON UPDATE CASCADE
) ENGINE=InnoDB DEFAULT CHARSET=latin1;

/*Data for the table `quarantined_auth_data` */

/*Table structure for table `quarantined_auth_header` */

CREATE TABLE `quarantined_auth_header` (
  `ID` int(11) NOT NULL,
  `Worksheet_id` int(11) DEFAULT NULL,
  `Auth_ID` varchar(20) DEFAULT NULL,
  `MARC_LOC` text,
  `ISTILAH_DIGUNAKAN` text,
  `ISTILAH_TDK_DIGUNAKAN` text,
  `ISTILAH_TERKAIT` text,
  `TANGGALPEMBAHASAN` varchar(45) DEFAULT NULL,
  `QUARANTINEDBY` int(11) DEFAULT NULL,
  `QUARANTINEDDATE` datetime DEFAULT NULL,
  `QUARANTINEDTERMINAL` varchar(100) DEFAULT NULL,
  `CreateBy` int(11) DEFAULT NULL,
  `CreateDate` datetime DEFAULT NULL,
  `CreateTerminal` varchar(100) DEFAULT NULL,
  `UpdateBy` int(11) DEFAULT NULL,
  `UpdateDate` datetime DEFAULT NULL,
  `UpdateTerminal` varchar(100) DEFAULT NULL,
  PRIMARY KEY (`ID`),
  KEY `quarantined_auth_header_ID` (`ID`),
  KEY `quarantined_auth_header_createby` (`CreateBy`),
  KEY `quarantined_auth_header_updateby` (`UpdateBy`),
  CONSTRAINT `quarantined_auth_header_createby` FOREIGN KEY (`CreateBy`) REFERENCES `users` (`ID`) ON DELETE SET NULL ON UPDATE CASCADE,
  CONSTRAINT `quarantined_auth_header_updateby` FOREIGN KEY (`UpdateBy`) REFERENCES `users` (`ID`) ON DELETE SET NULL ON UPDATE CASCADE
) ENGINE=InnoDB DEFAULT CHARSET=latin1;

/*Data for the table `quarantined_auth_header` */

/*Table structure for table `quarantined_catalog_ruas` */

CREATE TABLE `quarantined_catalog_ruas` (
  `ID` double NOT NULL,
  `CatalogId` double NOT NULL,
  `Tag` varchar(3) NOT NULL,
  `Indicator1` char(1) DEFAULT NULL,
  `Indicator2` char(1) DEFAULT NULL,
  `Value` text,
  `Sequence` int(10) DEFAULT '0',
  `CreateBy` int(11) DEFAULT NULL,
  `CreateDate` datetime DEFAULT NULL,
  `CreateTerminal` varchar(100) DEFAULT NULL,
  `UpdateBy` int(11) DEFAULT NULL,
  `UpdateDate` datetime DEFAULT NULL,
  `UpdateTerminal` varchar(100) DEFAULT NULL,
  PRIMARY KEY (`ID`),
  KEY `quarantined_catalog_ruas_catalogs` (`CatalogId`),
  KEY `quarantined_catalog_ruas_ID` (`ID`),
  KEY `quarantined_catalog_ruas_createby` (`CreateBy`),
  KEY `quarantined_catalog_ruas_updateby` (`UpdateBy`),
  CONSTRAINT `quarantined_catalog_ruas_catalogs` FOREIGN KEY (`CatalogId`) REFERENCES `quarantined_catalogs` (`ID`) ON DELETE CASCADE ON UPDATE CASCADE,
  CONSTRAINT `quarantined_catalog_ruas_createby` FOREIGN KEY (`CreateBy`) REFERENCES `users` (`ID`) ON DELETE SET NULL ON UPDATE CASCADE,
  CONSTRAINT `quarantined_catalog_ruas_updateby` FOREIGN KEY (`UpdateBy`) REFERENCES `users` (`ID`) ON DELETE SET NULL ON UPDATE CASCADE
) ENGINE=InnoDB DEFAULT CHARSET=latin1;

/*Data for the table `quarantined_catalog_ruas` */

/*Table structure for table `quarantined_catalog_subruas` */

CREATE TABLE `quarantined_catalog_subruas` (
  `ID` double NOT NULL,
  `RuasID` double NOT NULL,
  `SubRuas` varchar(10) DEFAULT NULL,
  `Value` text,
  `Sequence` int(11) NOT NULL DEFAULT '0',
  `CreateBy` int(11) DEFAULT NULL,
  `CreateDate` datetime DEFAULT NULL,
  `CreateTerminal` varchar(100) DEFAULT NULL,
  `UpdateBy` int(11) DEFAULT NULL,
  `UpdateDate` datetime DEFAULT NULL,
  `UpdateTerminal` varchar(100) DEFAULT NULL,
  PRIMARY KEY (`ID`),
  KEY `quarantined_catalog_subruas_ruas` (`RuasID`),
  KEY `quarantined_catalog_subruas_createby` (`CreateBy`),
  KEY `quarantined_catalog_subruas_updateby` (`UpdateBy`),
  CONSTRAINT `quarantined_catalog_subruas_createby` FOREIGN KEY (`CreateBy`) REFERENCES `users` (`ID`) ON DELETE SET NULL ON UPDATE CASCADE,
  CONSTRAINT `quarantined_catalog_subruas_ruas` FOREIGN KEY (`RuasID`) REFERENCES `quarantined_catalog_ruas` (`ID`) ON DELETE CASCADE ON UPDATE CASCADE,
  CONSTRAINT `quarantined_catalog_subruas_updateby` FOREIGN KEY (`UpdateBy`) REFERENCES `users` (`ID`) ON DELETE SET NULL ON UPDATE CASCADE
) ENGINE=InnoDB DEFAULT CHARSET=latin1;

/*Data for the table `quarantined_catalog_subruas` */

/*Table structure for table `quarantined_catalogs` */

CREATE TABLE `quarantined_catalogs` (
  `ID` double NOT NULL,
  `ControlNumber` varchar(50) NOT NULL,
  `BIBID` varchar(50) NOT NULL,
  `Title` varchar(700) NOT NULL,
  `Author` varchar(700) DEFAULT NULL,
  `Edition` varchar(255) DEFAULT NULL,
  `Publisher` varchar(255) DEFAULT NULL,
  `PublishLocation` varchar(255) DEFAULT NULL,
  `PublishYear` varchar(255) DEFAULT NULL,
  `Publikasi` varchar(700) DEFAULT NULL,
  `Subject` varchar(700) DEFAULT NULL,
  `PhysicalDescription` varchar(255) DEFAULT NULL,
  `ISBN` varchar(700) DEFAULT NULL,
  `CallNumber` varchar(700) DEFAULT NULL,
  `Note` text,
  `Languages` varchar(255) DEFAULT NULL,
  `DeweyNo` varchar(255) DEFAULT NULL,
  `ApproveDateOPAC` datetime DEFAULT NULL,
  `IsOPAC` tinyint(4) DEFAULT '0',
  `IsBNI` bit(1) DEFAULT b'0',
  `IsKIN` bit(1) DEFAULT b'0',
  `IsRDA` bit(1) DEFAULT b'0',
  `CoverURL` varchar(255) DEFAULT NULL,
  `Branch_id` int(11) DEFAULT NULL,
  `Worksheet_id` int(11) NOT NULL,
  `CreateBy` int(11) DEFAULT NULL,
  `CreateDate` datetime DEFAULT NULL,
  `CreateTerminal` varchar(100) DEFAULT NULL,
  `UpdateBy` int(11) DEFAULT NULL,
  `UpdateDate` datetime DEFAULT NULL,
  `UpdateTerminal` varchar(100) DEFAULT NULL,
  `MARC_LOC` text,
  `PRESERVASI_ID` varchar(20) DEFAULT NULL,
  `QUARANTINEDBY` int(11) DEFAULT NULL,
  `QUARANTINEDDATE` datetime DEFAULT NULL,
  `QUARANTINEDTERMINAL` varchar(100) DEFAULT NULL,
  `Member_id` double DEFAULT NULL,
  `KIILastUploadDate` datetime DEFAULT NULL,
  PRIMARY KEY (`ID`),
  KEY `quarantined_catalogs_ID` (`ID`),
  KEY `quarantined_catalogs_createby` (`CreateBy`),
  KEY `quarantined_catalogs_updateby` (`UpdateBy`),
  KEY `quarantined_catalogs_member_idx` (`Member_id`),
  KEY `quarantined_catalogs_qby_idx` (`QUARANTINEDBY`),
  CONSTRAINT `quarantined_catalogs_createby` FOREIGN KEY (`CreateBy`) REFERENCES `users` (`ID`) ON DELETE SET NULL ON UPDATE CASCADE,
  CONSTRAINT `quarantined_catalogs_member` FOREIGN KEY (`Member_id`) REFERENCES `members` (`ID`) ON DELETE SET NULL ON UPDATE CASCADE,
  CONSTRAINT `quarantined_catalogs_qby` FOREIGN KEY (`QUARANTINEDBY`) REFERENCES `users` (`ID`) ON DELETE SET NULL ON UPDATE CASCADE,
  CONSTRAINT `quarantined_catalogs_updateby` FOREIGN KEY (`UpdateBy`) REFERENCES `users` (`ID`) ON DELETE SET NULL ON UPDATE CASCADE
) ENGINE=InnoDB DEFAULT CHARSET=latin1;

/*Data for the table `quarantined_catalogs` */

/*Table structure for table `quarantined_collections` */

CREATE TABLE `quarantined_collections` (
  `ID` double NOT NULL,
  `NomorBarcode` varchar(50) DEFAULT NULL,
  `NoInduk` varchar(50) DEFAULT NULL,
  `Currency` varchar(30) DEFAULT NULL,
  `RFID` varchar(50) DEFAULT NULL,
  `Price` decimal(10,0) DEFAULT NULL,
  `PriceType` varchar(45) DEFAULT NULL,
  `TanggalPengadaan` datetime DEFAULT NULL,
  `CallNumber` varchar(255) DEFAULT NULL,
  `Branch_id` int(11) DEFAULT NULL,
  `Catalog_id` double DEFAULT NULL,
  `Partner_id` int(11) DEFAULT NULL,
  `Location_id` int(11) DEFAULT NULL,
  `Rule_id` int(11) DEFAULT NULL,
  `Category_id` int(11) DEFAULT NULL,
  `Media_id` int(11) DEFAULT NULL,
  `Source_id` int(11) DEFAULT NULL,
  `Status_id` int(11) DEFAULT '9',
  `Location_Library_id` int(11) DEFAULT NULL,
  `Keterangan_Sumber` varchar(255) DEFAULT NULL,
  `CreateBy` int(11) DEFAULT NULL,
  `CreateDate` datetime DEFAULT NULL,
  `CreateTerminal` varchar(100) DEFAULT NULL,
  `UpdateBy` int(11) DEFAULT NULL,
  `UpdateDate` datetime DEFAULT NULL,
  `UpdateTerminal` varchar(100) DEFAULT NULL,
  `IsVerified` bit(1) DEFAULT b'0',
  `QUARANTINEDBY` int(11) DEFAULT NULL,
  `QUARANTINEDDATE` date DEFAULT NULL,
  `QUARANTINEDTERMINAL` varchar(100) DEFAULT NULL,
  `ISREFERENSI` bit(1) DEFAULT b'0',
  `EDISISERIAL` varchar(255) DEFAULT NULL,
  `NOJILID` int(11) DEFAULT NULL,
  `TANGGAL_TERBIT_EDISI_SERIAL` date DEFAULT NULL,
  `BAHAN_SERTAAN` varchar(255) DEFAULT NULL,
  `KETERANGAN_LAIN` varchar(255) DEFAULT NULL,
  `TGLENTRYJILID` date DEFAULT NULL,
  `IDJILID` varchar(20) DEFAULT NULL,
  `NOMORPANGGILJILID` varchar(100) DEFAULT NULL,
  `ISOPAC` tinyint(4) DEFAULT '1',
  `JILIDCREATEBY` int(11) DEFAULT NULL,
  `KIILastUploadDate` datetime DEFAULT NULL,
  `BookingMemberID` varchar(50) DEFAULT NULL,
  `BookingExpiredDate` date DEFAULT NULL,
  `IsDeposit` int(1) DEFAULT NULL,
  `NomorDeposit` varchar(21) DEFAULT NULL,
  `ThnTerbitDeposit` int(11) DEFAULT NULL,
  `deposit_ws_ID` int(11) DEFAULT NULL,
  `deposit_kode_wilayah_ID` int(11) DEFAULT NULL,
  `Nomor_Regis` varchar(11) DEFAULT NULL,
  PRIMARY KEY (`ID`),
  KEY `quarantined_collections_ID` (`ID`),
  KEY `quarantined_collections_createby` (`CreateBy`),
  KEY `quarantined_collections_updateby` (`UpdateBy`),
  KEY `quarantined_collections_qby_idx` (`QUARANTINEDBY`),
  CONSTRAINT `quarantined_collections_createby` FOREIGN KEY (`CreateBy`) REFERENCES `users` (`ID`) ON DELETE SET NULL ON UPDATE CASCADE,
  CONSTRAINT `quarantined_collections_qby` FOREIGN KEY (`QUARANTINEDBY`) REFERENCES `users` (`ID`) ON DELETE SET NULL ON UPDATE CASCADE,
  CONSTRAINT `quarantined_collections_updateby` FOREIGN KEY (`UpdateBy`) REFERENCES `users` (`ID`) ON DELETE SET NULL ON UPDATE CASCADE
) ENGINE=InnoDB DEFAULT CHARSET=latin1;

/*Data for the table `quarantined_collections` */

/*Table structure for table `quarantined_pengiriman` */

CREATE TABLE `quarantined_pengiriman` (
  `ID` int(11) unsigned NOT NULL,
  `TanggalKirim` date NOT NULL,
  `Collection_ID` double NOT NULL,
  `CreateBy` int(11) DEFAULT NULL,
  `CreateDate` datetime DEFAULT NULL,
  `CreateTerminal` varchar(100) DEFAULT NULL,
  `UpdateBy` int(11) DEFAULT NULL,
  `UpdateDate` datetime DEFAULT NULL,
  `UpdateTerminal` varchar(100) DEFAULT NULL,
  PRIMARY KEY (`ID`),
  KEY `quarantined_pengiriman_ID` (`ID`),
  KEY `quarantined_pengiriman_createby` (`CreateBy`),
  KEY `quarantined_pengiriman_updateby` (`UpdateBy`),
  CONSTRAINT `quarantined_pengiriman_createby` FOREIGN KEY (`CreateBy`) REFERENCES `users` (`ID`) ON DELETE SET NULL ON UPDATE CASCADE,
  CONSTRAINT `quarantined_pengiriman_updateby` FOREIGN KEY (`UpdateBy`) REFERENCES `users` (`ID`) ON DELETE SET NULL ON UPDATE CASCADE
) ENGINE=InnoDB DEFAULT CHARSET=latin1;

/*Data for the table `quarantined_pengiriman` */

/*Table structure for table `readinlocation` */

CREATE TABLE `readinlocation` (
  `ID` double NOT NULL AUTO_INCREMENT,
  `MemberNo` varchar(50) DEFAULT NULL,
  `Nama` varchar(100) NOT NULL,
  `Status` varchar(50) DEFAULT NULL,
  `Profesi` varchar(50) DEFAULT NULL,
  `Pendidikan` varchar(50) DEFAULT NULL,
  `JenisKelamin` varchar(50) DEFAULT NULL,
  `Alamat` varchar(255) DEFAULT NULL,
  `TypeIdCard` varchar(50) DEFAULT NULL,
  `NoIdCard` varchar(50) DEFAULT NULL,
  `NoBarcode` varchar(50) DEFAULT NULL,
  `Title` text NOT NULL,
  `Author` text,
  `Publisher` varchar(255) DEFAULT NULL,
  `ControlNumber` varchar(50) DEFAULT NULL,
  `LocationId` int(11) NOT NULL,
  `CreateBy` int(11) DEFAULT NULL,
  `CreateDate` datetime DEFAULT NULL,
  `CreateTerminal` varchar(100) DEFAULT NULL,
  `UpdateBy` int(11) DEFAULT NULL,
  `UpdateDate` datetime DEFAULT NULL,
  `UpdateTerminal` varchar(100) DEFAULT NULL,
  PRIMARY KEY (`ID`),
  KEY `readinlocation_location` (`LocationId`),
  KEY `readinlocation_createby` (`CreateBy`),
  KEY `readinlocation_updateby` (`UpdateBy`),
  CONSTRAINT `readinlocation_createby` FOREIGN KEY (`CreateBy`) REFERENCES `users` (`ID`) ON DELETE SET NULL ON UPDATE CASCADE,
  CONSTRAINT `readinlocation_location` FOREIGN KEY (`LocationId`) REFERENCES `locations` (`ID`) ON UPDATE CASCADE,
  CONSTRAINT `readinlocation_updateby` FOREIGN KEY (`UpdateBy`) REFERENCES `users` (`ID`) ON DELETE SET NULL ON UPDATE CASCADE
) ENGINE=InnoDB DEFAULT CHARSET=utf8;

/*Data for the table `readinlocation` */

/*Table structure for table `refferenceitems` */

CREATE TABLE `refferenceitems` (
  `RefferenceItemsID` int(11) NOT NULL AUTO_INCREMENT,
  `Refference_id` int(11) NOT NULL,
  `Code` varchar(10) DEFAULT NULL,
  `Name` varchar(255) DEFAULT NULL,
  `CreateBy` int(11) DEFAULT NULL,
  `CreateDate` datetime DEFAULT NULL,
  `CreateTerminal` varchar(100) DEFAULT NULL,
  `UpdateBy` int(11) DEFAULT NULL,
  `UpdateDate` datetime DEFAULT NULL,
  `UpdateTerminal` varchar(100) DEFAULT NULL,
  PRIMARY KEY (`RefferenceItemsID`),
  KEY `Refference_id` (`Refference_id`),
  KEY `refferenceitems_code` (`Code`),
  KEY `refferenceitems_createby` (`CreateBy`),
  KEY `refferenceitems_updateby` (`UpdateBy`),
  CONSTRAINT `FKFCF3C0CBEACE6BC0` FOREIGN KEY (`Refference_id`) REFERENCES `refferences` (`ID`) ON DELETE CASCADE ON UPDATE CASCADE,
  CONSTRAINT `refferenceitems_createby` FOREIGN KEY (`CreateBy`) REFERENCES `users` (`ID`) ON DELETE SET NULL ON UPDATE CASCADE,
  CONSTRAINT `refferenceitems_updateby` FOREIGN KEY (`UpdateBy`) REFERENCES `users` (`ID`) ON DELETE SET NULL ON UPDATE CASCADE
) ENGINE=InnoDB AUTO_INCREMENT=1421 DEFAULT CHARSET=latin1;

/*Data for the table `refferenceitems` */

insert  into `refferenceitems`(`RefferenceItemsID`,`Refference_id`,`Code`,`Name`,`CreateBy`,`CreateDate`,`CreateTerminal`,`UpdateBy`,`UpdateDate`,`UpdateTerminal`) values (1,5,'###','Tidak tersedia',NULL,NULL,NULL,NULL,NULL,NULL),(2,5,'ara','Arab',NULL,NULL,NULL,NULL,NULL,NULL),(3,5,'chi','Cina',NULL,NULL,NULL,NULL,NULL,NULL),(4,5,'dut','Belanda',NULL,NULL,NULL,NULL,NULL,NULL),(5,5,'eng','Inggris',NULL,NULL,NULL,NULL,NULL,NULL),(6,5,'fre','Perancis',NULL,NULL,NULL,NULL,NULL,NULL),(7,5,'ger','Jerman',NULL,NULL,NULL,NULL,NULL,NULL),(8,5,'ind','Indonesia',NULL,NULL,NULL,NULL,NULL,NULL),(9,5,'jpn','Jepang',NULL,NULL,NULL,NULL,NULL,NULL),(10,5,'may','Melayu',NULL,NULL,NULL,NULL,NULL,NULL),(11,5,'per','Persian (Iran)',NULL,NULL,NULL,NULL,NULL,NULL),(12,5,'rsa','Rusia',NULL,NULL,NULL,NULL,NULL,NULL),(13,5,'spa','Spanyol',NULL,NULL,NULL,NULL,NULL,NULL),(14,5,'|','Tidak ada kode yang sesuai',NULL,NULL,NULL,NULL,NULL,NULL),(15,7,'xx#','Tidak ada tempat, tidak diketahui, tidak ditentukan',NULL,NULL,NULL,NULL,NULL,NULL),(16,7,'vp#','Tempat bervariasi',NULL,NULL,NULL,NULL,NULL,NULL),(17,8,'0','Tidak ada indeks',NULL,NULL,NULL,NULL,NULL,NULL),(18,8,'1','Ada Indeks',NULL,NULL,NULL,NULL,NULL,NULL),(19,8,'|','Tidak ada kode yang sesuai',NULL,NULL,NULL,NULL,NULL,NULL),(20,10,'0','Bukan feskrif',NULL,NULL,NULL,NULL,NULL,NULL),(21,10,'1','Feskrif',NULL,NULL,NULL,NULL,NULL,NULL),(22,10,'|','Tidak ada kode yang sesuai',NULL,NULL,NULL,NULL,NULL,NULL),(23,13,'m','Berbagai bentuk fisik',NULL,NULL,NULL,NULL,NULL,NULL),(24,13,'u','Tidak spesifik',NULL,NULL,NULL,NULL,NULL,NULL),(25,13,'z','Lainnya',NULL,NULL,NULL,NULL,NULL,NULL),(26,13,'|','Tidak ada kode yang sesuai',NULL,NULL,NULL,NULL,NULL,NULL),(27,14,'#','Tanpa illustrasi',NULL,NULL,NULL,NULL,NULL,NULL),(28,14,'a','Terdapat illustrasi',NULL,NULL,NULL,NULL,NULL,NULL),(29,14,'b','Peta',NULL,NULL,NULL,NULL,NULL,NULL),(30,14,'c','Potret diri, potret bersama, atau gambar wajah orang',NULL,NULL,NULL,NULL,NULL,NULL),(31,14,'d','Diagram',NULL,NULL,NULL,NULL,NULL,NULL),(32,14,'e','Rancangan, denah',NULL,NULL,NULL,NULL,NULL,NULL),(33,14,'f','Plat foto, plat gambar',NULL,NULL,NULL,NULL,NULL,NULL),(34,14,'g','Musik',NULL,NULL,NULL,NULL,NULL,NULL),(35,14,'h','Faksimili',NULL,NULL,NULL,NULL,NULL,NULL),(36,14,'i','Bintang jasa, tanda jasa, sarung senjata',NULL,NULL,NULL,NULL,NULL,NULL),(37,14,'j','Table silsilah',NULL,NULL,NULL,NULL,NULL,NULL),(38,14,'k','Formulir',NULL,NULL,NULL,NULL,NULL,NULL),(39,14,'l','Contoh barang/sampel',NULL,NULL,NULL,NULL,NULL,NULL),(40,14,'m','Rekaman Suara',NULL,NULL,NULL,NULL,NULL,NULL),(41,14,'o','Foto',NULL,NULL,NULL,NULL,NULL,NULL),(42,14,'p','Iluminasi',NULL,NULL,NULL,NULL,NULL,NULL),(43,14,'|','Tidak ada kode yang sesuai',NULL,NULL,NULL,NULL,NULL,NULL),(44,15,'#','Isi karya tidak terinci',NULL,NULL,NULL,NULL,NULL,NULL),(45,15,'a','Abstrak',NULL,NULL,NULL,NULL,NULL,NULL),(46,15,'b','Bibliografi',NULL,NULL,NULL,NULL,NULL,NULL),(47,15,'c','Katalog',NULL,NULL,NULL,NULL,NULL,NULL),(48,15,'d','Kamus (termasuk daftar istilah)',NULL,NULL,NULL,NULL,NULL,NULL),(49,15,'e','Ensiklopedi',NULL,NULL,NULL,NULL,NULL,NULL),(50,15,'f','Buku pedoman',NULL,NULL,NULL,NULL,NULL,NULL),(51,15,'g','Dokumen hukum',NULL,NULL,NULL,NULL,NULL,NULL),(52,15,'i','Indeks',NULL,NULL,NULL,NULL,NULL,NULL),(53,15,'j','Dokumen paten',NULL,NULL,NULL,NULL,NULL,NULL),(54,15,'k','Diskografi (atau bibliografi lain tentang musik terekam)',NULL,NULL,NULL,NULL,NULL,NULL),(55,15,'l','Undang-undang dan peraturan',NULL,NULL,NULL,NULL,NULL,NULL),(56,15,'m','Tesis',NULL,NULL,NULL,NULL,NULL,NULL),(57,15,'n','Survei literatur berdasarkan subjek',NULL,NULL,NULL,NULL,NULL,NULL),(58,15,'o','Resensi buku',NULL,NULL,NULL,NULL,NULL,NULL),(59,15,'p','Teks terprogram',NULL,NULL,NULL,NULL,NULL,NULL),(60,15,'q','Filmografi',NULL,NULL,NULL,NULL,NULL,NULL),(61,15,'r','Direktori',NULL,NULL,NULL,NULL,NULL,NULL),(62,15,'s','Statistik',NULL,NULL,NULL,NULL,NULL,NULL),(63,15,'t','Laporan teknis',NULL,NULL,NULL,NULL,NULL,NULL),(64,15,'u','Standar/spesifikasi',NULL,NULL,NULL,NULL,NULL,NULL),(65,15,'v','Kasus hukum/catatan kasus hukum',NULL,NULL,NULL,NULL,NULL,NULL),(66,15,'w','Laporan dan majalah hukum',NULL,NULL,NULL,NULL,NULL,NULL),(67,15,'y','Buku tahunan, terbitan tahunan',NULL,NULL,NULL,NULL,NULL,NULL),(68,15,'z','Akta perjanjian, nota kesepahaman, dsb',NULL,NULL,NULL,NULL,NULL,NULL),(69,15,'2','Offprints',NULL,NULL,NULL,NULL,NULL,NULL),(70,15,'5','Kalender',NULL,NULL,NULL,NULL,NULL,NULL),(71,15,'6','Komik/novel bergambar',NULL,NULL,NULL,NULL,NULL,NULL),(72,15,'|','Tidak ada kode yang sesuai',NULL,NULL,NULL,NULL,NULL,NULL),(73,17,'0','Bukan fiksi atau tidak didefinisikan',NULL,NULL,NULL,NULL,NULL,NULL),(74,17,'1','Fiksi (tidak dijelaskan secara khusus)',NULL,NULL,NULL,NULL,NULL,NULL),(75,17,'d','Drama',NULL,NULL,NULL,NULL,NULL,NULL),(76,17,'e','Esai',NULL,NULL,NULL,NULL,NULL,NULL),(77,17,'f','Novel',NULL,NULL,NULL,NULL,NULL,NULL),(78,17,'h','Karya humor, satir, atau bentuk sastra serupa',NULL,NULL,NULL,NULL,NULL,NULL),(79,17,'i','Surat atau kumpulan surat',NULL,NULL,NULL,NULL,NULL,NULL),(80,17,'j','Cerita pendek',NULL,NULL,NULL,NULL,NULL,NULL),(81,17,'m','Bentuk campuran',NULL,NULL,NULL,NULL,NULL,NULL),(82,17,'p','Puisi',NULL,NULL,NULL,NULL,NULL,NULL),(83,17,'s','Pidato',NULL,NULL,NULL,NULL,NULL,NULL),(84,17,'u','Tidak diketahui',NULL,NULL,NULL,NULL,NULL,NULL),(85,17,'|','Tidak ada kode yang sesuai',NULL,NULL,NULL,NULL,NULL,NULL),(86,18,'#','Bukan biografi',NULL,NULL,NULL,NULL,NULL,NULL),(87,18,'a','Otobiografi',NULL,NULL,NULL,NULL,NULL,NULL),(88,18,'b','Biografi perorangan',NULL,NULL,NULL,NULL,NULL,NULL),(89,18,'c','Kumpulan biografi',NULL,NULL,NULL,NULL,NULL,NULL),(90,18,'d','Memuat informasi biografi',NULL,NULL,NULL,NULL,NULL,NULL),(91,18,'|','Tidak ada kode yang sesuai',NULL,NULL,NULL,NULL,NULL,NULL),(92,21,'a','Kartrij pita',NULL,NULL,NULL,NULL,NULL,NULL),(93,21,'b','Kartrij keping (chip cartridge)',NULL,NULL,NULL,NULL,NULL,NULL),(94,21,'c','Kartrij cakram optik komputer (computer optical disc cartridge)',NULL,NULL,NULL,NULL,NULL,NULL),(95,21,'d','Cakram komputer, jenis tidak spesifik',NULL,NULL,NULL,NULL,NULL,NULL),(96,21,'e','Kartrij cakram komputer, jenis tidak spesifik',NULL,NULL,NULL,NULL,NULL,NULL),(97,21,'f','Pita kaset',NULL,NULL,NULL,NULL,NULL,NULL),(98,21,'h','Kaset ril (reel cassette)',NULL,NULL,NULL,NULL,NULL,NULL),(99,21,'j','Cakram magnetik (magnetic disc)',NULL,NULL,NULL,NULL,NULL,NULL),(100,21,'m','Cakram magnetik optik (magneto-optical disc)',NULL,NULL,NULL,NULL,NULL,NULL),(101,21,'o','Cakram optik (optical disc)',NULL,NULL,NULL,NULL,NULL,NULL),(102,21,'r','Jarak jauh',NULL,NULL,NULL,NULL,NULL,NULL),(103,21,'u','Tidak spesifik',NULL,NULL,NULL,NULL,NULL,NULL),(104,21,'z','Lainnya',NULL,NULL,NULL,NULL,NULL,NULL),(105,21,'|','Tidak ada kode yang sesuai',NULL,NULL,NULL,NULL,NULL,NULL),(106,22,'a','Satu warna',NULL,NULL,NULL,NULL,NULL,NULL),(107,22,'b','Hitam putih',NULL,NULL,NULL,NULL,NULL,NULL),(108,22,'c','Banyak warna',NULL,NULL,NULL,NULL,NULL,NULL),(109,22,'g','Abu-abu',NULL,NULL,NULL,NULL,NULL,NULL),(110,22,'m','Campuran',NULL,NULL,NULL,NULL,NULL,NULL),(111,22,'n','Tidak dapat diterapkan',NULL,NULL,NULL,NULL,NULL,NULL),(112,22,'u','Tidak spesifik',NULL,NULL,NULL,NULL,NULL,NULL),(113,22,'z','Lainnya',NULL,NULL,NULL,NULL,NULL,NULL),(114,22,'|','Tidak ada kode yang sesuai',NULL,NULL,NULL,NULL,NULL,NULL),(115,23,'a','3 ½ inci',NULL,NULL,NULL,NULL,NULL,NULL),(116,23,'e','12 inci',NULL,NULL,NULL,NULL,NULL,NULL),(117,23,'g','4 ¾ inci atau 12 cm',NULL,NULL,NULL,NULL,NULL,NULL),(118,23,'j','1 1/8 x 2 3/8 inci',NULL,NULL,NULL,NULL,NULL,NULL),(119,23,'n','Tidak dapat diterapkan',NULL,NULL,NULL,NULL,NULL,NULL),(120,23,'o','5 ¼ inci',NULL,NULL,NULL,NULL,NULL,NULL),(121,23,'u','Tidak diketahui',NULL,NULL,NULL,NULL,NULL,NULL),(122,23,'v','8 inci',NULL,NULL,NULL,NULL,NULL,NULL),(123,23,'z','Lainnya',NULL,NULL,NULL,NULL,NULL,NULL),(124,23,'|','Tidak ada kode yang sesuai',NULL,NULL,NULL,NULL,NULL,NULL),(125,24,'#','Tanpa suara',NULL,NULL,NULL,NULL,NULL,NULL),(126,24,'a','Suara sedang',NULL,NULL,NULL,NULL,NULL,NULL),(127,24,'u','Tidak diketahui',NULL,NULL,NULL,NULL,NULL,NULL),(128,24,'|','Tidak ada kode yang sesuai',NULL,NULL,NULL,NULL,NULL,NULL),(129,25,'001-999','Kedalaman bit',NULL,NULL,NULL,NULL,NULL,NULL),(130,25,'mmm','Kedalaman bit',NULL,NULL,NULL,NULL,NULL,NULL),(131,25,'nnn','Multiple',NULL,NULL,NULL,NULL,NULL,NULL),(132,25,'|||','Tidak ada kode yang sesuai',NULL,NULL,NULL,NULL,NULL,NULL),(133,26,'a','Satu format berkas',NULL,NULL,NULL,NULL,NULL,NULL),(134,26,'m','Multiple format berkas',NULL,NULL,NULL,NULL,NULL,NULL),(135,26,'u','Tidak diketahui',NULL,NULL,NULL,NULL,NULL,NULL),(136,26,'|','Tidak ada kode yang sesuai',NULL,NULL,NULL,NULL,NULL,NULL),(137,27,'a','Tidak ada penetapan',NULL,NULL,NULL,NULL,NULL,NULL),(138,27,'n','Tidak dapat diterapkan',NULL,NULL,NULL,NULL,NULL,NULL),(139,27,'p','Ada penetapan',NULL,NULL,NULL,NULL,NULL,NULL),(140,27,'u','Tidak diketahui',NULL,NULL,NULL,NULL,NULL,NULL),(141,27,'|','Tidak ada kode yang sesuai',NULL,NULL,NULL,NULL,NULL,NULL),(142,28,'a','Berkas merupakan hasil reproduksi dari aslinya',NULL,NULL,NULL,NULL,NULL,NULL),(143,28,'b','Berkas merupakan hasil reproduksi dari bentuk mikro',NULL,NULL,NULL,NULL,NULL,NULL),(144,28,'c','Berkas merupakan hasil reproduksi dari sumber daya elektronik',NULL,NULL,NULL,NULL,NULL,NULL),(145,28,'d','Berkas merupakan hasil reproduksi dari bentuk antara (intermediate)',NULL,NULL,NULL,NULL,NULL,NULL),(146,28,'m','Campuran',NULL,NULL,NULL,NULL,NULL,NULL),(147,28,'n','Tidak dapat diterapkan',NULL,NULL,NULL,NULL,NULL,NULL),(148,28,'u','Tidak diketahui',NULL,NULL,NULL,NULL,NULL,NULL),(149,28,'|','Tidak ada kode yang sesuai',NULL,NULL,NULL,NULL,NULL,NULL),(150,29,'a','Tidak dimampatkan',NULL,NULL,NULL,NULL,NULL,NULL),(151,29,'b','Tidak ada yang hilang',NULL,NULL,NULL,NULL,NULL,NULL),(152,29,'d','Kemungkinan ada yang hilang',NULL,NULL,NULL,NULL,NULL,NULL),(153,29,'m','Campuran',NULL,NULL,NULL,NULL,NULL,NULL),(154,29,'u','Tidak diketahui',NULL,NULL,NULL,NULL,NULL,NULL),(155,29,'|','Tidak ada kode yang sesuai',NULL,NULL,NULL,NULL,NULL,NULL),(156,30,'a','Akses',NULL,NULL,NULL,NULL,NULL,NULL),(157,30,'n','Tidak dapat diterapkan',NULL,NULL,NULL,NULL,NULL,NULL),(158,30,'p','Pelestarian',NULL,NULL,NULL,NULL,NULL,NULL),(159,30,'r','Pengganti',NULL,NULL,NULL,NULL,NULL,NULL),(160,30,'u','Tidak diketahui',NULL,NULL,NULL,NULL,NULL,NULL),(161,30,'|','Tidak ada kode yang sesuai',NULL,NULL,NULL,NULL,NULL,NULL),(162,31,'#','Tidak diketahui atau tidak ditentukan',NULL,NULL,NULL,NULL,NULL,NULL),(163,31,'o','Sambungan jaringan = Online',NULL,NULL,NULL,NULL,NULL,NULL),(164,31,'q','Direct electronic',NULL,NULL,NULL,NULL,NULL,NULL),(165,31,'|','Tidak ada kode yang sesuai',NULL,NULL,NULL,NULL,NULL,NULL),(166,32,'#','Tidak tersedia',NULL,NULL,NULL,NULL,NULL,NULL),(167,32,'a','Data numerik',NULL,NULL,NULL,NULL,NULL,NULL),(168,32,'b','Program komputer',NULL,NULL,NULL,NULL,NULL,NULL),(169,32,'c','Representasi',NULL,NULL,NULL,NULL,NULL,NULL),(170,32,'d','Dokumen',NULL,NULL,NULL,NULL,NULL,NULL),(171,32,'e','Data bibliografis',NULL,NULL,NULL,NULL,NULL,NULL),(172,32,'f','Jenis huruf',NULL,NULL,NULL,NULL,NULL,NULL),(173,32,'g','Permainan',NULL,NULL,NULL,NULL,NULL,NULL),(174,32,'h','Suara',NULL,NULL,NULL,NULL,NULL,NULL),(175,32,'i','Multimedia interaktif',NULL,NULL,NULL,NULL,NULL,NULL),(176,32,'j','Sistem atau layanan sambung jaringan (online)',NULL,NULL,NULL,NULL,NULL,NULL),(177,32,'m','Kombinasi',NULL,NULL,NULL,NULL,NULL,NULL),(178,32,'n','Tidak diketahui',NULL,NULL,NULL,NULL,NULL,NULL),(179,32,'z','Lainnya',NULL,NULL,NULL,NULL,NULL,NULL),(180,32,'|','Tidak ada kode yang sesuai',NULL,NULL,NULL,NULL,NULL,NULL),(181,35,'c','Video kartrij',NULL,NULL,NULL,NULL,NULL,NULL),(182,35,'d','Cakram video',NULL,NULL,NULL,NULL,NULL,NULL),(183,35,'f','Kaset video',NULL,NULL,NULL,NULL,NULL,NULL),(184,35,'r','Video gulungan',NULL,NULL,NULL,NULL,NULL,NULL),(185,35,'u','Tidak spesifik',NULL,NULL,NULL,NULL,NULL,NULL),(186,35,'z','Lainnya',NULL,NULL,NULL,NULL,NULL,NULL),(187,35,'|','Tidak ada kode yang sesuai',NULL,NULL,NULL,NULL,NULL,NULL),(188,36,'a','satu warna / monokrom',NULL,NULL,NULL,NULL,NULL,NULL),(189,36,'b','Hitam putih',NULL,NULL,NULL,NULL,NULL,NULL),(190,36,'c','Banyak warna',NULL,NULL,NULL,NULL,NULL,NULL),(191,36,'m','Campuran',NULL,NULL,NULL,NULL,NULL,NULL),(192,36,'n','Tidak dapat diterapkan',NULL,NULL,NULL,NULL,NULL,NULL),(193,36,'u','Tidak diketahui',NULL,NULL,NULL,NULL,NULL,NULL),(194,36,'z','Lainnya',NULL,NULL,NULL,NULL,NULL,NULL),(195,36,'|','Tidak ada kode yang sesuai',NULL,NULL,NULL,NULL,NULL,NULL),(196,40,'a','8 mm',NULL,NULL,NULL,NULL,NULL,NULL),(197,40,'m','¼ inci',NULL,NULL,NULL,NULL,NULL,NULL),(198,40,'o','½ inci',NULL,NULL,NULL,NULL,NULL,NULL),(199,40,'p','1 inci',NULL,NULL,NULL,NULL,NULL,NULL),(200,40,'q','2 inci',NULL,NULL,NULL,NULL,NULL,NULL),(201,40,'r','¾ inci',NULL,NULL,NULL,NULL,NULL,NULL),(202,40,'u','Tidak diketahui',NULL,NULL,NULL,NULL,NULL,NULL),(203,40,'z','Lainnya',NULL,NULL,NULL,NULL,NULL,NULL),(204,40,'|','Tidak ada kode yang sesuai',NULL,NULL,NULL,NULL,NULL,NULL),(205,44,'a','Animasi',NULL,NULL,NULL,NULL,NULL,NULL),(206,44,'c','Animasi dan aksi hidup (live action)',NULL,NULL,NULL,NULL,NULL,NULL),(207,44,'l','Aksi hidup (live action)',NULL,NULL,NULL,NULL,NULL,NULL),(208,44,'n','Tidak dapat diterapkan',NULL,NULL,NULL,NULL,NULL,NULL),(209,44,'u','Tidak diketahui',NULL,NULL,NULL,NULL,NULL,NULL),(210,44,'z','Teknik lain',NULL,NULL,NULL,NULL,NULL,NULL),(211,44,'|','Tidak ada kode yang sesuai',NULL,NULL,NULL,NULL,NULL,NULL),(212,47,'m','Berbagai bentuk fisik',NULL,NULL,NULL,NULL,NULL,NULL),(213,47,'u','Tidak spesifik',NULL,NULL,NULL,NULL,NULL,NULL),(214,47,'z','Lainnya',NULL,NULL,NULL,NULL,NULL,NULL),(215,47,'|','Tidak ada kode yang sesuai',NULL,NULL,NULL,NULL,NULL,NULL),(216,48,'#','Frekuensi tidak ditentukan',NULL,NULL,NULL,NULL,NULL,NULL),(217,48,'a','Tahunan',NULL,NULL,NULL,NULL,NULL,NULL),(218,48,'b','Dua bulanan',NULL,NULL,NULL,NULL,NULL,NULL),(219,48,'c','Dua kali seminggu',NULL,NULL,NULL,NULL,NULL,NULL),(220,48,'d','Harian',NULL,NULL,NULL,NULL,NULL,NULL),(221,48,'e','Dua mingguan',NULL,NULL,NULL,NULL,NULL,NULL),(222,48,'f','Dua kali setahun',NULL,NULL,NULL,NULL,NULL,NULL),(223,48,'g','Dua tahunan',NULL,NULL,NULL,NULL,NULL,NULL),(224,48,'h','Tiga tahunan',NULL,NULL,NULL,NULL,NULL,NULL),(225,48,'i','Tiga kali seminggu',NULL,NULL,NULL,NULL,NULL,NULL),(226,48,'j','Tiga kali sebulan',NULL,NULL,NULL,NULL,NULL,NULL),(227,48,'k','Diperbarui secara berkesinambungan',NULL,NULL,NULL,NULL,NULL,NULL),(228,48,'m','Bulanan',NULL,NULL,NULL,NULL,NULL,NULL),(229,48,'q','Tiga bulanan',NULL,NULL,NULL,NULL,NULL,NULL),(230,48,'s','Dua kali sebulan',NULL,NULL,NULL,NULL,NULL,NULL),(231,48,'t','Tiga kali dalam setahun',NULL,NULL,NULL,NULL,NULL,NULL),(232,48,'u','Tidak diketahui',NULL,NULL,NULL,NULL,NULL,NULL),(233,48,'w','Mingguan',NULL,NULL,NULL,NULL,NULL,NULL),(234,48,'z','Lainnya',NULL,NULL,NULL,NULL,NULL,NULL),(235,48,'|','Tidak ada kode yang sesuai',NULL,NULL,NULL,NULL,NULL,NULL),(236,49,'#','Tidak tersedia',NULL,NULL,NULL,NULL,NULL,NULL),(237,49,'n','Tak teratur berpola',NULL,NULL,NULL,NULL,NULL,NULL),(238,49,'r','Teratur',NULL,NULL,NULL,NULL,NULL,NULL),(239,49,'u','Tidak diketahui',NULL,NULL,NULL,NULL,NULL,NULL),(240,49,'x','Sama sekali tidak teratur',NULL,NULL,NULL,NULL,NULL,NULL),(241,49,'|','Tidak ada kode yang sesuai',NULL,NULL,NULL,NULL,NULL,NULL),(242,50,'#','Selain kode berikut ini',NULL,NULL,NULL,NULL,NULL,NULL),(243,50,'d','Pangkalan data diperbarui',NULL,NULL,NULL,NULL,NULL,NULL),(244,50,'l','Lembar lepas diperbarui',NULL,NULL,NULL,NULL,NULL,NULL),(245,50,'m','Monografi berseri',NULL,NULL,NULL,NULL,NULL,NULL),(246,50,'n','Surat kabar',NULL,NULL,NULL,NULL,NULL,NULL),(247,50,'p','Terbitan berkala',NULL,NULL,NULL,NULL,NULL,NULL),(248,50,'w','Situs web diperbarui',NULL,NULL,NULL,NULL,NULL,NULL),(249,50,'|','Tidak ada kode yang sesuai',NULL,NULL,NULL,NULL,NULL,NULL),(250,51,'#','Selain kode berikut ini',NULL,NULL,NULL,NULL,NULL,NULL),(251,51,'a','Mikrofilm',NULL,NULL,NULL,NULL,NULL,NULL),(252,51,'b','Mikrofis',NULL,NULL,NULL,NULL,NULL,NULL),(253,51,'c','Mikrolegap',NULL,NULL,NULL,NULL,NULL,NULL),(254,51,'d','Cetakan dengan huruf berukuran besar',NULL,NULL,NULL,NULL,NULL,NULL),(255,51,'e','Surat kabar',NULL,NULL,NULL,NULL,NULL,NULL),(256,51,'f','Braille',NULL,NULL,NULL,NULL,NULL,NULL),(257,51,'o','Sambung jaring',NULL,NULL,NULL,NULL,NULL,NULL),(258,51,'q','Direct electronic',NULL,NULL,NULL,NULL,NULL,NULL),(259,51,'s','Elektronik',NULL,NULL,NULL,NULL,NULL,NULL),(260,51,'|','Tidak ada kode yang sesuai',NULL,NULL,NULL,NULL,NULL,NULL),(261,52,'#','Selain kode berikut ini',NULL,NULL,NULL,NULL,NULL,NULL),(262,52,'a','Mikrofilm',NULL,NULL,NULL,NULL,NULL,NULL),(263,52,'b','Mikrofis',NULL,NULL,NULL,NULL,NULL,NULL),(264,52,'c','Mikrolegap',NULL,NULL,NULL,NULL,NULL,NULL),(265,52,'d','Cetakan dengan huruf berukuran besar',NULL,NULL,NULL,NULL,NULL,NULL),(266,52,'f','Braille',NULL,NULL,NULL,NULL,NULL,NULL),(267,52,'o','Sambung jaring',NULL,NULL,NULL,NULL,NULL,NULL),(268,52,'q','Direct electronic',NULL,NULL,NULL,NULL,NULL,NULL),(269,52,'r','Reproduksi dengan cetakan biasa (cetakan terbacakan mata telanjang)',NULL,NULL,NULL,NULL,NULL,NULL),(270,52,'s','Elektronik',NULL,NULL,NULL,NULL,NULL,NULL),(271,52,'|','Tidak ada kode yang sesuai',NULL,NULL,NULL,NULL,NULL,NULL),(272,53,'#','Isi karya tidak terinci',NULL,NULL,NULL,NULL,NULL,NULL),(273,53,'a','Abstrak / ringkasan',NULL,NULL,NULL,NULL,NULL,NULL),(274,53,'b','Bibliografi',NULL,NULL,NULL,NULL,NULL,NULL),(275,53,'c','Katalog',NULL,NULL,NULL,NULL,NULL,NULL),(276,53,'d','Kamus (termasuk daftar istilah)',NULL,NULL,NULL,NULL,NULL,NULL),(277,53,'e','Ensiklopedi',NULL,NULL,NULL,NULL,NULL,NULL),(278,53,'f','Buku pedoman',NULL,NULL,NULL,NULL,NULL,NULL),(279,53,'g','Dokumen hukum',NULL,NULL,NULL,NULL,NULL,NULL),(280,53,'h','Biografi',NULL,NULL,NULL,NULL,NULL,NULL),(281,53,'i','Indeks',NULL,NULL,NULL,NULL,NULL,NULL),(282,53,'j','Dokumen paten',NULL,NULL,NULL,NULL,NULL,NULL),(283,53,'k','Diskografi',NULL,NULL,NULL,NULL,NULL,NULL),(284,53,'l','Undang-undang dan peraturan',NULL,NULL,NULL,NULL,NULL,NULL),(285,53,'m','Tesis',NULL,NULL,NULL,NULL,NULL,NULL),(286,53,'n','Survei literatur berdasarkan subjek',NULL,NULL,NULL,NULL,NULL,NULL),(287,53,'o','Resensi buku',NULL,NULL,NULL,NULL,NULL,NULL),(288,53,'p','Teks terprogram',NULL,NULL,NULL,NULL,NULL,NULL),(289,53,'q','Filmografi',NULL,NULL,NULL,NULL,NULL,NULL),(290,53,'r','Direktori',NULL,NULL,NULL,NULL,NULL,NULL),(291,53,'s','Statistik',NULL,NULL,NULL,NULL,NULL,NULL),(292,53,'t','Laporan teknis',NULL,NULL,NULL,NULL,NULL,NULL),(293,53,'u','Standar / spesifikasi',NULL,NULL,NULL,NULL,NULL,NULL),(294,53,'v','Kasus hukum / catatan kasus hukum',NULL,NULL,NULL,NULL,NULL,NULL),(295,53,'w','Laporan dan majalah hukum',NULL,NULL,NULL,NULL,NULL,NULL),(296,53,'z','Akta perjanjian, nota kesepahaman, dsb.',NULL,NULL,NULL,NULL,NULL,NULL),(297,53,'5','Kalender',NULL,NULL,NULL,NULL,NULL,NULL),(298,53,'6','Komik / novel grafis',NULL,NULL,NULL,NULL,NULL,NULL),(299,53,'|','Tidak ada kode yang sesuai',NULL,NULL,NULL,NULL,NULL,NULL),(300,54,'#','Isi karya tidak terinci',NULL,NULL,NULL,NULL,NULL,NULL),(301,54,'a','Abstrak / ringkasan',NULL,NULL,NULL,NULL,NULL,NULL),(302,54,'b','Bibliografi',NULL,NULL,NULL,NULL,NULL,NULL),(303,54,'c','Katalog',NULL,NULL,NULL,NULL,NULL,NULL),(304,54,'d','Kamus (termasuk daftar istilah)',NULL,NULL,NULL,NULL,NULL,NULL),(305,54,'e','Ensiklopedi',NULL,NULL,NULL,NULL,NULL,NULL),(306,54,'f','Buku pedoman',NULL,NULL,NULL,NULL,NULL,NULL),(307,54,'g','Dokumen hukum',NULL,NULL,NULL,NULL,NULL,NULL),(308,54,'i','Indeks',NULL,NULL,NULL,NULL,NULL,NULL),(309,54,'k','Diskografi',NULL,NULL,NULL,NULL,NULL,NULL),(310,54,'l','Undang-undang dan peraturan',NULL,NULL,NULL,NULL,NULL,NULL),(311,54,'m','Tesis',NULL,NULL,NULL,NULL,NULL,NULL),(312,54,'n','Survei literatur berdasarkan subjek',NULL,NULL,NULL,NULL,NULL,NULL),(313,54,'o','Resensi buku',NULL,NULL,NULL,NULL,NULL,NULL),(314,54,'p','Teks terprogram',NULL,NULL,NULL,NULL,NULL,NULL),(315,54,'q','Filmografi',NULL,NULL,NULL,NULL,NULL,NULL),(316,54,'r','Direktori',NULL,NULL,NULL,NULL,NULL,NULL),(317,54,'s','Statistik',NULL,NULL,NULL,NULL,NULL,NULL),(318,54,'t','Laporan teknis',NULL,NULL,NULL,NULL,NULL,NULL),(319,54,'u','Standar / spesifikasi',NULL,NULL,NULL,NULL,NULL,NULL),(320,54,'v','Kasus hukum / catatan kasus hukum',NULL,NULL,NULL,NULL,NULL,NULL),(321,54,'w','Laporan dan majalah hukum',NULL,NULL,NULL,NULL,NULL,NULL),(322,54,'z','Akta perjanjian, nota kesepahaman, dsb.',NULL,NULL,NULL,NULL,NULL,NULL),(323,54,'5','Kalender',NULL,NULL,NULL,NULL,NULL,NULL),(324,54,'6','Komik / novel grafis',NULL,NULL,NULL,NULL,NULL,NULL),(326,55,'#','Bukan terbitan badan pemerintah',NULL,NULL,NULL,NULL,NULL,NULL),(327,55,'a','Badan otonomi atau semi-otonomi dari federasi (misalnya Malaysia, Republik Yogoslavia)',NULL,NULL,NULL,NULL,NULL,NULL),(328,55,'c','Terbitan bersama dari beberapa badan pemerintah daerah tingkat kabupaten/kota ke bawah',NULL,NULL,NULL,NULL,NULL,NULL),(329,55,'f','Badan pemerintah federal/nasional/pusat',NULL,NULL,NULL,NULL,NULL,NULL),(330,55,'i','Badan internasional antar pemerintah',NULL,NULL,NULL,NULL,NULL,NULL),(331,55,'l','Badan pemerintah kota atau kabupaten atau yang lebih rendah tingkatannya',NULL,NULL,NULL,NULL,NULL,NULL),(332,55,'m','Terbitan bersama dari beberapa badan pemerintah provinsi',NULL,NULL,NULL,NULL,NULL,NULL),(333,55,'o','Terbitan pemerintah (tingkat pemerintahan tidak diketahui',NULL,NULL,NULL,NULL,NULL,NULL),(334,55,'s','Badan pemerintah negara bagian, provinsi, wilayah, dsb',NULL,NULL,NULL,NULL,NULL,NULL),(335,55,'u','Tidak dapat dipastikan apakah merupakan terbitan pemerintah atau bukan',NULL,NULL,NULL,NULL,NULL,NULL),(336,55,'z','Terbitan pemerintah jenis lainnya (tingkat pemerintahan yang tidak terwakili oleh kode lainnya',NULL,NULL,NULL,NULL,NULL,NULL),(337,55,'|','Tidak ada kode yang sesuai',NULL,NULL,NULL,NULL,NULL,NULL),(338,56,'0','Bukan terbitan konferensi',NULL,NULL,NULL,NULL,NULL,NULL),(339,56,'1','Terbitan konferensi',NULL,NULL,NULL,NULL,NULL,NULL),(340,56,'|','Tidak ada kode yang sesuai',NULL,NULL,NULL,NULL,NULL,NULL),(341,57,'#','Tidak ada abjad atau aksara khusus / tidak ada judul kunci',NULL,NULL,NULL,NULL,NULL,NULL),(342,57,'a','Romawi dasar',NULL,NULL,NULL,NULL,NULL,NULL),(343,57,'b','Romawi diperluas',NULL,NULL,NULL,NULL,NULL,NULL),(344,57,'c','Cyrillic',NULL,NULL,NULL,NULL,NULL,NULL),(345,57,'d','Jepang',NULL,NULL,NULL,NULL,NULL,NULL),(346,57,'e','Cina',NULL,NULL,NULL,NULL,NULL,NULL),(347,57,'f','Arab',NULL,NULL,NULL,NULL,NULL,NULL),(348,57,'g','Yunani',NULL,NULL,NULL,NULL,NULL,NULL),(349,57,'h','Ibrani',NULL,NULL,NULL,NULL,NULL,NULL),(350,57,'i','Thai',NULL,NULL,NULL,NULL,NULL,NULL),(351,57,'j','Dewanagari',NULL,NULL,NULL,NULL,NULL,NULL),(352,57,'k','Korea',NULL,NULL,NULL,NULL,NULL,NULL),(353,57,'l','Tamil',NULL,NULL,NULL,NULL,NULL,NULL),(354,57,'u','Tidak diketahui',NULL,NULL,NULL,NULL,NULL,NULL),(355,57,'z','Lainnya',NULL,NULL,NULL,NULL,NULL,NULL),(356,57,'|','Tidak ada kode yang sesuai',NULL,NULL,NULL,NULL,NULL,NULL),(357,58,'#','Konvensi entri tidak ditentukan',NULL,NULL,NULL,NULL,NULL,NULL),(358,58,'1','Entri mutakhir',NULL,NULL,NULL,NULL,NULL,NULL),(359,58,'2','Entri terpadu',NULL,NULL,NULL,NULL,NULL,NULL),(360,58,'|','Tidak ada kode yang sesuai',NULL,NULL,NULL,NULL,NULL,NULL),(361,61,'d','Atlas',NULL,NULL,NULL,NULL,NULL,NULL),(362,61,'g','Diagram',NULL,NULL,NULL,NULL,NULL,NULL),(363,61,'j','Peta',NULL,NULL,NULL,NULL,NULL,NULL),(364,61,'k','Profil',NULL,NULL,NULL,NULL,NULL,NULL),(365,61,'q','Model',NULL,NULL,NULL,NULL,NULL,NULL),(366,61,'r','Citra penginderaan jauh',NULL,NULL,NULL,NULL,NULL,NULL),(367,61,'s','Penampang',NULL,NULL,NULL,NULL,NULL,NULL),(368,61,'u','Tidak spesifik',NULL,NULL,NULL,NULL,NULL,NULL),(369,61,'y','Pemandangan',NULL,NULL,NULL,NULL,NULL,NULL),(370,61,'z','Lainnya',NULL,NULL,NULL,NULL,NULL,NULL),(371,61,'|','Tidak ada kode yang sesuai',NULL,NULL,NULL,NULL,NULL,NULL),(372,62,'a','Satu warna',NULL,NULL,NULL,NULL,NULL,NULL),(373,62,'b','Banyak warna',NULL,NULL,NULL,NULL,NULL,NULL),(374,62,'|','Tidak ada kode yang sesuai',NULL,NULL,NULL,NULL,NULL,NULL),(375,63,'a','Kertas',NULL,NULL,NULL,NULL,NULL,NULL),(376,63,'b','Kayu',NULL,NULL,NULL,NULL,NULL,NULL),(377,63,'c','Batu',NULL,NULL,NULL,NULL,NULL,NULL),(378,63,'d','Logam',NULL,NULL,NULL,NULL,NULL,NULL),(379,63,'e','Sintetik',NULL,NULL,NULL,NULL,NULL,NULL),(380,63,'f','Kulit',NULL,NULL,NULL,NULL,NULL,NULL),(381,63,'g','Tekstil',NULL,NULL,NULL,NULL,NULL,NULL),(382,63,'j','Kaca',NULL,NULL,NULL,NULL,NULL,NULL),(383,63,'p','Plaster',NULL,NULL,NULL,NULL,NULL,NULL),(384,63,'q','Fotografi berbahan fleksibel, positif',NULL,NULL,NULL,NULL,NULL,NULL),(385,63,'r','Fotografi berbahan fleksibel, negatif',NULL,NULL,NULL,NULL,NULL,NULL),(386,63,'s','Fotografi berbahan tidak fleksibel, positif',NULL,NULL,NULL,NULL,NULL,NULL),(387,63,'t','Fotografi berbahan tidak fleksibel, negatif',NULL,NULL,NULL,NULL,NULL,NULL),(388,63,'u','Tidak diketahui',NULL,NULL,NULL,NULL,NULL,NULL),(389,63,'v','Kulit binatang',NULL,NULL,NULL,NULL,NULL,NULL),(390,63,'w','Perkamen',NULL,NULL,NULL,NULL,NULL,NULL),(391,63,'y','Medium fotografi lainnya',NULL,NULL,NULL,NULL,NULL,NULL),(392,63,'z','Lainnya',NULL,NULL,NULL,NULL,NULL,NULL),(393,63,'|','Tidak ada kode yang sesuai',NULL,NULL,NULL,NULL,NULL,NULL),(394,64,'f','Feksimile',NULL,NULL,NULL,NULL,NULL,NULL),(395,64,'n','Tidak dapat diterapkan',NULL,NULL,NULL,NULL,NULL,NULL),(396,64,'u','Tidak diketahui',NULL,NULL,NULL,NULL,NULL,NULL),(397,64,'z','Lainnya',NULL,NULL,NULL,NULL,NULL,NULL),(398,64,'|','Tidak ada kode yang sesuai',NULL,NULL,NULL,NULL,NULL,NULL),(399,65,'a','Fotokopi, cetak garis biru',NULL,NULL,NULL,NULL,NULL,NULL),(400,65,'b','Fotokopi',NULL,NULL,NULL,NULL,NULL,NULL),(401,65,'c','Praproduksi',NULL,NULL,NULL,NULL,NULL,NULL),(402,65,'d','Film',NULL,NULL,NULL,NULL,NULL,NULL),(403,65,'u','Tidak diketahui',NULL,NULL,NULL,NULL,NULL,NULL),(404,65,'z','Lainnya',NULL,NULL,NULL,NULL,NULL,NULL),(405,65,'|','Tidak ada kode yang sesuai',NULL,NULL,NULL,NULL,NULL,NULL),(406,66,'a','Positif',NULL,NULL,NULL,NULL,NULL,NULL),(407,66,'b','Negatif',NULL,NULL,NULL,NULL,NULL,NULL),(408,66,'m','Polaritas campuran antara positif dan negatif',NULL,NULL,NULL,NULL,NULL,NULL),(409,66,'n','Tidak dapat diterapkan',NULL,NULL,NULL,NULL,NULL,NULL),(410,66,'|','Tidak ada kode yang sesuai',NULL,NULL,NULL,NULL,NULL,NULL),(411,67,'#','Tidak ada relief',NULL,NULL,NULL,NULL,NULL,NULL),(412,67,'a','Kontur',NULL,NULL,NULL,NULL,NULL,NULL),(413,67,'b','Berbayang',NULL,NULL,NULL,NULL,NULL,NULL),(414,67,'c','Semburat gradien dan batimetri',NULL,NULL,NULL,NULL,NULL,NULL),(415,67,'d','Arsir',NULL,NULL,NULL,NULL,NULL,NULL),(416,67,'e','Batimetri / pendugaan (soundings)',NULL,NULL,NULL,NULL,NULL,NULL),(417,67,'f','Garis bentuk',NULL,NULL,NULL,NULL,NULL,NULL),(418,67,'g','Titik ketinggian',NULL,NULL,NULL,NULL,NULL,NULL),(419,67,'i','Gambar kedalaman',NULL,NULL,NULL,NULL,NULL,NULL),(420,67,'j','Bentuk tanah',NULL,NULL,NULL,NULL,NULL,NULL),(421,67,'k','Batimetri / grafis setara',NULL,NULL,NULL,NULL,NULL,NULL),(422,67,'m','Gambar batuan',NULL,NULL,NULL,NULL,NULL,NULL),(423,67,'z','Lainnya',NULL,NULL,NULL,NULL,NULL,NULL),(425,68,'##','Proyeksi tidak dijelaskan',NULL,NULL,NULL,NULL,NULL,NULL),(426,68,'aa','Aitoff',NULL,NULL,NULL,NULL,NULL,NULL),(427,68,'bb','Holomografik Goode',NULL,NULL,NULL,NULL,NULL,NULL),(428,68,'ac','Area setara azimut Lambert',NULL,NULL,NULL,NULL,NULL,NULL),(429,68,'ad','Ortografi',NULL,NULL,NULL,NULL,NULL,NULL),(430,68,'ae','Azimutal equidistant',NULL,NULL,NULL,NULL,NULL,NULL),(431,68,'af','Stereografik',NULL,NULL,NULL,NULL,NULL,NULL),(432,68,'ag','General vertical near-sided',NULL,NULL,NULL,NULL,NULL,NULL),(433,68,'am','Modified stereographic for Alaska',NULL,NULL,NULL,NULL,NULL,NULL),(434,68,'an','Trimetrik Chamberlin',NULL,NULL,NULL,NULL,NULL,NULL),(435,68,'ap','Stereografik polar',NULL,NULL,NULL,NULL,NULL,NULL),(436,68,'au','Azimut, jenis tidak diketahui',NULL,NULL,NULL,NULL,NULL,NULL),(437,68,'az','Azimut, Lainnya',NULL,NULL,NULL,NULL,NULL,NULL),(438,68,'ba','Gall',NULL,NULL,NULL,NULL,NULL,NULL),(439,68,'bb','Holomografik Goode',NULL,NULL,NULL,NULL,NULL,NULL),(440,68,'bc','Lambert\'s cylindrical equal area',NULL,NULL,NULL,NULL,NULL,NULL),(441,68,'bd','Merkator',NULL,NULL,NULL,NULL,NULL,NULL),(442,68,'be','Miller',NULL,NULL,NULL,NULL,NULL,NULL),(443,68,'bf','Mollweide',NULL,NULL,NULL,NULL,NULL,NULL),(444,68,'bg','Sinusoidal',NULL,NULL,NULL,NULL,NULL,NULL),(445,68,'bh','Merkator Lintang',NULL,NULL,NULL,NULL,NULL,NULL),(446,68,'bi','Gauss-Kruger',NULL,NULL,NULL,NULL,NULL,NULL),(447,68,'bj','Persegi panjang',NULL,NULL,NULL,NULL,NULL,NULL),(448,68,'bo','Merkator Sadak',NULL,NULL,NULL,NULL,NULL,NULL),(449,68,'br','Robinson',NULL,NULL,NULL,NULL,NULL,NULL),(450,68,'bs','Merkator sadak ruang',NULL,NULL,NULL,NULL,NULL,NULL),(451,68,'bu','Silindris, jenis tidak diketahui',NULL,NULL,NULL,NULL,NULL,NULL),(452,68,'cb','Bonne',NULL,NULL,NULL,NULL,NULL,NULL),(453,68,'cc','Kerucut konform Lambert',NULL,NULL,NULL,NULL,NULL,NULL),(454,68,'ce','Kerucut berjarak sama',NULL,NULL,NULL,NULL,NULL,NULL),(455,68,'cp','Polyconic',NULL,NULL,NULL,NULL,NULL,NULL),(456,68,'cu','Kerucut, jenis tidak diketahui',NULL,NULL,NULL,NULL,NULL,NULL),(457,68,'cz','Kerucut, lainnya',NULL,NULL,NULL,NULL,NULL,NULL),(458,68,'da','Armadillo',NULL,NULL,NULL,NULL,NULL,NULL),(459,68,'db','Butterfly',NULL,NULL,NULL,NULL,NULL,NULL),(460,68,'dc','Eckert',NULL,NULL,NULL,NULL,NULL,NULL),(461,68,'dd','Goode\'s homolosine',NULL,NULL,NULL,NULL,NULL,NULL),(462,68,'de','Miller\'s bipolar oblique conformal conic',NULL,NULL,NULL,NULL,NULL,NULL),(463,68,'df','Van Den Grinten',NULL,NULL,NULL,NULL,NULL,NULL),(464,68,'dg','Dimaxion',NULL,NULL,NULL,NULL,NULL,NULL),(465,68,'dh','Cordiform',NULL,NULL,NULL,NULL,NULL,NULL),(466,68,'dl','Lambert conformal',NULL,NULL,NULL,NULL,NULL,NULL),(467,68,'zz','Lainnya',NULL,NULL,NULL,NULL,NULL,NULL),(468,68,'||','Tidak ada kode yang sesuai',NULL,NULL,NULL,NULL,NULL,NULL),(469,69,'#','Tidak tersedia',NULL,NULL,NULL,NULL,NULL,NULL),(470,69,'a','Peta tunggal',NULL,NULL,NULL,NULL,NULL,NULL),(471,69,'b','Kumpulan peta',NULL,NULL,NULL,NULL,NULL,NULL),(472,69,'c','Peta berseri',NULL,NULL,NULL,NULL,NULL,NULL),(473,69,'d','Bola dunia (globe)',NULL,NULL,NULL,NULL,NULL,NULL),(474,69,'e','Atlas',NULL,NULL,NULL,NULL,NULL,NULL),(475,69,'f','Peta terpisah (bahan sertaan terbitan lain)',NULL,NULL,NULL,NULL,NULL,NULL),(476,69,'g','Peta yang dijilid menjadi satu bagian dari karya lain',NULL,NULL,NULL,NULL,NULL,NULL),(477,69,'u','Tidak diketahui',NULL,NULL,NULL,NULL,NULL,NULL),(478,69,'z','Lainnya',NULL,NULL,NULL,NULL,NULL,NULL),(479,69,'|','Tidak ada kode yang sesuai',NULL,NULL,NULL,NULL,NULL,NULL),(480,72,'a','Bahan grafis tidak diproyeksikan',NULL,NULL,NULL,NULL,NULL,NULL),(481,73,'a','Kartu aktivitas',NULL,NULL,NULL,NULL,NULL,NULL),(482,73,'c','Kolase',NULL,NULL,NULL,NULL,NULL,NULL),(483,73,'d','Gambar coretan tangan',NULL,NULL,NULL,NULL,NULL,NULL),(484,73,'e','Lukisan',NULL,NULL,NULL,NULL,NULL,NULL),(485,73,'f','Cetakan fotomekanis',NULL,NULL,NULL,NULL,NULL,NULL),(486,73,'g','Foto negatif',NULL,NULL,NULL,NULL,NULL,NULL),(487,73,'h','Foto tercetak',NULL,NULL,NULL,NULL,NULL,NULL),(488,73,'i','Gambar',NULL,NULL,NULL,NULL,NULL,NULL),(489,73,'j','Bahan tercetak',NULL,NULL,NULL,NULL,NULL,NULL),(490,73,'k','Poster',NULL,NULL,NULL,NULL,NULL,NULL),(491,73,'l','Gambar teknik',NULL,NULL,NULL,NULL,NULL,NULL),(492,73,'n','Diagram',NULL,NULL,NULL,NULL,NULL,NULL),(493,73,'o','Kartu kilas (flash card)',NULL,NULL,NULL,NULL,NULL,NULL),(494,73,'p','Kartu pos',NULL,NULL,NULL,NULL,NULL,NULL),(495,73,'q','Ikon',NULL,NULL,NULL,NULL,NULL,NULL),(496,73,'r','Radiograf',NULL,NULL,NULL,NULL,NULL,NULL),(497,73,'s','Study print',NULL,NULL,NULL,NULL,NULL,NULL),(498,73,'u','Tidak spesifik',NULL,NULL,NULL,NULL,NULL,NULL),(499,73,'z','Lainnya',NULL,NULL,NULL,NULL,NULL,NULL),(500,73,'|','Tidak ada kode yang sesuai',NULL,NULL,NULL,NULL,NULL,NULL),(501,74,'a','Monokrom (tidak termasuk hitam)',NULL,NULL,NULL,NULL,NULL,NULL),(502,74,'b','Hitam putih',NULL,NULL,NULL,NULL,NULL,NULL),(503,74,'c','Banyak warna',NULL,NULL,NULL,NULL,NULL,NULL),(504,74,'h','Pewarnaan manual (hand-colored)',NULL,NULL,NULL,NULL,NULL,NULL),(505,74,'m','Campuran',NULL,NULL,NULL,NULL,NULL,NULL),(506,74,'u','Tidak diketahui',NULL,NULL,NULL,NULL,NULL,NULL),(507,74,'z','Lainnya',NULL,NULL,NULL,NULL,NULL,NULL),(508,74,'|','Tidak ada kode yang sesuai',NULL,NULL,NULL,NULL,NULL,NULL),(509,75,'a','Kanvas',NULL,NULL,NULL,NULL,NULL,NULL),(510,75,'b','Karton warna gading',NULL,NULL,NULL,NULL,NULL,NULL),(511,75,'c','Karton',NULL,NULL,NULL,NULL,NULL,NULL),(512,75,'d','Kaca',NULL,NULL,NULL,NULL,NULL,NULL),(513,75,'e','bahan sintetik',NULL,NULL,NULL,NULL,NULL,NULL),(514,75,'f','Kulit',NULL,NULL,NULL,NULL,NULL,NULL),(515,75,'g','Tekstil',NULL,NULL,NULL,NULL,NULL,NULL),(516,75,'h','Logam',NULL,NULL,NULL,NULL,NULL,NULL),(517,75,'i','Plastik',NULL,NULL,NULL,NULL,NULL,NULL),(518,75,'l','Vinil',NULL,NULL,NULL,NULL,NULL,NULL),(519,75,'m','Koleksi campuran',NULL,NULL,NULL,NULL,NULL,NULL),(520,75,'n','Velum',NULL,NULL,NULL,NULL,NULL,NULL),(521,75,'o','Kertas',NULL,NULL,NULL,NULL,NULL,NULL),(522,75,'p','Plester',NULL,NULL,NULL,NULL,NULL,NULL),(523,75,'q','Papan karton',NULL,NULL,NULL,NULL,NULL,NULL),(524,75,'r','Porselen',NULL,NULL,NULL,NULL,NULL,NULL),(525,75,'s','Batu',NULL,NULL,NULL,NULL,NULL,NULL),(526,75,'t','Kayu',NULL,NULL,NULL,NULL,NULL,NULL),(527,75,'u','Tidak diketahui',NULL,NULL,NULL,NULL,NULL,NULL),(528,75,'v','Kulit binatang',NULL,NULL,NULL,NULL,NULL,NULL),(529,75,'w','Perkamen',NULL,NULL,NULL,NULL,NULL,NULL),(530,75,'z','Lainnya',NULL,NULL,NULL,NULL,NULL,NULL),(531,75,'|','Tidak ada kode yang sesuai',NULL,NULL,NULL,NULL,NULL,NULL),(532,76,'#','Tidak ada bahan penunjang',NULL,NULL,NULL,NULL,NULL,NULL),(533,76,'a','Kanvas',NULL,NULL,NULL,NULL,NULL,NULL),(534,76,'b','Karton warna gading',NULL,NULL,NULL,NULL,NULL,NULL),(535,76,'c','Karton',NULL,NULL,NULL,NULL,NULL,NULL),(536,76,'d','Kaca',NULL,NULL,NULL,NULL,NULL,NULL),(537,76,'e','Bahan sintetik',NULL,NULL,NULL,NULL,NULL,NULL),(538,76,'f','Kulit',NULL,NULL,NULL,NULL,NULL,NULL),(539,76,'g','Tekstil',NULL,NULL,NULL,NULL,NULL,NULL),(540,76,'h','Logam',NULL,NULL,NULL,NULL,NULL,NULL),(541,76,'i','Plastik',NULL,NULL,NULL,NULL,NULL,NULL),(542,76,'l','Vinil',NULL,NULL,NULL,NULL,NULL,NULL),(543,76,'m','Koleksi campuran',NULL,NULL,NULL,NULL,NULL,NULL),(544,76,'n','Velum',NULL,NULL,NULL,NULL,NULL,NULL),(545,76,'o','Kertas',NULL,NULL,NULL,NULL,NULL,NULL),(546,76,'p','Plester',NULL,NULL,NULL,NULL,NULL,NULL),(547,76,'q','Papan',NULL,NULL,NULL,NULL,NULL,NULL),(548,76,'r','Porselen',NULL,NULL,NULL,NULL,NULL,NULL),(549,76,'s','Batu',NULL,NULL,NULL,NULL,NULL,NULL),(550,76,'t','Kayu',NULL,NULL,NULL,NULL,NULL,NULL),(551,76,'u','Tidak diketahui',NULL,NULL,NULL,NULL,NULL,NULL),(552,76,'v','Kulit binatang',NULL,NULL,NULL,NULL,NULL,NULL),(553,76,'w','Perkamen',NULL,NULL,NULL,NULL,NULL,NULL),(554,76,'z','Lainnya',NULL,NULL,NULL,NULL,NULL,NULL),(555,78,'v','Rekaman video',NULL,NULL,NULL,NULL,NULL,NULL),(556,79,'c','Video kartrij',NULL,NULL,NULL,NULL,NULL,NULL),(557,79,'d','Cakram video',NULL,NULL,NULL,NULL,NULL,NULL),(558,79,'f','Kaset video',NULL,NULL,NULL,NULL,NULL,NULL),(559,79,'r','Video gulungan',NULL,NULL,NULL,NULL,NULL,NULL),(560,79,'u','Tidak spesifik',NULL,NULL,NULL,NULL,NULL,NULL),(561,79,'z','Lainnya',NULL,NULL,NULL,NULL,NULL,NULL),(562,79,'|','Tidak ada kode yang sesuai',NULL,NULL,NULL,NULL,NULL,NULL),(563,80,'a','Satu warna / monokrom (Tidak termasuk hitam)',NULL,NULL,NULL,NULL,NULL,NULL),(564,80,'b','Hitam putih',NULL,NULL,NULL,NULL,NULL,NULL),(565,80,'c','Banyak warna',NULL,NULL,NULL,NULL,NULL,NULL),(566,80,'m','Campuran',NULL,NULL,NULL,NULL,NULL,NULL),(567,80,'n','Tidak dapat diterapkan',NULL,NULL,NULL,NULL,NULL,NULL),(568,80,'u','Tidak diketahui',NULL,NULL,NULL,NULL,NULL,NULL),(569,80,'z','Lainnya',NULL,NULL,NULL,NULL,NULL,NULL),(570,80,'|','Tidak ada kode yang sesuai',NULL,NULL,NULL,NULL,NULL,NULL),(571,81,'a','Beta (½ inci, video kaset)',NULL,NULL,NULL,NULL,NULL,NULL),(572,81,'b','VHS (½ inci, video kaset)',NULL,NULL,NULL,NULL,NULL,NULL),(573,81,'c','U-matic (¾ inci, video kaset)',NULL,NULL,NULL,NULL,NULL,NULL),(574,81,'d','EIAJ (½ inci, gulungan)',NULL,NULL,NULL,NULL,NULL,NULL),(575,81,'e','Jenis C (1 inci, gulungan)',NULL,NULL,NULL,NULL,NULL,NULL),(576,81,'f','Quadruplex (1 inci or 2 inci, gulungan)',NULL,NULL,NULL,NULL,NULL,NULL),(577,81,'g','Cakram laser (Laserdisc)',NULL,NULL,NULL,NULL,NULL,NULL),(578,81,'h','CED (Capacitance Electronic Disc) Cakram video (videodisc)',NULL,NULL,NULL,NULL,NULL,NULL),(579,81,'i','Betacam (½ inci, video kaset)',NULL,NULL,NULL,NULL,NULL,NULL),(580,81,'j','Betacam SP (½ inci, video kaset)',NULL,NULL,NULL,NULL,NULL,NULL),(581,81,'k','Super-VHS (½ inci, video kaset)',NULL,NULL,NULL,NULL,NULL,NULL),(582,81,'m','M-II (½ inci, video kaset)',NULL,NULL,NULL,NULL,NULL,NULL),(583,81,'o','D-2 (¾ inci, video kaset)',NULL,NULL,NULL,NULL,NULL,NULL),(584,81,'p','8 mm',NULL,NULL,NULL,NULL,NULL,NULL),(585,81,'q','Hi-8 mm',NULL,NULL,NULL,NULL,NULL,NULL),(586,81,'s','Cakram Blu-ray',NULL,NULL,NULL,NULL,NULL,NULL),(587,81,'u','Tidak diketahui',NULL,NULL,NULL,NULL,NULL,NULL),(588,81,'v','DVD',NULL,NULL,NULL,NULL,NULL,NULL),(589,81,'z','Lainnya',NULL,NULL,NULL,NULL,NULL,NULL),(590,81,'|','Tidak ada kode yang sesuai',NULL,NULL,NULL,NULL,NULL,NULL),(591,82,'#','Tanpa suara',NULL,NULL,NULL,NULL,NULL,NULL),(592,82,'a','Suara menyatu pada medium',NULL,NULL,NULL,NULL,NULL,NULL),(593,82,'b','Suara terpisah dari medium',NULL,NULL,NULL,NULL,NULL,NULL),(594,82,'u','Tidak diketahui',NULL,NULL,NULL,NULL,NULL,NULL),(595,82,'|','Tidak ada kode yang sesuai',NULL,NULL,NULL,NULL,NULL,NULL),(596,83,'#','Tanpa suara',NULL,NULL,NULL,NULL,NULL,NULL),(597,83,'a','Trek suara optik pada film',NULL,NULL,NULL,NULL,NULL,NULL),(598,83,'b','Trek magnetik pada film',NULL,NULL,NULL,NULL,NULL,NULL),(599,83,'c','Pita audio magnetik pada kartrij',NULL,NULL,NULL,NULL,NULL,NULL),(600,83,'d','Cakram suara (Sound disc)',NULL,NULL,NULL,NULL,NULL,NULL),(601,83,'e','Pita audio magnetik gulungan',NULL,NULL,NULL,NULL,NULL,NULL),(602,83,'f','Pita audio magnetik pada kaset',NULL,NULL,NULL,NULL,NULL,NULL),(603,83,'g','Jalur suara optik dan magnetik pada film',NULL,NULL,NULL,NULL,NULL,NULL),(604,83,'h','Pita video',NULL,NULL,NULL,NULL,NULL,NULL),(605,83,'i','Cakram video',NULL,NULL,NULL,NULL,NULL,NULL),(606,83,'u','Tidak diketahui',NULL,NULL,NULL,NULL,NULL,NULL),(607,83,'z','Lainnya',NULL,NULL,NULL,NULL,NULL,NULL),(608,83,'|','Tidak ada kode yang sesuai',NULL,NULL,NULL,NULL,NULL,NULL),(609,84,'a','8 mm',NULL,NULL,NULL,NULL,NULL,NULL),(610,84,'m','¼ inci',NULL,NULL,NULL,NULL,NULL,NULL),(611,84,'o','½ inci',NULL,NULL,NULL,NULL,NULL,NULL),(612,84,'p','1 inci',NULL,NULL,NULL,NULL,NULL,NULL),(613,84,'q','2 inci',NULL,NULL,NULL,NULL,NULL,NULL),(614,84,'r','¾ inci',NULL,NULL,NULL,NULL,NULL,NULL),(615,84,'u','Tidak diketahui',NULL,NULL,NULL,NULL,NULL,NULL),(616,84,'z','Lainnya',NULL,NULL,NULL,NULL,NULL,NULL),(617,84,'|','Tidak ada kode yang sesuai',NULL,NULL,NULL,NULL,NULL,NULL),(618,85,'k','Campuran',NULL,NULL,NULL,NULL,NULL,NULL),(619,85,'m','Monaural',NULL,NULL,NULL,NULL,NULL,NULL),(620,85,'n','Tidak dapat diterapkan',NULL,NULL,NULL,NULL,NULL,NULL),(621,85,'q','Kudrafonik, saluran ganda, atau surround',NULL,NULL,NULL,NULL,NULL,NULL),(622,85,'s','Stereofonik',NULL,NULL,NULL,NULL,NULL,NULL),(623,85,'u','Tidak diketahui',NULL,NULL,NULL,NULL,NULL,NULL),(624,85,'z','Lainnya',NULL,NULL,NULL,NULL,NULL,NULL),(625,85,'|','Tidak ada kode yang sesuai',NULL,NULL,NULL,NULL,NULL,NULL),(626,86,'000','Lama waktu tayang lebih dari tiga karakter',NULL,NULL,NULL,NULL,NULL,NULL),(627,86,'001-999','Lama waktu tayang',NULL,NULL,NULL,NULL,NULL,NULL),(628,86,'---','Lama waktu tayang tidak diketahui',NULL,NULL,NULL,NULL,NULL,NULL),(629,86,'nnn','Tidak dapat diterapkan',NULL,NULL,NULL,NULL,NULL,NULL),(630,86,'|||','Tidak ada kode yang sesuai',NULL,NULL,NULL,NULL,NULL,NULL),(631,88,'a','Animasi',NULL,NULL,NULL,NULL,NULL,NULL),(632,88,'c','Animasi dan aksi hidup (live action)',NULL,NULL,NULL,NULL,NULL,NULL),(633,88,'l','Aksi hidup (live action)',NULL,NULL,NULL,NULL,NULL,NULL),(634,88,'n','Tidak dapat diterapkan',NULL,NULL,NULL,NULL,NULL,NULL),(635,88,'u','Tidak diketahui',NULL,NULL,NULL,NULL,NULL,NULL),(636,88,'z','Teknik lain',NULL,NULL,NULL,NULL,NULL,NULL),(637,88,'|','Tidak ada kode yang sesuai',NULL,NULL,NULL,NULL,NULL,NULL),(638,90,'q','Musik bernotasi',NULL,NULL,NULL,NULL,NULL,NULL),(639,91,'u','Tidak spesifik',NULL,NULL,NULL,NULL,NULL,NULL),(640,91,'|','Tidak ada kode yang sesuai',NULL,NULL,NULL,NULL,NULL,NULL),(641,99,'o','Kit',NULL,NULL,NULL,NULL,NULL,NULL),(642,100,'u','Tidak spesifik',NULL,NULL,NULL,NULL,NULL,NULL),(643,100,'|','Tidak ada kode yang sesuai',NULL,NULL,NULL,NULL,NULL,NULL),(644,103,'d','Cakram suara',NULL,NULL,NULL,NULL,NULL,NULL),(645,103,'e','Silinder',NULL,NULL,NULL,NULL,NULL,NULL),(646,103,'g','Kartrij suara',NULL,NULL,NULL,NULL,NULL,NULL),(647,103,'i','Sound-track film',NULL,NULL,NULL,NULL,NULL,NULL),(648,103,'q','Rol',NULL,NULL,NULL,NULL,NULL,NULL),(649,103,'s','Kaset suara',NULL,NULL,NULL,NULL,NULL,NULL),(650,103,'t','Ril pita suara',NULL,NULL,NULL,NULL,NULL,NULL),(651,103,'u','Tidak spesifik',NULL,NULL,NULL,NULL,NULL,NULL),(652,103,'w','Rekaman kawat (Wire recording)',NULL,NULL,NULL,NULL,NULL,NULL),(653,103,'z','Lainnya',NULL,NULL,NULL,NULL,NULL,NULL),(654,103,'|','Tidak ada kode yang sesuai',NULL,NULL,NULL,NULL,NULL,NULL),(655,104,'a','16 rpm',NULL,NULL,NULL,NULL,NULL,NULL),(656,104,'b','33 1/3 rpm',NULL,NULL,NULL,NULL,NULL,NULL),(657,104,'c','45 rpm',NULL,NULL,NULL,NULL,NULL,NULL),(658,104,'d','78 rpm',NULL,NULL,NULL,NULL,NULL,NULL),(659,104,'e','8 rpm',NULL,NULL,NULL,NULL,NULL,NULL),(660,104,'f','1.4 m. per detik',NULL,NULL,NULL,NULL,NULL,NULL),(661,104,'h','120 rpm',NULL,NULL,NULL,NULL,NULL,NULL),(662,104,'i','160 rpm',NULL,NULL,NULL,NULL,NULL,NULL),(663,104,'k','15/16 ips',NULL,NULL,NULL,NULL,NULL,NULL),(664,104,'l','1 7/8 ips',NULL,NULL,NULL,NULL,NULL,NULL),(665,104,'m','3 ¾ ips',NULL,NULL,NULL,NULL,NULL,NULL),(666,104,'o','7 ½ ips',NULL,NULL,NULL,NULL,NULL,NULL),(667,104,'p','15 ips',NULL,NULL,NULL,NULL,NULL,NULL),(668,104,'r','30 ips',NULL,NULL,NULL,NULL,NULL,NULL),(669,104,'u','Tidak diketahui',NULL,NULL,NULL,NULL,NULL,NULL),(670,104,'z','Lainnya',NULL,NULL,NULL,NULL,NULL,NULL),(671,104,'|','Tidak ada kode yang sesuai',NULL,NULL,NULL,NULL,NULL,NULL),(672,105,'m','Monaural',NULL,NULL,NULL,NULL,NULL,NULL),(673,105,'q','Kuadrafonik',NULL,NULL,NULL,NULL,NULL,NULL),(674,105,'s','Stereofonik',NULL,NULL,NULL,NULL,NULL,NULL),(675,105,'u','Tidak diketahui',NULL,NULL,NULL,NULL,NULL,NULL),(676,105,'z','Lainnya',NULL,NULL,NULL,NULL,NULL,NULL),(677,105,'|','Tidak ada kode yang sesuai',NULL,NULL,NULL,NULL,NULL,NULL),(678,106,'m','Alur mikro/halus',NULL,NULL,NULL,NULL,NULL,NULL),(679,106,'n','Tidak dapat diterapkan',NULL,NULL,NULL,NULL,NULL,NULL),(680,106,'s','Kasar/standar',NULL,NULL,NULL,NULL,NULL,NULL),(681,106,'u','Tidak diketahui',NULL,NULL,NULL,NULL,NULL,NULL),(682,106,'z','Lainnya',NULL,NULL,NULL,NULL,NULL,NULL),(683,106,'|','Tidak ada kode yang sesuai',NULL,NULL,NULL,NULL,NULL,NULL),(684,107,'a','3 inci',NULL,NULL,NULL,NULL,NULL,NULL),(685,107,'b','5 inci',NULL,NULL,NULL,NULL,NULL,NULL),(686,107,'c','7 inci',NULL,NULL,NULL,NULL,NULL,NULL),(687,107,'d','10 inci',NULL,NULL,NULL,NULL,NULL,NULL),(688,107,'e','12 inci',NULL,NULL,NULL,NULL,NULL,NULL),(689,107,'f','16 inci',NULL,NULL,NULL,NULL,NULL,NULL),(690,107,'g','4 ¾ inci or 12 cm',NULL,NULL,NULL,NULL,NULL,NULL),(691,107,'j','3 7/8 x 2 ½ inci',NULL,NULL,NULL,NULL,NULL,NULL),(692,107,'n','Tidak dapat diterapkan',NULL,NULL,NULL,NULL,NULL,NULL),(693,107,'o','5 ¼ x 3 7/8 inci',NULL,NULL,NULL,NULL,NULL,NULL),(694,107,'s','2 ¾ x 4 inci',NULL,NULL,NULL,NULL,NULL,NULL),(695,107,'u','Tidak diketahui',NULL,NULL,NULL,NULL,NULL,NULL),(696,107,'z','Lainnya',NULL,NULL,NULL,NULL,NULL,NULL),(697,107,'|','Tidak ada kode yang sesuai',NULL,NULL,NULL,NULL,NULL,NULL),(698,108,'l','1/8 inci',NULL,NULL,NULL,NULL,NULL,NULL),(699,108,'m','¼ inci',NULL,NULL,NULL,NULL,NULL,NULL),(700,108,'n','Tidak dapat diterapkan',NULL,NULL,NULL,NULL,NULL,NULL),(701,108,'o','½ inci',NULL,NULL,NULL,NULL,NULL,NULL),(702,108,'p','1 inci',NULL,NULL,NULL,NULL,NULL,NULL),(703,108,'u','Tidak diketahui',NULL,NULL,NULL,NULL,NULL,NULL),(704,108,'z','Lainnya',NULL,NULL,NULL,NULL,NULL,NULL),(705,108,'|','Tidak ada kode yang sesuai',NULL,NULL,NULL,NULL,NULL,NULL),(706,109,'a','Trek penuh (1)',NULL,NULL,NULL,NULL,NULL,NULL),(707,109,'b','Trek setengah (2)',NULL,NULL,NULL,NULL,NULL,NULL),(708,109,'c','Trek seperempat (4)',NULL,NULL,NULL,NULL,NULL,NULL),(709,109,'d','Trek delapan',NULL,NULL,NULL,NULL,NULL,NULL),(710,109,'e','Trek dua belas',NULL,NULL,NULL,NULL,NULL,NULL),(711,109,'f','Trek enam belas',NULL,NULL,NULL,NULL,NULL,NULL),(712,109,'n','Tidak dapat diterapkan',NULL,NULL,NULL,NULL,NULL,NULL),(713,109,'u','Tidak diketahui',NULL,NULL,NULL,NULL,NULL,NULL),(714,109,'z','Lainnya',NULL,NULL,NULL,NULL,NULL,NULL),(715,109,'|','Tidak ada kode yang sesuai',NULL,NULL,NULL,NULL,NULL,NULL),(716,110,'a','Pita master',NULL,NULL,NULL,NULL,NULL,NULL),(717,110,'b','Master duplikasi pita',NULL,NULL,NULL,NULL,NULL,NULL),(718,110,'d','Cakram master (negatif)',NULL,NULL,NULL,NULL,NULL,NULL),(719,110,'i','Instan (rekaman di lokasi)',NULL,NULL,NULL,NULL,NULL,NULL),(720,110,'m','Produksi massal',NULL,NULL,NULL,NULL,NULL,NULL),(721,110,'n','Tidak dapat diterapkan',NULL,NULL,NULL,NULL,NULL,NULL),(722,110,'r','Biang (positif) = Mother (positive)',NULL,NULL,NULL,NULL,NULL,NULL),(723,110,'s','Stamper (negatif)',NULL,NULL,NULL,NULL,NULL,NULL),(724,110,'t','Penekanan uji (Test pressing)',NULL,NULL,NULL,NULL,NULL,NULL),(725,110,'u','Tidak diketahui',NULL,NULL,NULL,NULL,NULL,NULL),(726,110,'z','Lainnya',NULL,NULL,NULL,NULL,NULL,NULL),(727,110,'|','Tidak ada kode yang sesuai',NULL,NULL,NULL,NULL,NULL,NULL),(728,111,'a','Salutan lak',NULL,NULL,NULL,NULL,NULL,NULL),(729,111,'b','Selulosa nitrat',NULL,NULL,NULL,NULL,NULL,NULL),(730,111,'c','Pita asetat dengan fero oksida',NULL,NULL,NULL,NULL,NULL,NULL),(731,111,'g','Kaca dengan lak',NULL,NULL,NULL,NULL,NULL,NULL),(732,111,'i','Aluminium dengan lak',NULL,NULL,NULL,NULL,NULL,NULL),(733,111,'l','Logam',NULL,NULL,NULL,NULL,NULL,NULL),(734,111,'m','Plastik dengan logam',NULL,NULL,NULL,NULL,NULL,NULL),(735,111,'p','Plastik',NULL,NULL,NULL,NULL,NULL,NULL),(736,111,'r','Kertas dengan lak atau fero oksida',NULL,NULL,NULL,NULL,NULL,NULL),(737,111,'s','Lak',NULL,NULL,NULL,NULL,NULL,NULL),(738,111,'w','Lilin',NULL,NULL,NULL,NULL,NULL,NULL),(739,111,'u','Tidak diketahui',NULL,NULL,NULL,NULL,NULL,NULL),(740,111,'z','Lainnya',NULL,NULL,NULL,NULL,NULL,NULL),(741,111,'|','Tidak ada kode yang sesuai',NULL,NULL,NULL,NULL,NULL,NULL),(742,112,'h','Pemotongan ke atas dan ke bawah (Hill-and-dale cutting)',NULL,NULL,NULL,NULL,NULL,NULL),(743,112,'l','Pemotongan lateral atau kombinasi',NULL,NULL,NULL,NULL,NULL,NULL),(744,112,'n','Tidak dapat diterapkan',NULL,NULL,NULL,NULL,NULL,NULL),(745,112,'u','Tidak diketahui',NULL,NULL,NULL,NULL,NULL,NULL),(746,112,'|','Tidak ada kode yang sesuai',NULL,NULL,NULL,NULL,NULL,NULL),(747,113,'a','Standar NAB (National Associating of Broadcasters)',NULL,NULL,NULL,NULL,NULL,NULL),(748,113,'b','Standar CCIR (Comite Consultatif de la Radiodiffusion playback equalization)',NULL,NULL,NULL,NULL,NULL,NULL),(749,113,'c','Dolby - B encoded',NULL,NULL,NULL,NULL,NULL,NULL),(750,113,'d','DBX encoded',NULL,NULL,NULL,NULL,NULL,NULL),(751,113,'e','Perekam digital',NULL,NULL,NULL,NULL,NULL,NULL),(752,113,'f','Dolby - A encoded',NULL,NULL,NULL,NULL,NULL,NULL),(753,113,'g','Dolby - C encoded',NULL,NULL,NULL,NULL,NULL,NULL),(754,113,'h','CX encoded',NULL,NULL,NULL,NULL,NULL,NULL),(755,113,'n','Tidak dapat diterapkan',NULL,NULL,NULL,NULL,NULL,NULL),(756,113,'u','Tidak diketahui',NULL,NULL,NULL,NULL,NULL,NULL),(757,113,'z','Lainnya',NULL,NULL,NULL,NULL,NULL,NULL),(758,113,'|','Tidak ada kode yang sesuai',NULL,NULL,NULL,NULL,NULL,NULL),(759,114,'a','Pengambilan akustis, penyimpanan langsung',NULL,NULL,NULL,NULL,NULL,NULL),(760,114,'b','Penyimpanan langsung, tidak akustis',NULL,NULL,NULL,NULL,NULL,NULL),(761,114,'d','Penyimpanan digital',NULL,NULL,NULL,NULL,NULL,NULL),(762,114,'e','Penyimpanan elektronik analog',NULL,NULL,NULL,NULL,NULL,NULL),(763,114,'u','Tidak diketahui',NULL,NULL,NULL,NULL,NULL,NULL),(764,114,'z','Lainnya',NULL,NULL,NULL,NULL,NULL,NULL),(765,114,'|','Tidak ada kode yang sesuai',NULL,NULL,NULL,NULL,NULL,NULL),(766,115,'an','Lagu kebangsaan',NULL,NULL,NULL,NULL,NULL,NULL),(767,115,'bd','Balada',NULL,NULL,NULL,NULL,NULL,NULL),(768,115,'bg','Musik bluegrass',NULL,NULL,NULL,NULL,NULL,NULL),(769,115,'bl','Musik blues',NULL,NULL,NULL,NULL,NULL,NULL),(770,115,'bt','Musik balet',NULL,NULL,NULL,NULL,NULL,NULL),(771,115,'ca','Chaconnes',NULL,NULL,NULL,NULL,NULL,NULL),(772,115,'cb','Lagu rohani (Chant) untuk agama lain selain kristen',NULL,NULL,NULL,NULL,NULL,NULL),(773,115,'cc','Lagu rohani (Chant) Kristen',NULL,NULL,NULL,NULL,NULL,NULL),(774,115,'cg','Concerti grossi',NULL,NULL,NULL,NULL,NULL,NULL),(775,115,'ch','Paduan suara (Chorales)',NULL,NULL,NULL,NULL,NULL,NULL),(776,115,'cl','Paduan suara pembuka (Chorale preludes',NULL,NULL,NULL,NULL,NULL,NULL),(777,115,'cn','Kanon dan rounds',NULL,NULL,NULL,NULL,NULL,NULL),(778,115,'co','Konser',NULL,NULL,NULL,NULL,NULL,NULL),(779,115,'cp','Chansons, polifonik',NULL,NULL,NULL,NULL,NULL,NULL),(780,115,'cr','Lagu gembira (Carols)',NULL,NULL,NULL,NULL,NULL,NULL),(781,115,'cs','Chance compositions',NULL,NULL,NULL,NULL,NULL,NULL),(782,115,'ct','Kantata',NULL,NULL,NULL,NULL,NULL,NULL),(783,115,'cy','Musik country',NULL,NULL,NULL,NULL,NULL,NULL),(784,115,'cz','Canzonas',NULL,NULL,NULL,NULL,NULL,NULL),(785,115,'df','Musik dansa',NULL,NULL,NULL,NULL,NULL,NULL),(786,115,'dv','Divertimentos, serenade, cassation, divertissement, notturni',NULL,NULL,NULL,NULL,NULL,NULL),(787,115,'fg','Fugue',NULL,NULL,NULL,NULL,NULL,NULL),(788,115,'fm','Musik rakyat',NULL,NULL,NULL,NULL,NULL,NULL),(789,115,'ft','Fantasia',NULL,NULL,NULL,NULL,NULL,NULL),(790,115,'gm','Musik gospel',NULL,NULL,NULL,NULL,NULL,NULL),(791,115,'hy','Hymne',NULL,NULL,NULL,NULL,NULL,NULL),(792,115,'jz','Jazz',NULL,NULL,NULL,NULL,NULL,NULL),(793,115,'mc','Musical revues and comedies',NULL,NULL,NULL,NULL,NULL,NULL),(794,115,'md','Madrigal',NULL,NULL,NULL,NULL,NULL,NULL),(795,115,'mi','Minuet',NULL,NULL,NULL,NULL,NULL,NULL),(796,115,'mo','Motet',NULL,NULL,NULL,NULL,NULL,NULL),(797,115,'mp','Musik film',NULL,NULL,NULL,NULL,NULL,NULL),(798,115,'mr','Mars',NULL,NULL,NULL,NULL,NULL,NULL),(799,115,'ms','Misa',NULL,NULL,NULL,NULL,NULL,NULL),(800,115,'mu','Bentuk majemuk',NULL,NULL,NULL,NULL,NULL,NULL),(801,115,'mz','Mazurka',NULL,NULL,NULL,NULL,NULL,NULL),(802,115,'nc','Nocturne',NULL,NULL,NULL,NULL,NULL,NULL),(803,115,'nn','Tidak dapat diterapkan',NULL,NULL,NULL,NULL,NULL,NULL),(804,115,'op','Opera',NULL,NULL,NULL,NULL,NULL,NULL),(805,115,'or','Oratorio',NULL,NULL,NULL,NULL,NULL,NULL),(806,115,'ov','Overture',NULL,NULL,NULL,NULL,NULL,NULL),(807,115,'pg','Musik program',NULL,NULL,NULL,NULL,NULL,NULL),(808,115,'pm','Passion music',NULL,NULL,NULL,NULL,NULL,NULL),(809,115,'po','Polonaise',NULL,NULL,NULL,NULL,NULL,NULL),(810,115,'pp','Musik populer',NULL,NULL,NULL,NULL,NULL,NULL),(811,115,'pr','Prelude',NULL,NULL,NULL,NULL,NULL,NULL),(812,115,'ps','Passacaglia',NULL,NULL,NULL,NULL,NULL,NULL),(813,115,'pt','Part-songs',NULL,NULL,NULL,NULL,NULL,NULL),(814,115,'pv','Pavan',NULL,NULL,NULL,NULL,NULL,NULL),(815,115,'rc','Rock',NULL,NULL,NULL,NULL,NULL,NULL),(816,115,'rd','Rondo',NULL,NULL,NULL,NULL,NULL,NULL),(817,115,'rg','Ragtime',NULL,NULL,NULL,NULL,NULL,NULL),(818,115,'ri','Ricercars',NULL,NULL,NULL,NULL,NULL,NULL),(819,115,'rp','Rhapsodi',NULL,NULL,NULL,NULL,NULL,NULL),(820,115,'rq','Requiem',NULL,NULL,NULL,NULL,NULL,NULL),(821,115,'sd','Square dance music',NULL,NULL,NULL,NULL,NULL,NULL),(822,115,'sg','Lagu',NULL,NULL,NULL,NULL,NULL,NULL),(823,115,'sn','Sonata',NULL,NULL,NULL,NULL,NULL,NULL),(824,115,'sp','Symphonic poems',NULL,NULL,NULL,NULL,NULL,NULL),(825,115,'st','Pelajaran dan latihan',NULL,NULL,NULL,NULL,NULL,NULL),(826,115,'su','Suite',NULL,NULL,NULL,NULL,NULL,NULL),(827,115,'sy','Simfoni',NULL,NULL,NULL,NULL,NULL,NULL),(828,115,'tc','Toccatas',NULL,NULL,NULL,NULL,NULL,NULL),(829,115,'tl','Teatro lirico',NULL,NULL,NULL,NULL,NULL,NULL),(830,115,'ts','Trio-sonata',NULL,NULL,NULL,NULL,NULL,NULL),(831,115,'uu','Tidak diketahui',NULL,NULL,NULL,NULL,NULL,NULL),(832,115,'vr','Bervariasi',NULL,NULL,NULL,NULL,NULL,NULL),(833,115,'vw','Waltz',NULL,NULL,NULL,NULL,NULL,NULL),(834,115,'za','Zarzuelas',NULL,NULL,NULL,NULL,NULL,NULL),(835,115,'zz','Lainnya',NULL,NULL,NULL,NULL,NULL,NULL),(836,115,'||','Tidak ada kode yang sesuai',NULL,NULL,NULL,NULL,NULL,NULL),(837,116,'a','Notasi penuh',NULL,NULL,NULL,NULL,NULL,NULL),(838,116,'b','Notasi penuh, miniatur atau ringkas',NULL,NULL,NULL,NULL,NULL,NULL),(839,116,'c','Pengiring disederhanakan untuk keyboard',NULL,NULL,NULL,NULL,NULL,NULL),(840,116,'d','Notasi untuk vokal (Voice score)',NULL,NULL,NULL,NULL,NULL,NULL),(841,116,'e','Notasi ringkas atau Notasi untuk konduktor piano (Condensed score or piano-conductor score)',NULL,NULL,NULL,NULL,NULL,NULL),(842,116,'g','Notasi tertutup (Close score)',NULL,NULL,NULL,NULL,NULL,NULL),(843,116,'h','Notasi refrein (Chorus score)',NULL,NULL,NULL,NULL,NULL,NULL),(844,116,'i','Notasi ringkas (Condensed score)',NULL,NULL,NULL,NULL,NULL,NULL),(845,116,'j','Performer-conductor part',NULL,NULL,NULL,NULL,NULL,NULL),(846,116,'m','Bentuk notasi majemuk (Multiple score formats)',NULL,NULL,NULL,NULL,NULL,NULL),(847,116,'n','Tidak dapat diterapkan',NULL,NULL,NULL,NULL,NULL,NULL),(848,116,'u','Tidak diketahui',NULL,NULL,NULL,NULL,NULL,NULL),(849,116,'z','Lainnya',NULL,NULL,NULL,NULL,NULL,NULL),(850,116,'|','Tidak ada kode yang sesuai',NULL,NULL,NULL,NULL,NULL,NULL),(851,117,'#','Tidak ada bagian atau tidak dijelaskan',NULL,NULL,NULL,NULL,NULL,NULL),(852,117,'d','Bagian instrumental dan vokal',NULL,NULL,NULL,NULL,NULL,NULL),(853,117,'e','Bagian instrumental',NULL,NULL,NULL,NULL,NULL,NULL),(854,117,'f','Bagian vokal',NULL,NULL,NULL,NULL,NULL,NULL),(855,117,'n','Tidak dapat diterapkan',NULL,NULL,NULL,NULL,NULL,NULL),(856,117,'u','Tidak diketahui',NULL,NULL,NULL,NULL,NULL,NULL),(857,117,'|','Tidak ada kode yang sesuai',NULL,NULL,NULL,NULL,NULL,NULL),(858,118,'#','Tidak ada bahan sertaan',NULL,NULL,NULL,NULL,NULL,NULL),(859,118,'a','Diskografi',NULL,NULL,NULL,NULL,NULL,NULL),(860,118,'b','Bibliografi',NULL,NULL,NULL,NULL,NULL,NULL),(861,118,'c','Indeks tematik',NULL,NULL,NULL,NULL,NULL,NULL),(862,118,'d','Libretto atau teks',NULL,NULL,NULL,NULL,NULL,NULL),(863,118,'e','Biografi komponis atau pencipta',NULL,NULL,NULL,NULL,NULL,NULL),(864,118,'f','Biografi pemain atau sejarah ansambel',NULL,NULL,NULL,NULL,NULL,NULL),(865,118,'g','Informasi teknis atau historis tentang instrumen musik',NULL,NULL,NULL,NULL,NULL,NULL),(866,118,'h','Informasi teknis tentang musik',NULL,NULL,NULL,NULL,NULL,NULL),(867,118,'i','Informasi historis',NULL,NULL,NULL,NULL,NULL,NULL),(868,118,'k','Informasi etnologis',NULL,NULL,NULL,NULL,NULL,NULL),(869,118,'r','Instruksi/petunjuk',NULL,NULL,NULL,NULL,NULL,NULL),(870,118,'s','Musik',NULL,NULL,NULL,NULL,NULL,NULL),(871,118,'z','Lainnya',NULL,NULL,NULL,NULL,NULL,NULL),(872,118,'|','Tidak ada kode yang sesuai',NULL,NULL,NULL,NULL,NULL,NULL),(873,119,'#','Bahan merupakan rekaman suara musik',NULL,NULL,NULL,NULL,NULL,NULL),(874,119,'a','Otobiografi',NULL,NULL,NULL,NULL,NULL,NULL),(875,119,'b','Biografi',NULL,NULL,NULL,NULL,NULL,NULL),(876,119,'c','Prosiding pertemuan, konferensi, dsb',NULL,NULL,NULL,NULL,NULL,NULL),(877,119,'d','Drama',NULL,NULL,NULL,NULL,NULL,NULL),(878,119,'e','Esai',NULL,NULL,NULL,NULL,NULL,NULL),(879,119,'f','Fiksi',NULL,NULL,NULL,NULL,NULL,NULL),(880,119,'g','Laporan/reportase',NULL,NULL,NULL,NULL,NULL,NULL),(881,119,'h','Sejarah',NULL,NULL,NULL,NULL,NULL,NULL),(882,119,'i','Instruksi/petunjuk',NULL,NULL,NULL,NULL,NULL,NULL),(883,119,'j','Bahasa instruksi',NULL,NULL,NULL,NULL,NULL,NULL),(884,119,'k','Komedi',NULL,NULL,NULL,NULL,NULL,NULL),(885,119,'l','Kuliah, ceramah',NULL,NULL,NULL,NULL,NULL,NULL),(886,119,'m','Memoar',NULL,NULL,NULL,NULL,NULL,NULL),(887,119,'n','Tidak dapat diterapkan',NULL,NULL,NULL,NULL,NULL,NULL),(888,119,'o','Cerita rakyat',NULL,NULL,NULL,NULL,NULL,NULL),(889,119,'p','Puisi',NULL,NULL,NULL,NULL,NULL,NULL),(890,119,'r','Geladi',NULL,NULL,NULL,NULL,NULL,NULL),(891,119,'s','Bunyi',NULL,NULL,NULL,NULL,NULL,NULL),(892,119,'t','Wawancara',NULL,NULL,NULL,NULL,NULL,NULL),(893,119,'z','Lainnya',NULL,NULL,NULL,NULL,NULL,NULL),(894,119,'|','Tidak ada kode yang sesuai',NULL,NULL,NULL,NULL,NULL,NULL),(895,120,'#','Bukan aransemen atau transposisi atau tidak ditentukan',NULL,NULL,NULL,NULL,NULL,NULL),(896,120,'a','Transposisi',NULL,NULL,NULL,NULL,NULL,NULL),(897,120,'b','Aransemen',NULL,NULL,NULL,NULL,NULL,NULL),(898,120,'c','Ditransposisi dan dibuatkan aransemennya',NULL,NULL,NULL,NULL,NULL,NULL),(899,120,'n','Tidak dapat diterapkan',NULL,NULL,NULL,NULL,NULL,NULL),(900,120,'u','Tidak diketahui',NULL,NULL,NULL,NULL,NULL,NULL),(901,120,'|','Tidak ada kode yang sesuai',NULL,NULL,NULL,NULL,NULL,NULL),(902,123,'a','Kartu aperture',NULL,NULL,NULL,NULL,NULL,NULL),(903,123,'b','Kartrij mikrofilm',NULL,NULL,NULL,NULL,NULL,NULL),(904,123,'c','Kaset mikrofilm',NULL,NULL,NULL,NULL,NULL,NULL),(905,123,'d','Mikrofilm gulungan',NULL,NULL,NULL,NULL,NULL,NULL),(906,123,'e','Mikrofis',NULL,NULL,NULL,NULL,NULL,NULL),(907,123,'f','Kaset mikrofis',NULL,NULL,NULL,NULL,NULL,NULL),(908,123,'h','Slip mikrofilm',NULL,NULL,NULL,NULL,NULL,NULL),(909,123,'j','Rol mikrofilm',NULL,NULL,NULL,NULL,NULL,NULL),(910,123,'g','Mikrolegap',NULL,NULL,NULL,NULL,NULL,NULL),(911,123,'u','Tidak spesifik',NULL,NULL,NULL,NULL,NULL,NULL),(912,123,'z','Bentuk mikro lainnya',NULL,NULL,NULL,NULL,NULL,NULL),(913,123,'|','Tidak ada kode yang sesuai',NULL,NULL,NULL,NULL,NULL,NULL),(914,124,'a','Positif',NULL,NULL,NULL,NULL,NULL,NULL),(915,124,'b','Negatif',NULL,NULL,NULL,NULL,NULL,NULL),(916,124,'m','Polaritas campuran',NULL,NULL,NULL,NULL,NULL,NULL),(917,124,'u','Tidak diketahui',NULL,NULL,NULL,NULL,NULL,NULL),(918,124,'|','Tidak ada kode yang sesuai',NULL,NULL,NULL,NULL,NULL,NULL),(919,125,'a','8 mm',NULL,NULL,NULL,NULL,NULL,NULL),(920,125,'d','16 mm',NULL,NULL,NULL,NULL,NULL,NULL),(921,125,'f','35 mm',NULL,NULL,NULL,NULL,NULL,NULL),(922,125,'g','70 mm',NULL,NULL,NULL,NULL,NULL,NULL),(923,125,'h','105 mm',NULL,NULL,NULL,NULL,NULL,NULL),(924,125,'l','8x13 cm atau 3x5 inci',NULL,NULL,NULL,NULL,NULL,NULL),(925,125,'m','11x15 cm atau 4x6 inci',NULL,NULL,NULL,NULL,NULL,NULL),(926,125,'o','16x23 cm atau 6x9 inci',NULL,NULL,NULL,NULL,NULL,NULL),(927,125,'p','8x139x19 cm',NULL,NULL,NULL,NULL,NULL,NULL),(928,125,'u','Tidak diketahui',NULL,NULL,NULL,NULL,NULL,NULL),(929,125,'z','Dimensi lainnya',NULL,NULL,NULL,NULL,NULL,NULL),(930,125,'|','Tidak ada kode yang sesuai',NULL,NULL,NULL,NULL,NULL,NULL),(931,126,'a','Reduksi rendah (kurang dari 16x)(kurang dari 16:1)',NULL,NULL,NULL,NULL,NULL,NULL),(932,126,'b','Reduksi normal (16x-30x)(16:1-30:1)',NULL,NULL,NULL,NULL,NULL,NULL),(933,126,'c','Reduksi tinggi (16x-90x)(16:1-90:1)',NULL,NULL,NULL,NULL,NULL,NULL),(934,126,'d','Reduksi sangat tinggi (31x-60x)(31:1-60:1)',NULL,NULL,NULL,NULL,NULL,NULL),(935,126,'e','Reduksi ultra tinggi (di atas 90x)(di atas 90:1)',NULL,NULL,NULL,NULL,NULL,NULL),(936,126,'u','Tidak diketahui',NULL,NULL,NULL,NULL,NULL,NULL),(937,126,'v','Perbandingan reduksi bervariasi',NULL,NULL,NULL,NULL,NULL,NULL),(938,126,'|','Tidak ada kode yang sesuai',NULL,NULL,NULL,NULL,NULL,NULL),(939,127,'e150','Reduksi ultra tinggi, bentuk aslinya 150x bentuk mikro',NULL,NULL,NULL,NULL,NULL,NULL),(940,127,'c072','Reduksi tinggi, bentuk aslinya 72x bentuk mikro',NULL,NULL,NULL,NULL,NULL,NULL),(941,127,'u','Reduksi bentuk mikro terhadap bentuk aslinya tidak diketahui',NULL,NULL,NULL,NULL,NULL,NULL),(942,128,'b','Hitam putih / Monokrom (mis. hijau)',NULL,NULL,NULL,NULL,NULL,NULL),(943,128,'c','Banyak warna',NULL,NULL,NULL,NULL,NULL,NULL),(944,128,'m','Kombinasi monokrom dan berwarna',NULL,NULL,NULL,NULL,NULL,NULL),(945,128,'u','Tidak diketahui',NULL,NULL,NULL,NULL,NULL,NULL),(946,128,'z','Lain-lain',NULL,NULL,NULL,NULL,NULL,NULL),(947,128,'|','Tidak ada kode yang sesuai',NULL,NULL,NULL,NULL,NULL,NULL),(948,129,'a','Perak halida',NULL,NULL,NULL,NULL,NULL,NULL),(949,129,'b','Diazo',NULL,NULL,NULL,NULL,NULL,NULL),(950,129,'c','Vesikular',NULL,NULL,NULL,NULL,NULL,NULL),(951,129,'m','Emulsi campuran',NULL,NULL,NULL,NULL,NULL,NULL),(952,129,'n','Tidak dapat diterapkan',NULL,NULL,NULL,NULL,NULL,NULL),(953,129,'u','Tidak diketahui',NULL,NULL,NULL,NULL,NULL,NULL),(954,129,'z','Lain-lain',NULL,NULL,NULL,NULL,NULL,NULL),(955,129,'|','Tidak ada kode yang sesuai',NULL,NULL,NULL,NULL,NULL,NULL),(956,130,'a','Generasi pertama (master)',NULL,NULL,NULL,NULL,NULL,NULL),(957,130,'b','Kopi untuk pencetakan (printing master)',NULL,NULL,NULL,NULL,NULL,NULL),(958,130,'c','Kopi untuk pemakaian (service copy)',NULL,NULL,NULL,NULL,NULL,NULL),(959,130,'m','Generasi campuran (mixed generation)',NULL,NULL,NULL,NULL,NULL,NULL),(960,130,'u','Tidak diketahui',NULL,NULL,NULL,NULL,NULL,NULL),(961,130,'|','Tidak ada kode yang sesuai',NULL,NULL,NULL,NULL,NULL,NULL),(962,3,'#','Tidak terdapat modifikasi',NULL,NULL,NULL,NULL,NULL,NULL),(963,3,'d','Tanda hubung dihilangkan',NULL,NULL,NULL,NULL,NULL,NULL),(964,3,'o','Cantuman dan kartu tercetak diromanisasi/ditransliterasi',NULL,NULL,NULL,NULL,NULL,NULL),(965,3,'r','Cantuman diromanisasi/ditransliterasi, kartu aksara asli',NULL,NULL,NULL,NULL,NULL,NULL),(966,3,'s','Cantuman disingkat',NULL,NULL,NULL,NULL,NULL,NULL),(967,3,'x','Karakter Campuran',NULL,NULL,NULL,NULL,NULL,NULL),(968,3,'|','Tidak ada kode yang sesuai',NULL,NULL,NULL,NULL,NULL,NULL),(969,34,'v','Rekaman video',NULL,NULL,NULL,NULL,NULL,NULL),(970,37,'a','Beta (1/2 in, video kaset)',NULL,NULL,NULL,NULL,NULL,NULL),(971,37,'b','VHS (1/2 in, video kaset)',NULL,NULL,NULL,NULL,NULL,NULL),(972,37,'c','U-matic (3/4 in, video kaset)',NULL,NULL,NULL,NULL,NULL,NULL),(973,37,'d','EIAJ (1/2 in, gulungan)',NULL,NULL,NULL,NULL,NULL,NULL),(974,37,'e','Jenis C (1 in, gulungan)',NULL,NULL,NULL,NULL,NULL,NULL),(975,37,'f','Quadruplex (1 in or 2 in, gulungan)',NULL,NULL,NULL,NULL,NULL,NULL),(976,37,'g','Cakram laser (Laserdisc)',NULL,NULL,NULL,NULL,NULL,NULL),(977,37,'h','CED (Capacitance Electronic Disc) Cakram video (videodisc)',NULL,NULL,NULL,NULL,NULL,NULL),(978,37,'i','Betacam (1/2 in, video kaset)',NULL,NULL,NULL,NULL,NULL,NULL),(979,37,'j','Betacam SP (1/2 in, video kaset)',NULL,NULL,NULL,NULL,NULL,NULL),(980,37,'k','Super-VHS (1/2 in, video kaset)',NULL,NULL,NULL,NULL,NULL,NULL),(981,37,'m','M-II (1/2 in, video kaset)',NULL,NULL,NULL,NULL,NULL,NULL),(982,37,'o','D-2 (3/4 in, video kaset)',NULL,NULL,NULL,NULL,NULL,NULL),(983,37,'p','8 mm',NULL,NULL,NULL,NULL,NULL,NULL),(984,37,'q','Hi-8 mm',NULL,NULL,NULL,NULL,NULL,NULL),(985,37,'s','Cakram Blu-ray',NULL,NULL,NULL,NULL,NULL,NULL),(986,37,'u','Tidak diketahui',NULL,NULL,NULL,NULL,NULL,NULL),(987,37,'v','DVD',NULL,NULL,NULL,NULL,NULL,NULL),(988,37,'z','Lainnya',NULL,NULL,NULL,NULL,NULL,NULL),(989,37,'|','Tidak ada kode yang sesuai',NULL,NULL,NULL,NULL,NULL,NULL),(990,38,'#','Tanpa suara',NULL,NULL,NULL,NULL,NULL,NULL),(991,38,'a','Suara menyatu pada medium',NULL,NULL,NULL,NULL,NULL,NULL),(992,38,'b','Suara terpisah dari medium',NULL,NULL,NULL,NULL,NULL,NULL),(993,38,'u','Tidak diketahui',NULL,NULL,NULL,NULL,NULL,NULL),(994,38,'|','Tidak ada kode yang sesuai',NULL,NULL,NULL,NULL,NULL,NULL),(995,39,'#','Tanpa suara',NULL,NULL,NULL,NULL,NULL,NULL),(996,39,'a','Trek suara optik pada film',NULL,NULL,NULL,NULL,NULL,NULL),(997,39,'b','Trek magnetik pada film',NULL,NULL,NULL,NULL,NULL,NULL),(998,39,'c','Pita audio magnetik pada kartrij',NULL,NULL,NULL,NULL,NULL,NULL),(999,39,'d','Cakram suara (Sound disc)',NULL,NULL,NULL,NULL,NULL,NULL),(1000,39,'e','Pita audio magnetik gulungan',NULL,NULL,NULL,NULL,NULL,NULL),(1001,39,'f','Pita audio magnetik pada kaset',NULL,NULL,NULL,NULL,NULL,NULL),(1002,39,'g','Jalur suara optik dan magnetik pada film',NULL,NULL,NULL,NULL,NULL,NULL),(1003,39,'h','Pita video',NULL,NULL,NULL,NULL,NULL,NULL),(1004,39,'i','Cakram video',NULL,NULL,NULL,NULL,NULL,NULL),(1005,39,'u','Tidak diketahui',NULL,NULL,NULL,NULL,NULL,NULL),(1006,39,'z','Lainnya',NULL,NULL,NULL,NULL,NULL,NULL),(1007,39,'|','Tidak ada kode yang sesuai',NULL,NULL,NULL,NULL,NULL,NULL),(1008,41,'k','Campuran',NULL,NULL,NULL,NULL,NULL,NULL),(1009,41,'m','Monaural',NULL,NULL,NULL,NULL,NULL,NULL),(1010,41,'n','Tidak dapat diterapkan',NULL,NULL,NULL,NULL,NULL,NULL),(1011,41,'q','Kudrafonik, saluran ganda, atau surround',NULL,NULL,NULL,NULL,NULL,NULL),(1012,41,'s','Stereofonik',NULL,NULL,NULL,NULL,NULL,NULL),(1013,41,'u','Tidak diketahui',NULL,NULL,NULL,NULL,NULL,NULL),(1014,41,'z','Lainnya',NULL,NULL,NULL,NULL,NULL,NULL),(1015,41,'|','Tidak ada kode yang sesuai',NULL,NULL,NULL,NULL,NULL,NULL),(1016,9,'#','Bukan Reproduksi',NULL,NULL,NULL,NULL,NULL,NULL),(1017,9,'a','Mikrofilm',NULL,NULL,NULL,NULL,NULL,NULL),(1018,9,'b','Mikrofis',NULL,NULL,NULL,NULL,NULL,NULL),(1019,9,'c','Mikrolegap (micro-opaque)',NULL,NULL,NULL,NULL,NULL,NULL),(1020,9,'d','Cetakan dengan huruf berukuran besar',NULL,NULL,NULL,NULL,NULL,NULL),(1021,9,'f','Braille',NULL,NULL,NULL,NULL,NULL,NULL),(1022,9,'o','Sambungan jaringan = Online',NULL,NULL,NULL,NULL,NULL,NULL),(1023,9,'q','Direct electronic',NULL,NULL,NULL,NULL,NULL,NULL),(1024,9,'r','Reproduksi dengan cetakan biasa (cetakan terbaca dengan mata telanjang)',NULL,NULL,NULL,NULL,NULL,NULL),(1025,9,'s','Elektronik',NULL,NULL,NULL,NULL,NULL,NULL),(1026,9,'|','Tidak ada kode yang sesuai',NULL,NULL,NULL,NULL,NULL,NULL),(1027,1,'b','Data tidak tersedia',NULL,NULL,NULL,NULL,NULL,NULL),(1028,1,'c','Terbitan berkesinambungan yang masih terbit',NULL,NULL,NULL,NULL,NULL,NULL),(1029,1,'d','Terbitan berkesinambungan yang sudah tidak terbit lagi',NULL,NULL,NULL,NULL,NULL,NULL),(1030,1,'e','Tanggal terbit',NULL,NULL,NULL,NULL,NULL,NULL),(1031,1,'i','Tahun terbit karya kumpulan',NULL,NULL,NULL,NULL,NULL,NULL),(1032,1,'k','Kurun waktu tahun terbit sekumpulan karya',NULL,NULL,NULL,NULL,NULL,NULL),(1033,1,'m','Tahun terbit ganda',NULL,NULL,NULL,NULL,NULL,NULL),(1034,1,'n','Tahun terbit tidak diketahui',NULL,NULL,NULL,NULL,NULL,NULL),(1035,1,'p','Tahun distribusi/peluncuran/peredaran dan tahun produksi/perekaman bila berbeda',NULL,NULL,NULL,NULL,NULL,NULL),(1036,1,'q','Tahun terbit diragukan',NULL,NULL,NULL,NULL,NULL,NULL),(1037,1,'r','Tahun cetak ulang dan tahun terbit asli',NULL,NULL,NULL,NULL,NULL,NULL),(1038,1,'s','Tahun terbit atau tahun prakiraan terbit',NULL,NULL,NULL,NULL,NULL,NULL),(1039,1,'t','Tahun terbit dan tahun hak cipta',NULL,NULL,NULL,NULL,NULL,NULL),(1040,1,'u','Sumber daya berlanjut statusnya tidak diketahui',NULL,NULL,NULL,NULL,NULL,NULL),(1041,1,'|','Tidak ada kode yang sesuai',NULL,NULL,NULL,NULL,NULL,NULL),(1042,2,'#','Tidak diketahui / tidak ditentukan',NULL,NULL,NULL,NULL,NULL,NULL),(1043,2,'a','Anak prasekolah / taman kanak-kanak',NULL,NULL,NULL,NULL,NULL,NULL),(1044,2,'b','Anak sekolah dasar',NULL,NULL,NULL,NULL,NULL,NULL),(1045,2,'c','Anak menjelang remaja',NULL,NULL,NULL,NULL,NULL,NULL),(1046,2,'d','Remaja',NULL,NULL,NULL,NULL,NULL,NULL),(1047,2,'e','Dewasa',NULL,NULL,NULL,NULL,NULL,NULL),(1048,2,'f','Kelompok khusus',NULL,NULL,NULL,NULL,NULL,NULL),(1049,2,'g','Umum',NULL,NULL,NULL,NULL,NULL,NULL),(1050,2,'j','Anak dan remaja',NULL,NULL,NULL,NULL,NULL,NULL),(1051,2,'|','Tidak ada kode yang sesuai',NULL,NULL,NULL,NULL,NULL,NULL),(1052,98,'p','Materi campuran',NULL,NULL,NULL,NULL,NULL,NULL),(1053,19,'m','Berkas komputer / Sumber daya elektronik',NULL,NULL,NULL,NULL,NULL,NULL),(1054,77,'g','Media yang diproyeksikan',NULL,NULL,NULL,NULL,NULL,NULL),(1055,77,'k','Gambar dua dimensi tidak diproyeksikan',NULL,NULL,NULL,NULL,NULL,NULL),(1056,77,'o','Kit',NULL,NULL,NULL,NULL,NULL,NULL),(1057,77,'r','Artefak tidak dimensi atau object alami',NULL,NULL,NULL,NULL,NULL,NULL),(1058,11,'a','Materi bahasa',NULL,NULL,NULL,NULL,NULL,NULL),(1059,11,'t','Materi bahasa manuskrip',NULL,NULL,NULL,NULL,NULL,NULL),(1060,89,'c','Musik bernotasi',NULL,NULL,NULL,NULL,NULL,NULL),(1061,89,'d','Manuskrip musik bernotasi',NULL,NULL,NULL,NULL,NULL,NULL),(1062,89,'i','Rekaman suara bukan musik',NULL,NULL,NULL,NULL,NULL,NULL),(1063,89,'j','Rekaman suara musik',NULL,NULL,NULL,NULL,NULL,NULL),(1064,59,'e','Bahan pustaka kartografis',NULL,NULL,NULL,NULL,NULL,NULL),(1065,59,'f','Bahan pustaka kartografis manuskrip',NULL,NULL,NULL,NULL,NULL,NULL),(1066,45,'s','Sumber berlanjut / Sumber terpadu',NULL,NULL,NULL,NULL,NULL,NULL),(1067,131,'a','Dasar pengaman, tidak ditentukan',NULL,NULL,NULL,NULL,NULL,NULL),(1068,131,'c','Dasar pengaman, asetat tidak ditentukan',NULL,NULL,NULL,NULL,NULL,NULL),(1069,131,'d','Dasar pengaman, diasetat',NULL,NULL,NULL,NULL,NULL,NULL),(1070,131,'i','Dasar nitrat',NULL,NULL,NULL,NULL,NULL,NULL),(1071,131,'m','Dasar campuran',NULL,NULL,NULL,NULL,NULL,NULL),(1072,131,'n','Tidak dapat diterapkan',NULL,NULL,NULL,NULL,NULL,NULL),(1073,131,'p','Dasar pengaman, poliester',NULL,NULL,NULL,NULL,NULL,NULL),(1074,131,'r','Dasar pengaman, campuran',NULL,NULL,NULL,NULL,NULL,NULL),(1075,131,'t','Dasar pengaman, triasetat',NULL,NULL,NULL,NULL,NULL,NULL),(1076,131,'u','Tidak diketahui',NULL,NULL,NULL,NULL,NULL,NULL),(1077,131,'z','Lainnya',NULL,NULL,NULL,NULL,NULL,NULL),(1078,131,'|','Tidak ada kode yang sesuai',NULL,NULL,NULL,NULL,NULL,NULL),(1079,16,'0','Bukan terbitan konferensi',NULL,NULL,NULL,NULL,NULL,NULL),(1080,16,'1','Terbitan konferensi',NULL,NULL,NULL,NULL,NULL,NULL),(1081,16,'|','Tidak ada kode yang sesuai',NULL,NULL,NULL,NULL,NULL,NULL),(1082,70,'#','Tidak ada penjelasan',NULL,NULL,NULL,NULL,NULL,NULL),(1083,70,'e','Manuskrip',NULL,NULL,NULL,NULL,NULL,NULL),(1084,70,'j','Kartu bergambar, kartu pos',NULL,NULL,NULL,NULL,NULL,NULL),(1085,70,'k','Kalender',NULL,NULL,NULL,NULL,NULL,NULL),(1086,70,'l','Teka-teki',NULL,NULL,NULL,NULL,NULL,NULL),(1087,70,'n','Permainan',NULL,NULL,NULL,NULL,NULL,NULL),(1088,70,'o','Peta dinding',NULL,NULL,NULL,NULL,NULL,NULL),(1089,70,'p','Kartu permainan',NULL,NULL,NULL,NULL,NULL,NULL),(1090,70,'r','Lembar lepas',NULL,NULL,NULL,NULL,NULL,NULL),(1091,70,'z','Lainnya',NULL,NULL,NULL,NULL,NULL,NULL),(1093,42,'---','Lama waktu tayang tidak diketahui',NULL,NULL,NULL,NULL,NULL,NULL),(1094,42,'000','Lama waktu tayang lebih dari tiga karakter',NULL,NULL,NULL,NULL,NULL,NULL),(1095,42,'001-999','Lama waktu tayang',NULL,NULL,NULL,NULL,NULL,NULL),(1096,42,'nnn','Tidak dapat diterapkan',NULL,NULL,NULL,NULL,NULL,NULL),(1097,42,'|||','Tidak ada kode yang sesuai',NULL,NULL,NULL,NULL,NULL,NULL),(1098,122,'h','Bentuk mikro',NULL,NULL,NULL,NULL,NULL,NULL),(1099,20,'c','Sumber daya elektronik',NULL,NULL,NULL,NULL,NULL,NULL),(1100,12,'z','Tidak spesifik',NULL,NULL,NULL,NULL,NULL,NULL),(1101,60,'a','Peta',NULL,NULL,NULL,NULL,NULL,NULL),(1102,46,'z','Tidak spesifik',NULL,NULL,NULL,NULL,NULL,NULL),(1103,43,'a','Karya seni asli',NULL,NULL,NULL,NULL,NULL,NULL),(1104,43,'b','Kit',NULL,NULL,NULL,NULL,NULL,NULL),(1105,43,'c','Karya seni hasil reproduksi',NULL,NULL,NULL,NULL,NULL,NULL),(1106,43,'d','Diorama',NULL,NULL,NULL,NULL,NULL,NULL),(1107,43,'f','Filmstrip',NULL,NULL,NULL,NULL,NULL,NULL),(1108,43,'g','Permainan',NULL,NULL,NULL,NULL,NULL,NULL),(1109,43,'i','Gambar / lukisan',NULL,NULL,NULL,NULL,NULL,NULL),(1110,43,'k','Gambar grafis',NULL,NULL,NULL,NULL,NULL,NULL),(1111,43,'l','Gambar teknik',NULL,NULL,NULL,NULL,NULL,NULL),(1112,43,'m','Citra bergerak',NULL,NULL,NULL,NULL,NULL,NULL),(1113,43,'n','Diagram',NULL,NULL,NULL,NULL,NULL,NULL),(1114,43,'o','Kartu kilas (flash card)',NULL,NULL,NULL,NULL,NULL,NULL),(1115,43,'p','Slaid mikroskop (Microscope slide)',NULL,NULL,NULL,NULL,NULL,NULL),(1116,43,'q','Model',NULL,NULL,NULL,NULL,NULL,NULL),(1117,43,'r','Realia',NULL,NULL,NULL,NULL,NULL,NULL),(1118,43,'s','Slaid (slide)',NULL,NULL,NULL,NULL,NULL,NULL),(1119,43,'t','Transparansi',NULL,NULL,NULL,NULL,NULL,NULL),(1120,43,'v','Rekaman video',NULL,NULL,NULL,NULL,NULL,NULL),(1121,43,'w','Mainan',NULL,NULL,NULL,NULL,NULL,NULL),(1122,43,'z','Lainnya',NULL,NULL,NULL,NULL,NULL,NULL),(1123,43,'|','Tidak ada kode yang sesuai',NULL,NULL,NULL,NULL,NULL,NULL),(1124,87,'a','Karya seni asli',NULL,NULL,NULL,NULL,NULL,NULL),(1125,87,'b','Kit',NULL,NULL,NULL,NULL,NULL,NULL),(1126,87,'c','Karya seni hasil reproduksi',NULL,NULL,NULL,NULL,NULL,NULL),(1127,87,'d','Diorama',NULL,NULL,NULL,NULL,NULL,NULL),(1128,87,'f','Filmstrip',NULL,NULL,NULL,NULL,NULL,NULL),(1129,87,'g','Permainan',NULL,NULL,NULL,NULL,NULL,NULL),(1130,87,'i','Gambar / lukisan',NULL,NULL,NULL,NULL,NULL,NULL),(1131,87,'k','Gambar grafis',NULL,NULL,NULL,NULL,NULL,NULL),(1132,87,'l','Gambar teknik',NULL,NULL,NULL,NULL,NULL,NULL),(1133,87,'m','Citra bergerak',NULL,NULL,NULL,NULL,NULL,NULL),(1134,87,'n','Diagram',NULL,NULL,NULL,NULL,NULL,NULL),(1135,87,'o','Kartu kilas (flash card)',NULL,NULL,NULL,NULL,NULL,NULL),(1136,87,'p','Slaid mikroskop (Microscope slide)',NULL,NULL,NULL,NULL,NULL,NULL),(1137,87,'q','Model',NULL,NULL,NULL,NULL,NULL,NULL),(1138,87,'r','Realia',NULL,NULL,NULL,NULL,NULL,NULL),(1139,87,'s','Slaid (slide)',NULL,NULL,NULL,NULL,NULL,NULL),(1140,87,'t','Transparansi',NULL,NULL,NULL,NULL,NULL,NULL),(1141,87,'v','Rekaman video',NULL,NULL,NULL,NULL,NULL,NULL),(1142,87,'w','Mainan',NULL,NULL,NULL,NULL,NULL,NULL),(1143,87,'z','Lainnya',NULL,NULL,NULL,NULL,NULL,NULL),(1144,87,'|','Tidak ada kode yang sesuai',NULL,NULL,NULL,NULL,NULL,NULL),(1145,4,'#','Lembaga pengelola bibliografi nasional',NULL,NULL,NULL,NULL,NULL,NULL),(1146,4,'c','Program kerjasama pengkatalogan',NULL,NULL,NULL,NULL,NULL,NULL),(1147,4,'d','Lainnya',NULL,NULL,NULL,NULL,NULL,NULL),(1148,4,'u','Tidak diketahui',NULL,NULL,NULL,NULL,NULL,NULL),(1149,4,'|','Tidak ada kode yang sesuai',NULL,NULL,NULL,NULL,NULL,NULL),(1150,6,'#','Bukan terbitan badan pemerintah',NULL,NULL,NULL,NULL,NULL,NULL),(1151,6,'a','Badan otonomi atau semi-otonomi dari federasi',NULL,NULL,NULL,NULL,NULL,NULL),(1152,6,'c','Terbitan bersama (Kab/Kota ke bawah)',NULL,NULL,NULL,NULL,NULL,NULL),(1153,6,'f','Badan pemerintah federal/nasional/pusat',NULL,NULL,NULL,NULL,NULL,NULL),(1154,6,'i','Badan internasional antar pemerintah',NULL,NULL,NULL,NULL,NULL,NULL),(1155,6,'l','Badan pemerintah kota/kab atau yang lebih rendah',NULL,NULL,NULL,NULL,NULL,NULL),(1156,6,'m','Terbitan bersama dari beberapa badan pemerintah provinsi',NULL,NULL,NULL,NULL,NULL,NULL),(1157,6,'o','Terbitan pemerintah (tingkat pemerintahan tidak diketahui)',NULL,NULL,NULL,NULL,NULL,NULL),(1158,6,'s','Terbitan pemerintah negara bagian, provinsi, wilayah, dsb',NULL,NULL,NULL,NULL,NULL,NULL),(1159,6,'u','Tidak dapat dipastikan terbitan pemerintha atau bukan',NULL,NULL,NULL,NULL,NULL,NULL),(1160,6,'z','Terbitan pemerintah jenis lainnya',NULL,NULL,NULL,NULL,NULL,NULL),(1161,6,'|','Tidak ada kode yang sesuai',NULL,NULL,NULL,NULL,NULL,NULL),(1162,133,'g','Media yang diproyeksikan',NULL,NULL,NULL,NULL,NULL,NULL),(1163,133,'k','Gambar dua dimensi tidak diproyeksikan',NULL,NULL,NULL,NULL,NULL,NULL),(1164,133,'o','Kit',NULL,NULL,NULL,NULL,NULL,NULL),(1165,133,'r','Artefak tidak dimensi atau object alami',NULL,NULL,NULL,NULL,NULL,NULL),(1166,135,'g','Media yang diproyeksikan',NULL,NULL,NULL,NULL,NULL,NULL),(1167,135,'k','Gambar dua dimensi tidak diproyeksikan',NULL,NULL,NULL,NULL,NULL,NULL),(1168,135,'o','Kit',NULL,NULL,NULL,NULL,NULL,NULL),(1169,135,'r','Artefak tidak dimensi atau object alami',NULL,NULL,NULL,NULL,NULL,NULL),(1170,134,'c','Musik bernotasi',NULL,NULL,NULL,NULL,NULL,NULL),(1171,134,'d','Manuskrip musik bernotasi',NULL,NULL,NULL,NULL,NULL,NULL),(1172,134,'i','Rekaman suara bukan musik',NULL,NULL,NULL,NULL,NULL,NULL),(1173,134,'j','Rekaman suara musik',NULL,NULL,NULL,NULL,NULL,NULL),(1174,25,'---','Tidak diketahui',NULL,NULL,NULL,NULL,NULL,NULL),(1175,60,'d','Bola dunia',NULL,NULL,NULL,NULL,NULL,NULL),(1176,61,'a','Bola benda langit',NULL,NULL,NULL,NULL,NULL,NULL),(1177,61,'b','Bola planet atau bulan',NULL,NULL,NULL,NULL,NULL,NULL),(1178,61,'c','Bola bumi',NULL,NULL,NULL,NULL,NULL,NULL),(1179,61,'e','Bola bumi-bulan',NULL,NULL,NULL,NULL,NULL,NULL),(1180,63,'i','Plastik',NULL,NULL,NULL,NULL,NULL,NULL),(1181,63,'l','Vinil',NULL,NULL,NULL,NULL,NULL,NULL),(1182,63,'n','Velum',NULL,NULL,NULL,NULL,NULL,NULL),(1183,46,'f','Bahan perpustakaan taktil',NULL,NULL,NULL,NULL,NULL,NULL),(1184,47,'a','Cetakan/braille',NULL,NULL,NULL,NULL,NULL,NULL),(1185,47,'b','Braille ukuran jumbo atau diperbesar',NULL,NULL,NULL,NULL,NULL,NULL),(1186,47,'c','Kombinasi',NULL,NULL,NULL,NULL,NULL,NULL),(1187,47,'d','Taktil, tanpa sistem penulisan',NULL,NULL,NULL,NULL,NULL,NULL),(1188,136,'#','Tidak ada penjelasan mengenai jenis penulisan braille',NULL,NULL,NULL,NULL,NULL,NULL),(1189,136,'a','Braille untuk tulisan',NULL,NULL,NULL,NULL,NULL,NULL),(1190,136,'b','Braille menggunakan kode format',NULL,NULL,NULL,NULL,NULL,NULL),(1191,136,'c','Braille untuk keperluan matematik dan sains',NULL,NULL,NULL,NULL,NULL,NULL),(1192,136,'d','Braille untuk komputer',NULL,NULL,NULL,NULL,NULL,NULL),(1193,136,'e','Braille untuk musik',NULL,NULL,NULL,NULL,NULL,NULL),(1194,136,'m','Berbagai jenis braille',NULL,NULL,NULL,NULL,NULL,NULL),(1195,136,'n','Tidak dapat diterapkan',NULL,NULL,NULL,NULL,NULL,NULL),(1196,136,'u','Tidak diketahui',NULL,NULL,NULL,NULL,NULL,NULL),(1197,136,'z','Lainnya',NULL,NULL,NULL,NULL,NULL,NULL),(1198,136,'|','Tidak ada kode yang sesuai',NULL,NULL,NULL,NULL,NULL,NULL),(1199,137,'a','Tidak ada penyingkatan',NULL,NULL,NULL,NULL,NULL,NULL),(1200,137,'b','Ada penyingkatan',NULL,NULL,NULL,NULL,NULL,NULL),(1201,137,'m','Kombinasi',NULL,NULL,NULL,NULL,NULL,NULL),(1202,137,'n','Tidak dapat diterapkan',NULL,NULL,NULL,NULL,NULL,NULL),(1203,137,'u','Tidak diketahui',NULL,NULL,NULL,NULL,NULL,NULL),(1204,137,'z','Lainnya',NULL,NULL,NULL,NULL,NULL,NULL),(1205,137,'|','Tidak ada kode yang sesuai',NULL,NULL,NULL,NULL,NULL,NULL),(1206,138,'#','Tidak ada keterangan tentang format braille musik',NULL,NULL,NULL,NULL,NULL,NULL),(1207,138,'a','Bar ke bar',NULL,NULL,NULL,NULL,NULL,NULL),(1208,138,'b','Bar demi bar',NULL,NULL,NULL,NULL,NULL,NULL),(1209,138,'c','Garis ke garis',NULL,NULL,NULL,NULL,NULL,NULL),(1210,138,'d','Paragraf',NULL,NULL,NULL,NULL,NULL,NULL),(1211,138,'e','Garis tunggal',NULL,NULL,NULL,NULL,NULL,NULL),(1212,138,'f','Bagian demi bagian',NULL,NULL,NULL,NULL,NULL,NULL),(1213,138,'g','Garis demi garis',NULL,NULL,NULL,NULL,NULL,NULL),(1214,138,'h','Notasi terbuka',NULL,NULL,NULL,NULL,NULL,NULL),(1215,138,'i','Spanner short form scoring',NULL,NULL,NULL,NULL,NULL,NULL),(1216,138,'j','Skor ringkas',NULL,NULL,NULL,NULL,NULL,NULL),(1217,138,'k','Ragangan',NULL,NULL,NULL,NULL,NULL,NULL),(1218,138,'l','Notasi vertikal',NULL,NULL,NULL,NULL,NULL,NULL),(1219,138,'m','Tidak dapat diterapkan',NULL,NULL,NULL,NULL,NULL,NULL),(1220,138,'u','Tidak diketahui',NULL,NULL,NULL,NULL,NULL,NULL),(1221,138,'z','Lainnya',NULL,NULL,NULL,NULL,NULL,NULL),(1222,138,'|','Tidak ada kode yang sesuai',NULL,NULL,NULL,NULL,NULL,NULL),(1223,79,'s','Salindia',NULL,NULL,NULL,NULL,NULL,NULL),(1224,79,'t','Transparansi',NULL,NULL,NULL,NULL,NULL,NULL),(1225,80,'h','Perwarnaan manual',NULL,NULL,NULL,NULL,NULL,NULL),(1226,78,'g','Bahan grafis terproyeksi',NULL,NULL,NULL,NULL,NULL,NULL),(1227,76,'j','Film pengaman',NULL,NULL,NULL,NULL,NULL,NULL),(1228,76,'k','Bahan film selain film pengaman',NULL,NULL,NULL,NULL,NULL,NULL),(1229,125,'b','Super 8 mm/Single 8 mm',NULL,NULL,NULL,NULL,NULL,NULL),(1230,125,'c','9 ÃƒÆ’Ã†â€™Ãƒâ€ Ã¢â‚¬â„¢ÃƒÆ’Ã¢â‚¬Â ÃƒÂ¢Ã¢â€šÂ¬Ã¢â€žÂ¢Ã',NULL,NULL,NULL,NULL,NULL,NULL),(1231,125,'e','28 mm',NULL,NULL,NULL,NULL,NULL,NULL),(1232,125,'j','2x2 inci atau 5x5 cm',NULL,NULL,NULL,NULL,NULL,NULL),(1233,125,'k','2 ÃƒÆ’Ã†â€™Ãƒâ€ Ã¢â‚¬â„¢ÃƒÆ’Ã¢â‚¬Â ÃƒÂ¢Ã¢â€šÂ¬Ã¢â€žÂ¢Ã',NULL,NULL,NULL,NULL,NULL,NULL),(1234,125,'s','4x5 inci atau 10x13 cm',NULL,NULL,NULL,NULL,NULL,NULL),(1235,125,'t','5x7 inci atau 13x18 cm',NULL,NULL,NULL,NULL,NULL,NULL),(1236,125,'v','8x10 inci atau 21x26 cm',NULL,NULL,NULL,NULL,NULL,NULL),(1237,125,'w','9x9 inci atau 23x23 cm',NULL,NULL,NULL,NULL,NULL,NULL),(1238,125,'x','10x10 inci atau 26x26 cm',NULL,NULL,NULL,NULL,NULL,NULL),(1239,125,'y','7x7 inci atau 18x18 cm',NULL,NULL,NULL,NULL,NULL,NULL),(1240,102,'s','Rekaman suara',NULL,NULL,NULL,NULL,NULL,NULL),(1241,12,'t','Teks',NULL,NULL,NULL,NULL,NULL,NULL),(1242,13,'a','Cetakan dengan ukuran huruf yang biasa',NULL,NULL,NULL,NULL,NULL,NULL),(1243,13,'b','Cetakan dengan huruf yang besar',NULL,NULL,NULL,NULL,NULL,NULL),(1244,13,'c','Braille',NULL,NULL,NULL,NULL,NULL,NULL),(1245,13,'d','Teks dalam lembaran lepas',NULL,NULL,NULL,NULL,NULL,NULL),(1246,68,'ab','Gnomic',NULL,NULL,NULL,NULL,NULL,NULL),(1247,58,'0','Entri pengganti',NULL,NULL,NULL,NULL,NULL,NULL),(1248,139,'---','Lama waktu tayang tidak diketahui',NULL,NULL,NULL,NULL,NULL,NULL),(1249,139,'001-999','Lama waktu tayang',NULL,NULL,NULL,NULL,NULL,NULL),(1250,139,'nnn','Tidak dapat diterapkan',NULL,NULL,NULL,NULL,NULL,NULL),(1251,139,'|||','Tidak ada kode yang sesuai',NULL,NULL,NULL,NULL,NULL,NULL),(1252,139,'000','Lama waktu tayang lebih dari tiga karakter',NULL,NULL,NULL,NULL,NULL,NULL),(1253,140,'a','Karya seni asli',NULL,NULL,NULL,NULL,NULL,NULL),(1254,140,'b','Kit',NULL,NULL,NULL,NULL,NULL,NULL),(1255,140,'c','Karya seni hasil reproduksi',NULL,NULL,NULL,NULL,NULL,NULL),(1256,140,'d','Diorama',NULL,NULL,NULL,NULL,NULL,NULL),(1257,140,'f','Filmstrip',NULL,NULL,NULL,NULL,NULL,NULL),(1258,140,'g','Permainan',NULL,NULL,NULL,NULL,NULL,NULL),(1259,140,'i','Gambar / lukisan',NULL,NULL,NULL,NULL,NULL,NULL),(1260,140,'k','Gambar grafis',NULL,NULL,NULL,NULL,NULL,NULL),(1261,140,'l','Gambar teknik',NULL,NULL,NULL,NULL,NULL,NULL),(1262,140,'m','Citra bergerak',NULL,NULL,NULL,NULL,NULL,NULL),(1263,140,'n','Diagram',NULL,NULL,NULL,NULL,NULL,NULL),(1264,140,'o','Kartu kilas (flash card)',NULL,NULL,NULL,NULL,NULL,NULL),(1265,140,'p','Slaid mikroskop (Microscope slide)',NULL,NULL,NULL,NULL,NULL,NULL),(1266,140,'q','Model',NULL,NULL,NULL,NULL,NULL,NULL),(1267,140,'r','Realia',NULL,NULL,NULL,NULL,NULL,NULL),(1268,140,'s','Slaid (slide)',NULL,NULL,NULL,NULL,NULL,NULL),(1269,140,'t','Transparansi',NULL,NULL,NULL,NULL,NULL,NULL),(1270,140,'v','Rekaman video',NULL,NULL,NULL,NULL,NULL,NULL),(1271,140,'w','Mainan',NULL,NULL,NULL,NULL,NULL,NULL),(1272,140,'z','Lainnya',NULL,NULL,NULL,NULL,NULL,NULL),(1273,140,'|','Tidak ada kode yang sesuai',NULL,NULL,NULL,NULL,NULL,NULL),(1274,141,'a','Animasi',NULL,NULL,NULL,NULL,NULL,NULL),(1275,141,'c','Animasi dan aksi hidup (live action)',NULL,NULL,NULL,NULL,NULL,NULL),(1276,141,'l','Aksi hidup (live action)',NULL,NULL,NULL,NULL,NULL,NULL),(1277,141,'n','Tidak dapat diterapkan',NULL,NULL,NULL,NULL,NULL,NULL),(1278,141,'u','Tidak diketahui',NULL,NULL,NULL,NULL,NULL,NULL),(1279,141,'z','Teknik lain',NULL,NULL,NULL,NULL,NULL,NULL),(1280,141,'|','Tidak ada kode yang sesuai',NULL,NULL,NULL,NULL,NULL,NULL),(1281,142,'---','Lama waktu tayang tidak diketahui',NULL,NULL,NULL,NULL,NULL,NULL),(1282,142,'001-999','Lama waktu tayang',NULL,NULL,NULL,NULL,NULL,NULL),(1283,142,'nnn','Tidak dapat diterapkan',NULL,NULL,NULL,NULL,NULL,NULL),(1284,142,'|||','Tidak ada kode yang sesuai',NULL,NULL,NULL,NULL,NULL,NULL),(1285,142,'000','Lama waktu tayang lebih dari tiga karakter',NULL,NULL,NULL,NULL,NULL,NULL),(1286,143,'a','Karya seni asli',NULL,NULL,NULL,NULL,NULL,NULL),(1287,143,'b','Kit',NULL,NULL,NULL,NULL,NULL,NULL),(1288,143,'c','Karya seni hasil reproduksi',NULL,NULL,NULL,NULL,NULL,NULL),(1289,143,'d','Diorama',NULL,NULL,NULL,NULL,NULL,NULL),(1290,143,'f','Filmstrip',NULL,NULL,NULL,NULL,NULL,NULL),(1291,143,'g','Permainan',NULL,NULL,NULL,NULL,NULL,NULL),(1292,143,'i','Gambar / lukisan',NULL,NULL,NULL,NULL,NULL,NULL),(1293,143,'k','Gambar grafis',NULL,NULL,NULL,NULL,NULL,NULL),(1294,143,'l','Gambar teknik',NULL,NULL,NULL,NULL,NULL,NULL),(1295,143,'m','Citra bergerak',NULL,NULL,NULL,NULL,NULL,NULL),(1296,143,'n','Diagram',NULL,NULL,NULL,NULL,NULL,NULL),(1297,143,'o','Kartu kilas (flash card)',NULL,NULL,NULL,NULL,NULL,NULL),(1298,143,'p','Slaid mikroskop (Microscope slide)',NULL,NULL,NULL,NULL,NULL,NULL),(1299,143,'q','Model',NULL,NULL,NULL,NULL,NULL,NULL),(1300,143,'r','Realia',NULL,NULL,NULL,NULL,NULL,NULL),(1301,143,'s','Slaid (slide)',NULL,NULL,NULL,NULL,NULL,NULL),(1302,143,'t','Transparansi',NULL,NULL,NULL,NULL,NULL,NULL),(1303,143,'v','Rekaman video',NULL,NULL,NULL,NULL,NULL,NULL),(1304,143,'w','Mainan',NULL,NULL,NULL,NULL,NULL,NULL),(1305,143,'z','Lainnya',NULL,NULL,NULL,NULL,NULL,NULL),(1306,143,'|','Tidak ada kode yang sesuai',NULL,NULL,NULL,NULL,NULL,NULL),(1307,144,'a','Animasi',NULL,NULL,NULL,NULL,NULL,NULL),(1308,144,'c','Animasi dan aksi hidup (live action)',NULL,NULL,NULL,NULL,NULL,NULL),(1309,144,'l','Aksi hidup (live action)',NULL,NULL,NULL,NULL,NULL,NULL),(1310,144,'n','Tidak dapat diterapkan',NULL,NULL,NULL,NULL,NULL,NULL),(1311,144,'u','Tidak diketahui',NULL,NULL,NULL,NULL,NULL,NULL),(1312,144,'z','Teknik lain',NULL,NULL,NULL,NULL,NULL,NULL),(1313,144,'|','Tidak ada kode yang sesuai',NULL,NULL,NULL,NULL,NULL,NULL),(1314,145,'---','Lama waktu tayang tidak diketahui',NULL,NULL,NULL,NULL,NULL,NULL),(1315,145,'001-999','Lama waktu tayang',NULL,NULL,NULL,NULL,NULL,NULL),(1316,145,'nnn','Tidak dapat diterapkan',NULL,NULL,NULL,NULL,NULL,NULL),(1317,145,'|||','Tidak ada kode yang sesuai',NULL,NULL,NULL,NULL,NULL,NULL),(1318,145,'000','Lama waktu tayang lebih dari tiga karakter',NULL,NULL,NULL,NULL,NULL,NULL),(1319,146,'a','Karya seni asli',NULL,NULL,NULL,NULL,NULL,NULL),(1320,146,'b','Kit',NULL,NULL,NULL,NULL,NULL,NULL),(1321,146,'c','Karya seni hasil reproduksi',NULL,NULL,NULL,NULL,NULL,NULL),(1322,146,'d','Diorama',NULL,NULL,NULL,NULL,NULL,NULL),(1323,146,'f','Filmstrip',NULL,NULL,NULL,NULL,NULL,NULL),(1324,146,'g','Permainan',NULL,NULL,NULL,NULL,NULL,NULL),(1325,146,'i','Gambar / lukisan',NULL,NULL,NULL,NULL,NULL,NULL),(1326,146,'k','Gambar grafis',NULL,NULL,NULL,NULL,NULL,NULL),(1327,146,'l','Gambar teknik',NULL,NULL,NULL,NULL,NULL,NULL),(1328,146,'m','Citra bergerak',NULL,NULL,NULL,NULL,NULL,NULL),(1329,146,'n','Diagram',NULL,NULL,NULL,NULL,NULL,NULL),(1330,146,'o','Kartu kilas (flash card)',NULL,NULL,NULL,NULL,NULL,NULL),(1331,146,'p','Slaid mikroskop (Microscope slide)',NULL,NULL,NULL,NULL,NULL,NULL),(1332,146,'q','Model',NULL,NULL,NULL,NULL,NULL,NULL),(1333,146,'r','Realia',NULL,NULL,NULL,NULL,NULL,NULL),(1334,146,'s','Slaid (slide)',NULL,NULL,NULL,NULL,NULL,NULL),(1335,146,'t','Transparansi',NULL,NULL,NULL,NULL,NULL,NULL),(1336,146,'v','Rekaman video',NULL,NULL,NULL,NULL,NULL,NULL),(1337,146,'w','Mainan',NULL,NULL,NULL,NULL,NULL,NULL),(1338,146,'z','Lainnya',NULL,NULL,NULL,NULL,NULL,NULL),(1339,146,'|','Tidak ada kode yang sesuai',NULL,NULL,NULL,NULL,NULL,NULL),(1340,147,'a','Animasi',NULL,NULL,NULL,NULL,NULL,NULL),(1341,147,'c','Animasi dan aksi hidup (live action)',NULL,NULL,NULL,NULL,NULL,NULL),(1342,147,'l','Aksi hidup (live action)',NULL,NULL,NULL,NULL,NULL,NULL),(1343,147,'n','Tidak dapat diterapkan',NULL,NULL,NULL,NULL,NULL,NULL),(1344,147,'u','Tidak diketahui',NULL,NULL,NULL,NULL,NULL,NULL),(1345,147,'z','Teknik lain',NULL,NULL,NULL,NULL,NULL,NULL),(1346,147,'|','Tidak ada kode yang sesuai',NULL,NULL,NULL,NULL,NULL,NULL),(1347,148,'jki','Jakarta',NULL,NULL,NULL,NULL,NULL,NULL),(1348,148,'bai','Bali',NULL,NULL,NULL,NULL,NULL,NULL),(1349,148,'jbi','Jawa Barat',NULL,NULL,NULL,NULL,NULL,NULL),(1350,148,'jii','Jawa Timur',NULL,NULL,NULL,NULL,NULL,NULL),(1351,148,'jti','Jawa Tengah',NULL,NULL,NULL,NULL,NULL,NULL),(1352,7,'aci','Nangroe Aceh Darussalam',NULL,NULL,NULL,NULL,NULL,NULL),(1353,7,'bai','Bali',NULL,NULL,NULL,NULL,NULL,NULL),(1354,7,'bbi','Bangka Belitung',NULL,NULL,NULL,NULL,NULL,NULL),(1355,7,'bei','Bengkulu',NULL,NULL,NULL,NULL,NULL,NULL),(1356,7,'bni','Banten',NULL,NULL,NULL,NULL,NULL,NULL),(1357,7,'goi','Gorontalo',NULL,NULL,NULL,NULL,NULL,NULL),(1358,7,'ibi','Papua Barat',NULL,NULL,NULL,NULL,NULL,NULL),(1359,7,'iji','Papua',NULL,NULL,NULL,NULL,NULL,NULL),(1360,7,'jai','Jambi',NULL,NULL,NULL,NULL,NULL,NULL),(1361,7,'jbi','Jawa Barat',NULL,NULL,NULL,NULL,NULL,NULL),(1362,7,'jii','Jawa Timur',NULL,NULL,NULL,NULL,NULL,NULL),(1363,7,'jki','Jakarta',NULL,NULL,NULL,NULL,NULL,NULL),(1364,7,'jti','Jawa Tengah',NULL,NULL,NULL,NULL,NULL,NULL),(1365,7,'kbi','Kalimantan Barat',NULL,NULL,NULL,NULL,NULL,NULL),(1366,7,'kii','Kalimantan Timur',NULL,NULL,NULL,NULL,NULL,NULL),(1367,7,'kri','Kepulauan Riau',NULL,NULL,NULL,NULL,NULL,NULL),(1368,7,'ksi','Kalimantan Selatan',NULL,NULL,NULL,NULL,NULL,NULL),(1369,7,'kti','Kalimantan Tengah',NULL,NULL,NULL,NULL,NULL,NULL),(1370,7,'lai','Lampung',NULL,NULL,NULL,NULL,NULL,NULL),(1371,7,'mai','Maluku',NULL,NULL,NULL,NULL,NULL,NULL),(1372,7,'mui','Maluku Utara',NULL,NULL,NULL,NULL,NULL,NULL),(1373,7,'nbi','Nusa Tenggara Barat',NULL,NULL,NULL,NULL,NULL,NULL),(1374,7,'nti','Nusa Tenggara Timur',NULL,NULL,NULL,NULL,NULL,NULL),(1375,7,'pai','Papua',NULL,NULL,NULL,NULL,NULL,NULL),(1376,7,'rii','Riau',NULL,NULL,NULL,NULL,NULL,NULL),(1377,7,'sai','Sulawesi Utara',NULL,NULL,NULL,NULL,NULL,NULL),(1378,7,'sbi','Sumatra Barat',NULL,NULL,NULL,NULL,NULL,NULL),(1379,7,'sgi','Sulawesi Tenggara',NULL,NULL,NULL,NULL,NULL,NULL),(1380,7,'sti','Sulawesi Tengah',NULL,NULL,NULL,NULL,NULL,NULL),(1381,7,'sni','Sulawesi Selatan',NULL,NULL,NULL,NULL,NULL,NULL),(1382,7,'ssi','Sumatra Selatan',NULL,NULL,NULL,NULL,NULL,NULL),(1383,7,'sri','Sulawesi Barat',NULL,NULL,NULL,NULL,NULL,NULL),(1384,7,'sui','Sumatra Utara',NULL,NULL,NULL,NULL,NULL,NULL),(1385,7,'yoi','Yogyakarta',NULL,NULL,NULL,NULL,NULL,NULL),(1386,7,'jom','Johor',NULL,NULL,NULL,NULL,NULL,NULL),(1387,7,'kem','Kedah',NULL,NULL,NULL,NULL,NULL,NULL),(1388,7,'knm','Kelantan',NULL,NULL,NULL,NULL,NULL,NULL),(1389,7,'mem','Melaka',NULL,NULL,NULL,NULL,NULL,NULL),(1390,7,'my','Malaysia, provinsi tidak ditentukan',NULL,NULL,NULL,NULL,NULL,NULL),(1391,7,'nsm','Negeri Sembilan',NULL,NULL,NULL,NULL,NULL,NULL),(1392,7,'pam','Pahang',NULL,NULL,NULL,NULL,NULL,NULL),(1393,7,'pem','Perak',NULL,NULL,NULL,NULL,NULL,NULL),(1394,7,'plm','Perlis',NULL,NULL,NULL,NULL,NULL,NULL),(1395,7,'ppm','Pulau Pinang',NULL,NULL,NULL,NULL,NULL,NULL),(1396,7,'sam','Sabah',NULL,NULL,NULL,NULL,NULL,NULL),(1397,7,'sem','Selangor',NULL,NULL,NULL,NULL,NULL,NULL),(1398,7,'srm','Sarawak',NULL,NULL,NULL,NULL,NULL,NULL),(1399,7,'trm','Trengganu',NULL,NULL,NULL,NULL,NULL,NULL),(1400,7,'wpm','Wilayah Persekutuan (termasuk Kuala Lumpur)',NULL,NULL,NULL,NULL,NULL,NULL),(1401,7,'ttii','Timor Timur',NULL,NULL,NULL,NULL,NULL,NULL),(1402,67,'||||','Tidak ada kode yang sesuai',NULL,NULL,NULL,NULL,NULL,NULL),(1403,70,'||','Tidak ada kode yang sesuai',NULL,NULL,NULL,NULL,NULL,NULL),(1404,54,'|||','Tidak ada kode yang sesuai',NULL,NULL,NULL,NULL,NULL,NULL),(1405,149,'#','Tidak diketahui / tidak ditentukan',NULL,'2016-05-30 17:11:47','192.168.0.1',NULL,'2016-05-30 17:11:47','192.168.0.1'),(1406,149,'a','Anak prasekolah / taman kanak-kanak',NULL,'2016-05-30 17:11:47','192.168.0.1',NULL,'2016-05-30 17:11:47','192.168.0.1'),(1407,149,'b','Anak sekolah dasar',NULL,'2016-05-30 17:11:47','192.168.0.1',NULL,'2016-05-30 17:11:47','192.168.0.1'),(1408,149,'c','Anak menjelang remaja',NULL,'2016-05-30 17:11:47','192.168.0.1',NULL,'2016-05-30 17:11:47','192.168.0.1'),(1409,149,'d','Remaja',NULL,'2016-05-30 17:11:47','192.168.0.1',NULL,'2016-05-30 17:11:47','192.168.0.1'),(1410,149,'e','Dewasa',NULL,'2016-05-30 17:11:47','192.168.0.1',NULL,'2016-05-30 17:11:47','192.168.0.1'),(1411,149,'f','Kelompok khusus',NULL,'2016-05-30 17:11:47','192.168.0.1',NULL,'2016-05-30 17:11:47','192.168.0.1'),(1412,149,'g','Umum',NULL,'2016-05-30 17:11:47','192.168.0.1',NULL,'2016-05-30 17:11:47','192.168.0.1'),(1413,149,'j','Anak dan remaja',NULL,'2016-05-30 17:11:47','192.168.0.1',NULL,'2016-05-30 17:11:47','192.168.0.1'),(1414,149,'|','Tidak ada kode yang sesuai',NULL,'2016-05-30 17:11:47','192.168.0.1',NULL,'2016-05-30 17:11:47','192.168.0.1'),(1415,150,'700','Pengarang',NULL,'2016-08-25 17:11:47','192.168.0.1',NULL,'2016-08-25 17:11:47','192.168.0.1'),(1416,150,'700','Penyunting',NULL,'2016-08-25 17:11:47','192.168.0.1',NULL,'2016-08-25 17:11:47','192.168.0.1'),(1417,150,'700','Penerjemah',NULL,'2016-08-25 17:11:47','192.168.0.1',NULL,'2016-08-25 17:11:47','192.168.0.1'),(1418,150,'700','Ilustrator',NULL,'2016-08-25 17:11:47','192.168.0.1',NULL,'2016-08-25 17:11:47','192.168.0.1'),(1419,150,'700','Komposer',NULL,'2016-08-25 17:11:47','192.168.0.1',NULL,'2016-08-25 17:11:47','192.168.0.1'),(1420,150,'710','Badan Penanggungjawab',NULL,'2016-06-16 13:55:45','192.168.0.1',NULL,'2016-06-16 13:55:45','192.168.0.1');

/*Table structure for table `refferences` */

CREATE TABLE `refferences` (
  `ID` int(11) NOT NULL AUTO_INCREMENT,
  `Name` varchar(255) NOT NULL,
  `Format_id` int(11) NOT NULL,
  `CreateBy` int(11) DEFAULT NULL,
  `CreateDate` datetime DEFAULT NULL,
  `CreateTerminal` varchar(100) DEFAULT NULL,
  `UpdateBy` int(11) DEFAULT NULL,
  `UpdateDate` datetime DEFAULT NULL,
  `UpdateTerminal` varchar(100) DEFAULT NULL,
  PRIMARY KEY (`ID`),
  KEY `refferences_format` (`Format_id`),
  KEY `refferences_createby` (`CreateBy`),
  KEY `refferences_updateby` (`UpdateBy`),
  CONSTRAINT `refferences_createby` FOREIGN KEY (`CreateBy`) REFERENCES `users` (`ID`) ON DELETE SET NULL ON UPDATE CASCADE,
  CONSTRAINT `refferences_format` FOREIGN KEY (`Format_id`) REFERENCES `formats` (`ID`) ON DELETE CASCADE ON UPDATE CASCADE,
  CONSTRAINT `refferences_updateby` FOREIGN KEY (`UpdateBy`) REFERENCES `users` (`ID`) ON DELETE SET NULL ON UPDATE CASCADE
) ENGINE=InnoDB AUTO_INCREMENT=151 DEFAULT CHARSET=latin1;

/*Data for the table `refferences` */

insert  into `refferences`(`ID`,`Name`,`Format_id`,`CreateBy`,`CreateDate`,`CreateTerminal`,`UpdateBy`,`UpdateDate`,`UpdateTerminal`) values (1,'Jenis tahun terbit',1,NULL,'2012-09-12 13:54:47','DeniPC',NULL,'2012-10-29 04:06:06','::1'),(2,'Kelompok sasaran',1,NULL,'2012-09-12 13:54:47','DeniPC',NULL,'2012-10-29 04:14:23','::1'),(3,'Cantuman sudah dimodifikasi',1,NULL,'2012-09-12 13:54:47','DeniPC',NULL,'2012-10-29 04:08:46','::1'),(4,'Sumber pengkatalogan',1,NULL,'2012-09-12 13:54:47','DeniPC',NULL,'2012-10-28 02:38:19','::1'),(5,'Bahasa',1,NULL,'2012-09-12 13:54:47','DeniPC',NULL,'2012-09-12 13:54:47','DeniPC'),(6,'Terbitan pemerintah',1,NULL,'2012-09-12 13:54:47','DeniPC',NULL,'2012-10-29 04:31:24','::1'),(7,'Tempat terbit, produksi atau pelaksanaan',1,NULL,'2012-09-12 13:54:48','DeniPC',NULL,'2013-06-10 12:56:51','192.168.16.6'),(8,'Indeks',1,NULL,'2012-09-12 13:54:48','DeniPC',NULL,'2012-09-12 13:54:48','DeniPC'),(9,'Bentuk bahan',1,NULL,'2012-09-12 13:54:48','DeniPC',NULL,'2012-10-29 04:15:38','::1'),(10,'Feskrif',1,NULL,'2012-09-12 13:54:48','DeniPC',NULL,'2012-09-12 13:54:48','DeniPC'),(11,'Ruas 006 - Monograf - Bentuk bahan pustaka',1,NULL,'2012-09-12 13:54:51','DeniPC',NULL,'2012-10-28 22:13:14','::1'),(12,'Ruas 007 - Monograf - Jenis bahan pustaka',1,NULL,'2012-09-12 13:54:51','DeniPC',NULL,'2012-10-29 03:53:31','::1'),(13,'Ruas 007 - Monograf - Keterangan bahan khusus',1,NULL,'2012-09-12 13:54:51','DeniPC',NULL,'2012-10-29 03:55:05','::1'),(14,'Ruas 008 - Monograf - Ilustrasi',1,NULL,'2012-09-12 13:54:51','DeniPC',NULL,'2012-10-29 04:13:21','::1'),(15,'Ruas 008 - Monograf - Isi',1,NULL,'2012-09-12 13:54:51','DeniPC',NULL,'2012-10-29 04:24:32','::1'),(16,'Ruas 008 - Monograf - Terbitan konferensi',1,NULL,'2012-09-12 13:54:51','DeniPC',NULL,'2012-10-28 01:31:47','::1'),(17,'Ruas 008 - Monograf - Bentuk Karya Tulis',1,NULL,'2012-09-12 13:54:51','DeniPC',NULL,'2012-09-12 13:54:51','DeniPC'),(18,'Ruas 008 - Monograf - Biografi',1,NULL,'2012-09-12 13:54:51','DeniPC',NULL,'2012-09-12 13:54:51','DeniPC'),(19,'Ruas 006 - Berkas Komputer - Bentuk bahan pustaka',1,NULL,'2012-09-12 13:54:51','DeniPC',NULL,'2012-10-28 22:19:41','::1'),(20,'Ruas 007 - Berkas Komputer - Jenis bahan pustaka',1,NULL,'2012-09-12 13:54:51','DeniPC',NULL,'2012-10-28 02:15:42','::1'),(21,'Ruas 007 - Berkas Komputer - Keterangan bahan khusus',1,NULL,'2012-09-12 13:54:51','DeniPC',NULL,'2012-10-28 22:55:18','::1'),(22,'Ruas 007 - Berkas Komputer - Warna',1,NULL,'2012-09-12 13:54:51','DeniPC',NULL,'2012-09-12 13:54:51','DeniPC'),(23,'Ruas 007 - Berkas Komputer - Dimensi',1,NULL,'2012-09-12 13:54:51','DeniPC',NULL,'2012-10-28 23:00:43','::1'),(24,'Ruas 007 - Berkas Komputer - Suara',1,NULL,'2012-09-12 13:54:51','DeniPC',NULL,'2012-10-28 23:01:03','::1'),(25,'Ruas 007 - Berkas Komputer - Kedalaman citra bit',1,NULL,'2012-09-12 13:54:51','DeniPC',NULL,'2012-10-28 23:02:39','::1'),(26,'Ruas 007 - Berkas Komputer - Format berkas',1,NULL,'2012-09-12 13:54:51','DeniPC',NULL,'2012-09-12 13:54:51','DeniPC'),(27,'Ruas 007 - Berkas Komputer - Sasaran pencapaian kualitas',1,NULL,'2012-09-12 13:54:51','DeniPC',NULL,'2012-09-12 13:54:51','DeniPC'),(28,'Ruas 007 - Berkas Komputer - Sumber',1,NULL,'2012-09-12 13:54:51','DeniPC',NULL,'2012-09-12 13:54:51','DeniPC'),(29,'Ruas 007 - Berkas Komputer - Tingkat pemampatan',1,NULL,'2012-09-12 13:54:51','DeniPC',NULL,'2012-09-12 13:54:51','DeniPC'),(30,'Ruas 007 - Berkas Komputer - Kualitas format ulang',1,NULL,'2012-09-12 13:54:51','DeniPC',NULL,'2012-09-12 13:54:51','DeniPC'),(31,'Ruas 008 - Berkas Komputer - Bentuk Bahan',1,NULL,'2012-09-12 13:54:51','DeniPC',NULL,'2012-10-29 04:53:25','::1'),(32,'Ruas 008 - Berkas Komputer - Jenis Berkas Komputer',1,NULL,'2012-09-12 13:54:51','DeniPC',NULL,'2012-10-29 04:54:26','::1'),(34,'Ruas 007 - Citra Bergerak - Jenis bahan pustaka',1,NULL,'2012-09-12 13:54:51','DeniPC',NULL,'2012-10-28 01:22:10','::1'),(35,'Ruas 007 - Citra Bergerak - Keterangan bahan khusus',1,NULL,'2012-09-12 13:54:51','DeniPC',NULL,'2012-09-12 13:54:51','DeniPC'),(36,'Ruas 007 - Citra Bergerak - Warna',1,NULL,'2012-09-12 13:54:51','DeniPC',NULL,'2012-09-12 13:54:51','DeniPC'),(37,'Ruas 007 - Citra Bergerak - Format penyajian citra bergerak',1,NULL,'2012-09-12 13:54:51','DeniPC',NULL,'2012-10-28 01:22:35','::1'),(38,'Ruas 007 - Citra Bergerak - Suara dalam medium',1,NULL,'2012-09-12 13:54:51','DeniPC',NULL,'2012-10-28 01:22:47','::1'),(39,'Ruas 007 - Citra Bergerak - Medium suara',1,NULL,'2012-09-12 13:54:51','DeniPC',NULL,'2012-10-28 01:22:54','::1'),(40,'Ruas 007 - Citra Bergerak - Dimensi',1,NULL,'2012-09-12 13:54:51','DeniPC',NULL,'2012-10-29 03:01:40','::1'),(41,'Ruas 007 - Citra Bergerak - Konfigurasi',1,NULL,'2012-09-12 13:54:51','DeniPC',NULL,'2012-10-28 01:23:04','::1'),(42,'Ruas 008 - Citra Bergerak - Lama waktu tayang',1,NULL,'2012-09-12 13:54:51','DeniPC',NULL,'2012-10-28 02:10:51','::1'),(43,'Ruas 008 - Citra Bergerak - Jenis bahan pustaka visual',1,NULL,'2012-09-12 13:54:51','DeniPC',NULL,'2012-10-29 05:54:08','::1'),(44,'Ruas 008 - Citra Bergerak - Teknik',1,NULL,'2012-09-12 13:54:51','DeniPC',NULL,'2012-09-12 13:54:51','DeniPC'),(45,'Ruas 006 - Sumber Berkesinambungan - Bentuk bahan pustaka',1,NULL,'2012-09-12 13:54:51','DeniPC',NULL,'2012-10-28 01:29:48','::1'),(46,'Ruas 007 - Sumber Berkesinambungan - Jenis bahan pustaka',1,NULL,'2012-09-12 13:54:51','DeniPC',NULL,'2012-10-29 00:16:59','::1'),(47,'Ruas 007 - Sumber Berkesinambungan - Keterangan bahan khusus',1,NULL,'2012-09-12 13:54:51','DeniPC',NULL,'2012-10-29 01:36:37','::1'),(48,'Ruas 008 - Sumber Berkesinambungan - Frekuensi',1,NULL,'2012-09-12 13:54:51','DeniPC',NULL,'2012-09-12 13:54:51','DeniPC'),(49,'Ruas 008 - Sumber Berkesinambungan - Keteraturan',1,NULL,'2012-09-12 13:54:51','DeniPC',NULL,'2012-09-12 13:54:51','DeniPC'),(50,'Ruas 008 - Sumber Berkesinambungan - Jenis sumber daya berlanjut',1,NULL,'2012-09-12 13:54:51','DeniPC',NULL,'2012-09-12 13:54:51','DeniPC'),(51,'Ruas 008 - Sumber Berkesinambungan - Bentuk bahan asli',1,NULL,'2012-09-12 13:54:51','DeniPC',NULL,'2012-09-12 13:54:51','DeniPC'),(52,'Ruas 008 - Sumber Berkesinambungan - Bentuk bahan',1,NULL,'2012-09-12 13:54:51','DeniPC',NULL,'2012-09-12 13:54:51','DeniPC'),(53,'Ruas 008 - Sumber Berkesinambungan - Isi keseluruhan',1,NULL,'2012-09-12 13:54:51','DeniPC',NULL,'2012-10-29 05:49:09','::1'),(54,'Ruas 008 - Sumber Berkesinambungan - Isi',1,NULL,'2012-09-12 13:54:51','DeniPC',NULL,'2015-12-13 15:47:18','::1'),(55,'Ruas 008 - Sumber Berkesinambungan - Terbitan pemerintah',1,NULL,'2012-09-12 13:54:51','DeniPC',NULL,'2012-09-12 13:54:51','DeniPC'),(56,'Ruas 008 - Sumber Berkesinambungan - Terbitan konferensi',1,NULL,'2012-09-12 13:54:51','DeniPC',NULL,'2012-09-12 13:54:51','DeniPC'),(57,'Ruas 008 - Sumber Berkesinambungan - Abjad atau aksara asli pada judul',1,NULL,'2012-09-12 13:54:51','DeniPC',NULL,'2012-10-29 05:51:17','::1'),(58,'Ruas 008 - Sumber Berkesinambungan - Konvensi entri',1,NULL,'2012-09-12 13:54:51','DeniPC',NULL,'2012-10-29 05:51:50','::1'),(59,'Ruas 006 - Peta - Bentuk bahan pustaka',1,NULL,'2012-09-12 13:54:52','DeniPC',NULL,'2012-10-28 22:15:42','::1'),(60,'Ruas 007 - Peta - Jenis bahan pustaka',1,NULL,'2012-09-12 13:54:52','DeniPC',NULL,'2012-10-28 23:13:09','::1'),(61,'Ruas 007 - Peta - Keterangan bahan khusus',1,NULL,'2012-09-12 13:54:52','DeniPC',NULL,'2012-10-28 23:14:34','::1'),(62,'Ruas 007 - Peta - Warna',1,NULL,'2012-09-12 13:54:52','DeniPC',NULL,'2012-09-12 13:54:52','DeniPC'),(63,'Ruas 007 - Peta - Medium fisik',1,NULL,'2012-09-12 13:54:52','DeniPC',NULL,'2012-10-28 23:39:55','::1'),(64,'Ruas 007 - Peta - Jenis reproduksi',1,NULL,'2012-09-12 13:54:52','DeniPC',NULL,'2012-10-28 22:50:51','::1'),(65,'Ruas 007 - Peta - Keterangan produksi/reproduksi',1,NULL,'2012-09-12 13:54:52','DeniPC',NULL,'2012-09-12 13:54:52','DeniPC'),(66,'Ruas 007 - Peta - Aspek positif/negatif',1,NULL,'2012-09-12 13:54:52','DeniPC',NULL,'2012-10-28 22:52:28','::1'),(67,'Ruas 008 - Peta - Relief',1,NULL,'2012-09-12 13:54:52','DeniPC',NULL,'2015-12-13 14:11:02','::1'),(68,'Ruas 008 - Peta - Proyeksi',1,NULL,'2012-09-12 13:54:52','DeniPC',NULL,'2012-10-29 05:06:06','::1'),(69,'Ruas 008 - Peta - Jenis Bahan Kartografis',1,NULL,'2012-09-12 13:54:52','DeniPC',NULL,'2012-10-29 05:11:18','::1'),(70,'Ruas 008 - Peta - Karakteristik bentuk khusus',1,NULL,'2012-09-12 13:54:52','DeniPC',NULL,'2015-12-13 14:29:03','::1'),(72,'Ruas 007 - Lukisan/Gambar/Foto Tercetak, dsb - Kategori bahan',1,NULL,'2012-09-12 13:54:52','DeniPC',NULL,'2012-10-29 03:27:11','::1'),(73,'Ruas 007 - Lukisan/Gambar/Foto Tercetak, dsb - Keterangan bahan khusus',1,NULL,'2012-09-12 13:54:52','DeniPC',NULL,'2012-10-29 03:28:12','::1'),(74,'Ruas 007 - Lukisan/Gambar/Foto Tercetak, dsb - Warna',1,NULL,'2012-09-12 13:54:52','DeniPC',NULL,'2012-09-12 13:54:52','DeniPC'),(75,'Ruas 007 - Lukisan/Gambar/Foto Tercetak, dsb - Bahan penunjang primer',1,NULL,'2012-09-12 13:54:52','DeniPC',NULL,'2012-09-12 13:54:52','DeniPC'),(76,'Ruas 007 - Lukisan/Gambar/Foto Tercetak, dsb - Bahan penunjang sekunder',1,NULL,'2012-09-12 13:54:52','DeniPC',NULL,'2012-10-29 02:40:21','::1'),(77,'Ruas 006 - Citra Bergerak - Bentuk bahan pustaka',1,NULL,'2012-09-12 13:54:52','DeniPC',NULL,'2012-10-28 01:28:50','::1'),(78,'Ruas 007 - Rekaman Video - Kategori bahan',1,NULL,'2012-09-12 13:54:52','DeniPC',NULL,'2012-10-29 02:19:21','::1'),(79,'Ruas 007 - Rekaman Video - Keterangan bahan khusus',1,NULL,'2012-09-12 13:54:52','DeniPC',NULL,'2012-10-29 02:16:50','::1'),(80,'Ruas 007 - Rekaman Video - Warna',1,NULL,'2012-09-12 13:54:52','DeniPC',NULL,'2012-10-29 02:18:26','::1'),(81,'Ruas 007 - Rekaman Video - Format rekaman video',1,NULL,'2012-09-12 13:54:52','DeniPC',NULL,'2012-10-29 04:00:22','::1'),(82,'Ruas 007 - Rekaman Video - Suara menyatu pada medium atau terpisah',1,NULL,'2012-09-12 13:54:52','DeniPC',NULL,'2012-09-12 13:54:52','DeniPC'),(83,'Ruas 007 - Rekaman Video - Medium untuk suara',1,NULL,'2012-09-12 13:54:52','DeniPC',NULL,'2012-09-12 13:54:52','DeniPC'),(84,'Ruas 007 - Rekaman Video - Dimensi',1,NULL,'2012-09-12 13:54:52','DeniPC',NULL,'2012-10-29 03:17:29','::1'),(85,'Ruas 007 - Rekaman Video - Konfigurasi saluran alat putar',1,NULL,'2012-09-12 13:54:52','DeniPC',NULL,'2012-09-12 13:54:52','DeniPC'),(86,'Ruas 008 - Rekaman Video - Lama waktu tayang untuk citra bergerak dan rekaman video',1,NULL,'2012-09-12 13:54:52','DeniPC',NULL,'2012-09-12 13:54:52','DeniPC'),(87,'Ruas 008 - Rekaman Video - Jenis bahan pustaka visual',1,NULL,'2012-09-12 13:54:52','DeniPC',NULL,'2012-10-29 05:54:25','::1'),(88,'Ruas 008 - Rekaman Video - Teknik',1,NULL,'2012-09-12 13:54:52','DeniPC',NULL,'2012-09-12 13:54:52','DeniPC'),(89,'Ruas 006 - Musik - Bentuk bahan pustaka',1,NULL,'2012-09-12 13:54:52','DeniPC',NULL,'2012-10-28 22:17:44','::1'),(90,'Ruas 007 - Musik - Kategori bahan',1,NULL,'2012-09-12 13:54:52','DeniPC',NULL,'2012-10-29 15:21:16','::1'),(91,'Ruas 007 - Musik - Keterangan bahan khusus',1,NULL,'2012-09-12 13:54:52','DeniPC',NULL,'2012-10-29 15:21:22','::1'),(98,'Ruas 006 - Bahan Pustaka Campuran - Bentuk bahan pustaka',1,NULL,'2012-09-12 13:54:52','DeniPC',NULL,'2012-10-28 01:28:36','::1'),(99,'Ruas 007 - Bahan Pustaka Campuran - Kategori bahan',1,NULL,'2012-09-12 13:54:52','DeniPC',NULL,'2012-09-12 13:54:52','DeniPC'),(100,'Ruas 007 - Bahan Pustaka Campuran - Keterangan bahan khusus',1,NULL,'2012-09-12 13:54:52','DeniPC',NULL,'2012-09-12 13:54:52','DeniPC'),(102,'Ruas 007 - Rekaman Suara - Kategori bahan',1,NULL,'2012-09-12 13:54:52','DeniPC',NULL,'2012-10-29 03:34:23','::1'),(103,'Ruas 007 - Rekaman Suara - Keterangan bahan khusus',1,NULL,'2012-09-12 13:54:52','DeniPC',NULL,'2012-10-29 03:35:11','::1'),(104,'Ruas 007 - Rekaman Suara - Kecepatan',1,NULL,'2012-09-12 13:54:52','DeniPC',NULL,'2012-10-29 03:40:28','::1'),(105,'Ruas 007 - Rekaman Suara - Konfigurasi saluran putar ulang',1,NULL,'2012-09-12 13:54:52','DeniPC',NULL,'2012-09-12 13:54:52','DeniPC'),(106,'Ruas 007 - Rekaman Suara - Lebar alur / pola titinada alur',1,NULL,'2012-09-12 13:54:52','DeniPC',NULL,'2012-09-12 13:54:52','DeniPC'),(107,'Ruas 007 - Rekaman Suara - Dimensi',1,NULL,'2012-09-12 13:54:52','DeniPC',NULL,'2012-10-29 03:11:02','::1'),(108,'Ruas 007 - Rekaman Suara - Lebar pita',1,NULL,'2012-09-12 13:54:52','DeniPC',NULL,'2012-10-29 03:43:53','::1'),(109,'Ruas 007 - Rekaman Suara - Konfigurasi pita',1,NULL,'2012-09-12 13:54:52','DeniPC',NULL,'2012-09-12 13:54:52','DeniPC'),(110,'Ruas 007 - Rekaman Suara - Jenis cakram, silinder, atau pita',1,NULL,'2012-09-12 13:54:52','DeniPC',NULL,'2012-10-29 03:47:55','::1'),(111,'Ruas 007 - Rekaman Suara - Jenis bahan',1,NULL,'2012-09-12 13:54:52','DeniPC',NULL,'2012-09-12 13:54:52','DeniPC'),(112,'Ruas 007 - Rekaman Suara - Jenis pemotongan',1,NULL,'2012-09-12 13:54:52','DeniPC',NULL,'2012-10-29 03:50:09','::1'),(113,'Ruas 007 - Rekaman Suara - Karakteristik putar ulang khusus',1,NULL,'2012-09-12 13:54:52','DeniPC',NULL,'2012-10-29 03:51:28','::1'),(114,'Ruas 007 - Rekaman Suara - Teknik pengambilan dan penyimpanan',1,NULL,'2012-09-12 13:54:52','DeniPC',NULL,'2012-09-12 13:54:52','DeniPC'),(115,'Ruas 008 - Musik - Bentuk Komposisi',1,NULL,'2012-09-12 13:54:53','DeniPC',NULL,'2012-10-29 15:21:40','::1'),(116,'Ruas 008 - Musik - Format musik',1,NULL,'2012-09-12 13:54:53','DeniPC',NULL,'2012-10-29 15:21:47','::1'),(117,'Ruas 008 - Musik - Bagian musik',1,NULL,'2012-09-12 13:54:53','DeniPC',NULL,'2012-10-29 15:21:29','::1'),(118,'Ruas 008 - Musik - Bahan sertaan',1,NULL,'2012-09-12 13:54:53','DeniPC',NULL,'2012-10-29 15:21:35','::1'),(119,'Ruas 008 - Musik - Karya tulis untuk rekaman suara',1,NULL,'2012-09-12 13:54:53','DeniPC',NULL,'2012-10-29 15:21:53','::1'),(120,'Ruas 008 - Musik - Transposisi dan aransemen',1,NULL,'2012-09-12 13:54:53','DeniPC',NULL,'2012-10-29 15:21:58','::1'),(122,'Ruas 007 - Bentuk Mikro - Kategori bahan pustaka',1,NULL,'2012-09-12 13:54:53','DeniPC',NULL,'2012-10-28 02:15:33','::1'),(123,'Ruas 007 - Bentuk Mikro - Keterangan bahan khusus',1,NULL,'2012-09-12 13:54:53','DeniPC',NULL,'2012-10-29 03:23:06','::1'),(124,'Ruas 007 - Bentuk Mikro - Aspek positif/negatif',1,NULL,'2012-09-12 13:54:53','DeniPC',NULL,'2012-09-12 13:54:53','DeniPC'),(125,'Ruas 007 - Bentuk Mikro - Dimensi',1,NULL,'2012-09-12 13:54:53','DeniPC',NULL,'2012-10-29 02:57:46','::1'),(126,'Ruas 007 - Bentuk Mikro - Kisaran rasio reduksi',1,NULL,'2012-09-12 13:54:53','DeniPC',NULL,'2012-09-12 13:54:53','DeniPC'),(127,'Ruas 007 - Bentuk Mikro - Rasio reduksi',1,NULL,'2012-09-12 13:54:53','DeniPC',NULL,'2012-09-12 13:54:53','DeniPC'),(128,'Ruas 007 - Bentuk Mikro - Warna',1,NULL,'2012-09-12 13:54:53','DeniPC',NULL,'2012-09-12 13:54:53','DeniPC'),(129,'Ruas 007 - Bentuk Mikro - Emulsi film',1,NULL,'2012-09-12 13:54:53','DeniPC',NULL,'2012-09-12 13:54:53','DeniPC'),(130,'Ruas 007 - Bentuk Mikro - Generasi',1,NULL,'2012-09-12 13:54:53','DeniPC',NULL,'2012-09-12 13:54:53','DeniPC'),(131,'Ruas 007 - Bentuk Mikro - Dasar film',1,NULL,'2012-09-12 13:54:53','DeniPC',NULL,'2012-10-28 01:29:58','::1'),(133,'Ruas 006 - Lukisan/Gambar/Foto Tercetak, dsb - Bentuk bahan pustaka',1,NULL,'2012-10-28 02:43:27','::1',NULL,'2012-10-28 02:46:12','::1'),(134,'Ruas 006 - Rekaman Suara - Bentuk bahan pustaka',1,NULL,'2012-10-28 03:21:43','::1',NULL,'2012-10-28 22:39:40','::1'),(135,'Ruas 006 - Bentuk Mikro - Bentuk bahan pustaka',1,NULL,'2012-10-28 03:35:04','::1',NULL,'2012-10-28 22:33:32','::1'),(136,'Ruas 007 - Sumber Berkesinambungan - Jenis tulisan braille',1,NULL,'2012-10-29 00:22:24','::1',NULL,'2012-10-29 00:22:24','::1'),(137,'Ruas 007 - Sumber Berkesinambungan - Tingkat kontraksi',1,NULL,'2012-10-29 00:25:41','::1',NULL,'2012-10-29 00:25:41','::1'),(138,'Ruas 007 - Sumber Berkesinambungan - Format braille musik',1,NULL,'2012-10-29 00:30:16','::1',NULL,'2012-10-29 00:30:16','::1'),(139,'Ruas 008 - Lukisan/Gambar/Foto Tercetak, dsb - Lama waktu tayang',1,NULL,'2012-10-29 15:10:05','::1',NULL,'2012-10-29 15:10:47','::1'),(140,'Ruas 008 - Lukisan/Gambar/Foto Tercetak, dsb - Jenis bahan pustaka visual',1,NULL,'2012-10-29 15:13:32','::1',NULL,'2012-10-29 15:13:32','::1'),(141,'Ruas 008 - Lukisan/Gambar/Foto Tercetak, dsb - Teknik',1,NULL,'2012-10-29 15:15:21','::1',NULL,'2012-10-29 15:15:21','::1'),(142,'Ruas 008 - Rekaman Suara - Lama waktu tayang',1,NULL,'2012-10-29 15:30:23','::1',NULL,'2012-10-29 15:30:23','::1'),(143,'Ruas 008 - Rekaman Suara - Jenis bahan pustaka visual',1,NULL,'2012-10-29 15:31:14','::1',NULL,'2012-10-29 15:31:14','::1'),(144,'Ruas 008 - Rekaman Suara - Teknik',1,NULL,'2012-10-29 15:31:54','::1',NULL,'2012-10-29 15:31:54','::1'),(145,'Ruas 008 - Bentuk Mikro - Lama waktu tayang',1,NULL,'2012-10-29 15:36:34','::1',NULL,'2012-10-29 15:36:34','::1'),(146,'Ruas 008 - Bentuk Mikro - Jenis bahan pustaka visual',1,NULL,'2012-10-29 15:38:00','::1',NULL,'2012-10-29 15:38:00','::1'),(147,'Ruas 008 - Bentuk Mikro - Teknik',1,NULL,'2012-10-29 15:39:30','::1',NULL,'2012-10-29 15:39:30','::1'),(148,'Wilayah',1,NULL,'2013-06-05 15:58:56','192.168.16.15',NULL,'2013-06-05 15:58:56','192.168.16.15'),(149,'test',1,NULL,'2016-05-30 17:11:47','192.168.0.1',NULL,'2016-05-30 17:11:47','192.168.0.1'),(150,'Relator Term Kreator',1,NULL,'2016-08-25 17:11:47','192.168.0.1',NULL,'2016-08-25 17:11:47','192.168.0.1');

/*Table structure for table `requestcatalog` */

CREATE TABLE `requestcatalog` (
  `ID` int(10) NOT NULL AUTO_INCREMENT,
  `Type` varchar(50) DEFAULT NULL,
  `Title` varchar(255) NOT NULL,
  `Subject` varchar(255) DEFAULT NULL,
  `Author` varchar(255) DEFAULT NULL,
  `PublishLocation` varchar(255) DEFAULT NULL,
  `PublishYear` varchar(50) DEFAULT NULL,
  `Publisher` varchar(50) DEFAULT NULL,
  `Comments` text,
  `MemberID` double DEFAULT NULL,
  `CallNumber` varchar(50) DEFAULT NULL,
  `ControlNumber` varchar(50) DEFAULT NULL,
  `DateRequest` datetime DEFAULT NULL,
  `Status` varchar(20) DEFAULT NULL,
  `CreateBy` int(11) DEFAULT NULL,
  `CreateDate` datetime DEFAULT NULL,
  `CreateTerminal` varchar(100) DEFAULT NULL,
  `UpdateBy` int(11) DEFAULT NULL,
  `UpdateDate` datetime DEFAULT NULL,
  `UpdateTerminal` varchar(100) DEFAULT NULL,
  `WorksheetID` int(11) DEFAULT NULL,
  PRIMARY KEY (`ID`),
  KEY `requestcatalog_createby` (`CreateBy`),
  KEY `requestcatalog_updateby` (`UpdateBy`),
  KEY `requestcatalog_daterequest` (`DateRequest`),
  KEY `requestcatalog_member_idx` (`MemberID`),
  KEY `requestcatalog_Title` (`Title`),
  KEY `requestcatalog_PublishLocation` (`PublishLocation`),
  KEY `requestcatalog_PublishYear` (`PublishYear`),
  KEY `requestcatalog_Publisher` (`Publisher`),
  CONSTRAINT `requestcatalog_createby` FOREIGN KEY (`CreateBy`) REFERENCES `users` (`ID`) ON DELETE SET NULL ON UPDATE CASCADE,
  CONSTRAINT `requestcatalog_member` FOREIGN KEY (`MemberID`) REFERENCES `members` (`ID`) ON DELETE CASCADE ON UPDATE CASCADE,
  CONSTRAINT `requestcatalog_updateby` FOREIGN KEY (`UpdateBy`) REFERENCES `users` (`ID`) ON DELETE SET NULL ON UPDATE CASCADE
) ENGINE=InnoDB DEFAULT CHARSET=latin1;

/*Data for the table `requestcatalog` */

/*Table structure for table `rfid_temp` */

CREATE TABLE `rfid_temp` (
  `rfid_no` varchar(50) DEFAULT NULL,
  `ip` varchar(50) DEFAULT NULL,
  `status_alarm` varchar(50) DEFAULT NULL COMMENT 'diset null jika dari service rfid lalu jika dari website.',
  `serial_number` varchar(50) DEFAULT NULL,
  `item_type` varchar(45) DEFAULT NULL,
  `CreateBy` int(11) DEFAULT NULL,
  `CreateDate` datetime DEFAULT NULL,
  `CreateTerminal` varchar(100) DEFAULT NULL,
  `UpdateBy` int(11) DEFAULT NULL,
  `UpdateDate` datetime DEFAULT NULL,
  `UpdateTerminal` varchar(100) DEFAULT NULL,
  KEY `rfid_temp_createby` (`CreateBy`),
  KEY `rfid_temp_updateby` (`UpdateBy`),
  KEY `rfid_temp_ip` (`ip`),
  KEY `rfid_temp_rfidno` (`rfid_no`),
  KEY `rfid_temp_statusalarm` (`status_alarm`),
  KEY `rfid_temp_serialnumber` (`serial_number`),
  KEY `rfid_temp_itemtype` (`item_type`),
  CONSTRAINT `rfid_temp_createby` FOREIGN KEY (`CreateBy`) REFERENCES `users` (`ID`) ON DELETE SET NULL ON UPDATE CASCADE,
  CONSTRAINT `rfid_temp_updateby` FOREIGN KEY (`UpdateBy`) REFERENCES `users` (`ID`) ON DELETE SET NULL ON UPDATE CASCADE
) ENGINE=InnoDB DEFAULT CHARSET=latin1;

/*Data for the table `rfid_temp` */

/*Table structure for table `rolemodule` */

CREATE TABLE `rolemodule` (
  `Role_id` int(11) NOT NULL,
  `IsView` bit(1) DEFAULT b'0',
  `IsAdd` bit(1) DEFAULT b'0',
  `IsEdit` bit(1) DEFAULT b'0',
  `IsDelete` bit(1) DEFAULT b'0',
  `IsPrint` bit(1) DEFAULT b'0',
  `Module_id` int(11) NOT NULL DEFAULT '0',
  `CreateBy` int(11) DEFAULT NULL,
  `CreateDate` datetime DEFAULT NULL,
  `CreateTerminal` varchar(100) DEFAULT NULL,
  `UpdateBy` int(11) DEFAULT NULL,
  `UpdateDate` datetime DEFAULT NULL,
  `UpdateTerminal` varchar(100) DEFAULT NULL,
  PRIMARY KEY (`Role_id`,`Module_id`),
  KEY `Module_id` (`Module_id`),
  KEY `Role_id` (`Role_id`),
  KEY `rolemodule_isview` (`IsView`),
  KEY `rolemodule_isadd` (`IsAdd`),
  KEY `rolemodule_isedit` (`IsEdit`),
  KEY `rolemodule_createby` (`CreateBy`),
  KEY `rolemodule_updateby` (`UpdateBy`),
  CONSTRAINT `FK4533E5AE26BAF3EC` FOREIGN KEY (`Module_id`) REFERENCES `modules` (`ID`) ON DELETE CASCADE ON UPDATE CASCADE,
  CONSTRAINT `FK4533E5AED86F6C52` FOREIGN KEY (`Role_id`) REFERENCES `roles` (`ID`) ON DELETE CASCADE ON UPDATE CASCADE,
  CONSTRAINT `rolemodule_createby` FOREIGN KEY (`CreateBy`) REFERENCES `users` (`ID`) ON DELETE SET NULL ON UPDATE CASCADE,
  CONSTRAINT `rolemodule_updateby` FOREIGN KEY (`UpdateBy`) REFERENCES `users` (`ID`) ON DELETE SET NULL ON UPDATE CASCADE
) ENGINE=InnoDB DEFAULT CHARSET=latin1;

/*Data for the table `rolemodule` */

insert  into `rolemodule`(`Role_id`,`IsView`,`IsAdd`,`IsEdit`,`IsDelete`,`IsPrint`,`Module_id`,`CreateBy`,`CreateDate`,`CreateTerminal`,`UpdateBy`,`UpdateDate`,`UpdateTerminal`) values (1,'','','','\0','',1,33,NULL,NULL,33,NULL,NULL),(1,'','','','\0','',2,33,NULL,NULL,33,NULL,NULL),(1,'','','','\0','',3,33,NULL,NULL,33,NULL,NULL),(1,'','','','\0','',4,33,NULL,NULL,33,NULL,NULL),(1,'','','','\0','',5,33,NULL,NULL,33,NULL,NULL),(1,'','','','\0','',6,33,NULL,NULL,33,NULL,NULL),(1,'','','','\0','',8,33,NULL,NULL,33,NULL,NULL),(1,'','','','\0','',9,33,NULL,NULL,33,NULL,NULL),(1,'','','','\0','',10,33,NULL,NULL,33,NULL,NULL),(1,'','','','\0','',11,33,NULL,NULL,33,NULL,NULL),(1,'','','','\0','',12,33,NULL,NULL,33,NULL,NULL),(1,'','','','\0','',13,33,NULL,NULL,33,NULL,NULL),(1,'','','','\0','',14,33,NULL,NULL,33,NULL,NULL),(1,'','','','\0','',15,33,NULL,NULL,33,NULL,NULL),(1,'','','','\0','',16,33,NULL,NULL,33,NULL,NULL),(1,'','','','\0','',17,33,NULL,NULL,33,NULL,NULL),(1,'','','','\0','',19,33,NULL,NULL,33,NULL,NULL),(1,'','','','\0','',22,33,NULL,NULL,33,NULL,NULL),(1,'','','','\0','',23,33,NULL,NULL,33,NULL,NULL),(1,'','','','\0','',24,33,NULL,NULL,33,NULL,NULL),(1,'','','','\0','',25,33,NULL,NULL,33,NULL,NULL),(1,'','','','\0','',60,33,NULL,NULL,33,NULL,NULL),(1,'','','','\0','',61,33,NULL,NULL,33,NULL,NULL),(1,'','','','\0','',62,33,NULL,NULL,33,NULL,NULL),(1,'','','','\0','',64,33,NULL,NULL,33,NULL,NULL),(1,'','','','\0','',65,33,NULL,NULL,33,NULL,NULL),(1,'','','','\0','',66,33,NULL,NULL,33,NULL,NULL),(1,'','','','\0','',67,33,NULL,NULL,33,NULL,NULL),(1,'','','','\0','',89,33,NULL,NULL,33,NULL,NULL),(1,'','','','\0','',91,33,NULL,NULL,33,NULL,NULL),(1,'','','','\0','',92,33,NULL,NULL,33,NULL,NULL),(1,'','','','\0','',101,33,NULL,NULL,33,NULL,NULL),(1,'','','','\0','',102,33,NULL,NULL,33,NULL,NULL),(2,'','','','\0','',1,33,NULL,NULL,33,NULL,NULL),(2,'\0','\0','\0','\0','',2,33,NULL,NULL,33,NULL,NULL),(2,'\0','\0','\0','\0','\0',3,33,NULL,NULL,33,NULL,NULL),(2,'\0','\0','\0','\0','\0',4,33,NULL,NULL,33,NULL,NULL),(2,'\0','\0','\0','\0','\0',5,33,NULL,NULL,33,NULL,NULL),(2,'\0','\0','\0','\0','\0',6,33,NULL,NULL,33,NULL,NULL),(2,'','','','\0','',8,33,NULL,NULL,33,NULL,NULL),(2,'','','','\0','',9,33,NULL,NULL,33,NULL,NULL),(2,'','','','\0','',10,33,NULL,NULL,33,NULL,NULL),(2,'','','','\0','',11,33,NULL,NULL,33,NULL,NULL),(2,'\0','\0','\0','\0','\0',12,33,NULL,NULL,33,NULL,NULL),(2,'\0','\0','\0','\0','\0',13,33,NULL,NULL,33,NULL,NULL),(2,'\0','\0','\0','\0','\0',14,33,NULL,NULL,33,NULL,NULL),(2,'\0','\0','\0','\0','\0',15,33,NULL,NULL,33,NULL,NULL),(2,'\0','\0','\0','\0','\0',16,33,NULL,NULL,33,NULL,NULL),(2,'\0','\0','\0','\0','\0',17,33,NULL,NULL,33,NULL,NULL),(2,'','','','\0','',19,33,NULL,NULL,33,NULL,NULL),(2,'\0','\0','\0','\0','\0',22,33,NULL,NULL,33,NULL,NULL),(2,'','','','\0','',89,33,NULL,NULL,33,NULL,NULL),(2,'','','','\0','',91,33,NULL,NULL,33,NULL,NULL),(2,'','','','\0','',92,33,NULL,NULL,33,NULL,NULL),(2,'\0','\0','\0','\0','\0',101,33,NULL,NULL,33,NULL,NULL),(2,'','','','\0','',102,33,NULL,NULL,33,NULL,NULL),(2,'\0','\0','\0','\0','\0',105,33,NULL,NULL,33,NULL,NULL),(2,'','','','\0','',107,33,NULL,NULL,33,NULL,NULL),(2,NULL,'\0',NULL,'\0','\0',110,33,NULL,NULL,33,NULL,NULL),(2,'','','','\0','',127,33,NULL,NULL,33,NULL,NULL),(2,'','','','\0','',130,33,NULL,NULL,33,NULL,NULL),(2,NULL,'\0','\0','\0','\0',131,33,NULL,NULL,33,NULL,NULL),(2,NULL,'\0','\0','\0','\0',132,33,NULL,NULL,33,NULL,NULL),(2,NULL,'\0','\0','\0','\0',133,33,NULL,NULL,33,NULL,NULL),(2,'\0','\0','\0','\0','\0',134,33,NULL,NULL,33,NULL,NULL),(2,'','','','\0','',135,33,NULL,NULL,33,NULL,NULL),(2,NULL,'\0','\0','\0','\0',136,33,NULL,NULL,33,NULL,NULL),(2,NULL,'\0','\0','\0','\0',137,33,NULL,NULL,33,NULL,NULL),(2,NULL,'\0','\0','\0','\0',138,33,NULL,NULL,33,NULL,NULL),(2,NULL,'\0','\0','\0','\0',139,33,NULL,NULL,33,NULL,NULL),(2,NULL,'\0','\0','\0','\0',140,33,NULL,NULL,33,NULL,NULL),(2,NULL,'\0','\0','\0','\0',141,33,NULL,NULL,33,NULL,NULL),(2,NULL,'\0','\0','\0','\0',142,33,NULL,NULL,33,NULL,NULL),(2,'\0','\0','\0','\0','\0',143,33,NULL,NULL,33,NULL,NULL),(3,'\0','\0','\0','\0','\0',11,33,NULL,NULL,33,NULL,NULL),(3,'\0','\0','\0','\0','\0',12,33,NULL,NULL,33,NULL,NULL),(3,'\0','\0','\0','\0','\0',13,33,NULL,NULL,33,NULL,NULL),(3,'\0','\0','\0','\0','\0',14,33,NULL,NULL,33,NULL,NULL),(3,'\0','\0','\0','\0','\0',15,33,NULL,NULL,33,NULL,NULL),(3,'\0','\0','\0','\0','\0',16,33,NULL,NULL,33,NULL,NULL),(3,'\0','\0','\0','\0','\0',17,33,NULL,NULL,33,NULL,NULL),(3,'\0','\0','\0','\0','\0',19,33,NULL,NULL,33,NULL,NULL),(3,'\0','\0','\0','\0','\0',22,33,NULL,NULL,33,NULL,NULL),(3,'','','','\0','',23,33,NULL,NULL,33,NULL,NULL),(3,'','','','\0','',24,33,NULL,NULL,33,NULL,NULL),(3,'','','','\0','',25,33,NULL,NULL,33,NULL,NULL),(3,'\0','\0','\0','\0','\0',89,33,NULL,NULL,33,NULL,NULL),(3,'\0','\0','\0','\0','\0',92,33,NULL,NULL,33,NULL,NULL),(3,'\0','\0','\0','\0','\0',101,33,NULL,NULL,33,NULL,NULL),(3,'\0','\0','\0','\0','\0',106,33,NULL,NULL,33,NULL,NULL),(3,'','','','\0','',111,33,NULL,NULL,33,NULL,NULL),(3,NULL,'\0','\0','\0','\0',112,33,NULL,NULL,33,NULL,NULL),(3,NULL,'\0','\0','\0','\0',113,33,NULL,NULL,33,NULL,NULL),(3,NULL,'\0','\0','\0','\0',114,33,NULL,NULL,33,NULL,NULL),(3,NULL,'\0','\0','\0','\0',115,33,NULL,NULL,33,NULL,NULL),(3,NULL,'\0','\0','\0','\0',116,33,NULL,NULL,33,NULL,NULL),(3,NULL,'\0','\0','\0','\0',117,33,NULL,NULL,33,NULL,NULL),(3,NULL,'\0','\0','\0','\0',118,33,NULL,NULL,33,NULL,NULL),(3,NULL,'\0','\0','\0','\0',119,33,NULL,NULL,33,NULL,NULL),(3,'','','','\0','',120,33,NULL,NULL,33,NULL,NULL),(3,'','','','\0','',121,33,NULL,NULL,33,NULL,NULL),(3,'','','','\0','',122,33,NULL,NULL,33,NULL,NULL),(3,'','','','\0','',123,33,NULL,NULL,33,NULL,NULL),(3,'','','','\0','',124,33,NULL,NULL,33,NULL,NULL),(3,'','','','\0','',125,33,NULL,NULL,33,NULL,NULL),(3,'','','','\0','',126,33,NULL,NULL,33,NULL,NULL),(3,'','','','\0',NULL,127,33,NULL,NULL,33,NULL,NULL),(3,NULL,'\0','\0','\0',NULL,130,33,NULL,NULL,33,NULL,NULL),(3,NULL,'\0','\0','\0',NULL,131,33,NULL,NULL,33,NULL,NULL),(3,'','','','\0','',132,33,NULL,NULL,33,NULL,NULL),(3,'','','','\0','',133,33,NULL,NULL,33,NULL,NULL),(3,'','','','\0','',134,33,NULL,NULL,33,NULL,NULL),(3,NULL,'\0','\0','\0',NULL,135,33,NULL,NULL,33,NULL,NULL),(3,NULL,'\0','\0','\0',NULL,136,33,NULL,NULL,33,NULL,NULL),(3,NULL,'\0','\0','\0',NULL,137,33,NULL,NULL,33,NULL,NULL),(3,'','','','\0','',138,33,NULL,NULL,33,NULL,NULL),(3,'','','','\0','',139,33,NULL,NULL,33,NULL,NULL),(3,'','','','\0','',140,33,NULL,NULL,33,NULL,NULL),(3,'','','','\0','',141,33,NULL,NULL,33,NULL,NULL),(3,'','','','\0','',142,33,NULL,NULL,33,NULL,NULL),(3,'','','','\0','',143,33,NULL,NULL,33,NULL,NULL),(4,'','','','\0','',11,33,NULL,NULL,33,NULL,NULL),(4,'\0','\0','\0','\0','\0',12,33,NULL,NULL,33,NULL,NULL),(4,'\0','\0','\0','\0','\0',13,33,NULL,NULL,33,NULL,NULL),(4,'\0','\0','\0','\0','\0',14,33,NULL,NULL,33,NULL,NULL),(4,'\0','\0','\0','\0','\0',15,33,NULL,NULL,33,NULL,NULL),(4,'\0','\0','\0','\0','\0',16,33,NULL,NULL,33,NULL,NULL),(4,'\0','\0','\0','\0','\0',17,33,NULL,NULL,33,NULL,NULL),(4,'','','','\0','',19,33,NULL,NULL,33,NULL,NULL),(4,'','','','\0','',22,33,NULL,NULL,33,NULL,NULL),(4,'\0','\0','\0','\0','\0',25,33,NULL,NULL,33,NULL,NULL),(4,'','','','\0','',89,33,NULL,NULL,33,NULL,NULL),(4,'','','','\0','',92,33,NULL,NULL,33,NULL,NULL),(4,'','','','\0','',101,33,NULL,NULL,33,NULL,NULL),(4,'\0','\0','\0','\0','\0',103,33,NULL,NULL,33,NULL,NULL),(4,'','','','\0','',109,33,NULL,NULL,33,NULL,NULL),(5,'','','','\0','',68,33,NULL,NULL,33,NULL,NULL),(5,'','','','\0','',69,33,NULL,NULL,33,NULL,NULL),(5,'','','','\0','',70,33,NULL,NULL,33,NULL,NULL),(5,'','','','\0','',71,33,NULL,NULL,33,NULL,NULL),(6,'','','','','\0',1,33,'2015-09-02 00:00:00','::1',33,'2015-09-02 07:07:12','::1'),(6,'','','','','\0',2,33,'2015-09-02 00:00:00','::1',33,'2015-09-02 07:07:12','::1'),(6,'','','','','\0',3,33,'2015-09-02 00:00:00','::1',33,'2015-09-02 07:07:12','::1'),(6,'','','','','\0',4,33,'2015-09-02 00:00:00','::1',33,'2015-09-02 07:07:12','::1'),(6,'','','','','\0',5,33,'2015-09-02 00:00:00','::1',33,'2015-09-02 07:07:12','::1'),(6,'','','','','\0',6,33,'2015-09-02 00:00:00','::1',33,'2015-09-02 07:07:12','::1'),(6,'','','','','\0',8,33,'2015-09-02 00:00:00','::1',33,'2015-09-02 07:07:12','::1'),(6,'','','','','\0',9,33,'2015-09-02 00:00:00','::1',33,'2015-09-02 07:07:12','::1'),(6,'','','','','\0',10,33,'2015-09-02 00:00:00','::1',33,'2015-09-02 07:07:12','::1'),(6,'','','','','\0',11,33,'2015-09-02 00:00:00','::1',33,'2015-09-02 07:07:12','::1'),(6,'','','','','\0',12,33,'2015-09-02 00:00:00','::1',33,'2015-09-02 07:07:12','::1'),(6,'','','','','\0',13,33,'2015-09-02 00:00:00','::1',33,'2015-09-02 07:07:12','::1'),(6,'','','','','\0',14,33,'2015-09-02 00:00:00','::1',33,'2015-09-02 07:07:12','::1'),(6,'','','','','\0',15,33,'2015-09-02 00:00:00','::1',33,'2015-09-02 07:07:12','::1'),(6,'','','','','\0',16,33,'2015-09-02 00:00:00','::1',33,'2015-09-02 07:07:12','::1'),(6,'','','','','\0',17,33,'2015-09-02 00:00:00','::1',33,'2015-09-02 07:07:12','::1'),(6,'','','','','\0',19,33,'2015-09-02 00:00:00','::1',33,'2015-09-02 07:07:12','::1'),(6,'','','','','\0',22,33,'2015-09-02 00:00:00','::1',33,'2015-09-02 07:07:12','::1'),(6,'','','','','\0',23,33,'2015-09-02 00:00:00','::1',33,'2015-09-02 07:07:12','::1'),(6,'','','','','\0',24,33,'2015-09-02 00:00:00','::1',33,'2015-09-02 07:07:12','::1'),(6,'','','','','\0',25,33,'2015-09-02 00:00:00','::1',33,'2015-09-02 07:07:12','::1'),(6,'','','','','\0',60,33,'2015-09-02 00:00:00','::1',33,'2015-09-02 07:07:12','::1'),(6,'','','','','\0',61,33,'2015-09-02 00:00:00','::1',33,'2015-09-02 07:07:12','::1'),(6,'','','','','\0',62,33,'2015-09-02 00:00:00','::1',33,'2015-09-02 07:07:13','::1'),(6,'','','','','\0',64,33,'2015-09-02 00:00:00','::1',33,'2015-09-02 07:07:13','::1'),(6,'','','','','\0',65,33,'2015-09-02 00:00:00','::1',33,'2015-09-02 07:07:13','::1'),(6,'','','','','\0',66,33,'2015-09-02 00:00:00','::1',33,'2015-09-02 07:07:13','::1'),(6,'','','','','\0',67,33,'2015-09-02 00:00:00','::1',33,'2015-09-02 07:07:13','::1'),(6,'','','','\0','\0',68,33,'2015-09-02 00:00:00','::1',33,'2015-09-02 07:07:13','::1'),(6,'','','','\0','\0',69,33,'2015-09-02 00:00:00','::1',33,'2015-09-02 07:07:13','::1'),(6,'','','','\0','\0',70,33,'2015-09-02 00:00:00','::1',33,'2015-09-02 07:07:13','::1'),(6,'','','','\0','\0',71,33,'2015-09-02 00:00:00','::1',33,'2015-09-02 07:07:13','::1'),(6,'','','','','\0',89,33,'2015-09-02 00:00:00','::1',33,'2015-09-02 07:07:13','::1'),(6,'','','','','\0',91,33,'2015-09-02 00:00:00','::1',33,'2015-09-02 07:07:13','::1'),(6,'','','','','\0',92,33,'2015-09-02 00:00:00','::1',33,'2015-09-02 07:07:13','::1'),(6,'','','','','\0',101,33,'2015-09-02 00:00:00','::1',33,'2015-09-02 07:07:13','::1'),(6,'','','','','\0',102,33,'2015-09-02 00:00:00','::1',33,'2015-09-02 07:07:13','::1'),(6,'','','','','\0',103,33,'2015-09-02 00:00:00','::1',33,'2015-09-02 07:07:13','::1'),(6,'','','','','\0',105,33,'2015-09-02 00:00:00','::1',33,'2015-09-02 07:07:13','::1'),(6,'','','','','\0',106,33,'2015-09-02 00:00:00','::1',33,'2015-09-02 07:07:13','::1'),(6,'','','','','\0',107,33,'2015-09-02 00:00:00','::1',33,'2015-09-02 07:07:13','::1'),(6,'','','','','\0',109,33,'2015-09-02 00:00:00','::1',33,'2015-09-02 07:07:13','::1'),(6,'','','','','\0',110,33,'2015-09-02 00:00:00','::1',33,'2015-09-02 07:07:13','::1'),(6,'','','','','\0',111,33,'2015-09-02 00:00:00','::1',33,'2015-09-02 07:07:13','::1'),(6,'','','','','\0',112,33,'2015-09-02 00:00:00','::1',33,'2015-09-02 07:07:13','::1'),(6,'','','','','\0',113,33,'2015-09-02 00:00:00','::1',33,'2015-09-02 07:07:13','::1'),(6,'','','','','\0',114,33,'2015-09-02 00:00:00','::1',33,'2015-09-02 07:07:13','::1'),(6,'','','','','\0',115,33,'2015-09-02 00:00:00','::1',33,'2015-09-02 07:07:13','::1'),(6,'','','','','\0',116,33,'2015-09-02 00:00:00','::1',33,'2015-09-02 07:07:13','::1'),(6,'','','','','\0',117,33,'2015-09-02 00:00:00','::1',33,'2015-09-02 07:07:13','::1'),(6,'','','','','\0',118,33,'2015-09-02 00:00:00','::1',33,'2015-09-02 07:07:13','::1'),(6,'','','','','\0',119,33,'2015-09-02 00:00:00','::1',33,'2015-09-02 07:07:13','::1'),(6,'','','','','\0',120,33,'2015-09-02 00:00:00','::1',33,'2015-09-02 07:07:13','::1'),(6,'','','','','\0',121,33,'2015-09-02 00:00:00','::1',33,'2015-09-02 07:07:14','::1'),(6,'','','','','\0',122,33,'2015-09-02 00:00:00','::1',33,'2015-09-02 07:07:14','::1'),(6,'','','','','\0',123,33,'2015-09-02 00:00:00','::1',33,'2015-09-02 07:07:14','::1'),(6,'','','','','\0',124,33,'2015-09-02 00:00:00','::1',33,'2015-09-02 07:07:14','::1'),(6,'','','','','\0',125,33,'2015-09-02 00:00:00','::1',33,'2015-09-02 07:07:14','::1'),(6,'','','','','\0',126,33,'2015-09-02 00:00:00','::1',33,'2015-09-02 07:07:14','::1'),(6,'','','','','\0',127,33,'2015-09-02 00:00:00','::1',33,'2015-09-02 07:07:14','::1'),(6,'','','','','\0',130,33,'2015-09-02 00:00:00','::1',33,'2015-09-02 07:07:14','::1'),(6,'','','','','\0',131,33,'2015-09-02 00:00:00','::1',33,'2015-09-02 07:07:14','::1'),(6,'','','','','\0',132,33,'2015-09-02 00:00:00','::1',33,'2015-09-02 07:07:14','::1'),(6,'','','','','\0',133,33,'2015-09-02 00:00:00','::1',33,'2015-09-02 07:07:14','::1'),(6,'','','','','\0',134,33,'2015-09-02 00:00:00','::1',33,'2015-09-02 07:07:14','::1'),(6,'','','','','\0',135,33,'2015-09-02 00:00:00','::1',33,'2015-09-02 07:07:14','::1'),(6,'','','','','\0',136,33,'2015-09-02 00:00:00','::1',33,'2015-09-02 07:07:14','::1'),(6,'','','','','\0',137,33,'2015-09-02 00:00:00','::1',33,'2015-09-02 07:07:14','::1'),(6,'','','','','\0',138,33,'2015-09-02 00:00:00','::1',33,'2015-09-02 07:07:14','::1'),(6,'','','','','\0',139,33,'2015-09-02 00:00:00','::1',33,'2015-09-02 07:07:14','::1'),(6,'','','','','\0',140,33,'2015-09-02 00:00:00','::1',33,'2015-09-02 07:07:14','::1'),(6,'','','','','\0',141,33,'2015-09-02 00:00:00','::1',33,'2015-09-02 07:07:14','::1'),(6,'','','','','\0',142,33,'2015-09-02 00:00:00','::1',33,'2015-09-02 07:07:14','::1'),(6,'','','','','\0',143,33,'2015-09-02 00:00:00','::1',33,'2015-09-02 07:07:14','::1'),(6,'','','','','\0',144,33,'2015-09-02 00:00:00','::1',33,'2015-09-02 07:07:14','::1'),(6,'','','','','\0',145,33,'2015-09-02 00:00:00','::1',33,'2015-09-02 07:07:14','::1'),(6,'','','','','\0',146,33,'2015-09-02 00:00:00','::1',33,'2015-09-02 07:07:14','::1'),(6,'','','','','\0',148,33,'2015-09-02 00:00:00','::1',33,'2015-09-02 07:07:14','::1'),(6,'','','','','\0',149,33,'2015-09-02 00:00:00','::1',33,'2015-09-02 07:07:14','::1'),(6,'','','','','\0',151,33,'2015-09-02 00:00:00','::1',33,'2015-09-02 07:07:14','::1'),(6,'','','','','\0',153,33,'2015-09-02 00:00:00','::1',33,'2015-09-02 07:07:15','::1'),(6,'','','','','\0',155,33,'2015-09-02 00:00:00','::1',33,'2015-09-02 07:07:15','::1'),(6,'','','','','\0',156,33,'2015-09-02 00:00:00','::1',33,'2015-09-02 07:07:15','::1'),(6,'','','','','\0',157,33,'2015-09-02 00:00:00','::1',33,'2015-09-02 07:07:15','::1'),(6,'','','','','\0',158,33,'2015-09-02 00:00:00','::1',33,'2015-09-02 07:07:15','::1'),(6,'','','','','\0',159,33,'2015-09-02 00:00:00','::1',33,'2015-09-02 07:07:15','::1'),(6,'','','','','\0',160,33,'2015-09-02 00:00:00','::1',33,'2015-09-02 07:07:15','::1'),(6,'','','','','\0',162,33,'2015-09-02 00:00:00','::1',33,'2015-09-02 07:07:15','::1'),(6,'','','','','\0',163,33,'2015-09-02 00:00:00','::1',33,'2015-09-02 07:07:07','::1'),(6,'','','','','\0',164,33,'2015-09-02 00:00:00','::1',33,'2015-09-02 07:07:07','::1'),(6,'','','','','\0',165,33,'2015-09-02 00:00:00','::1',33,'2015-09-02 07:07:07','::1'),(6,'','','','','\0',166,33,'2015-09-02 00:00:00','::1',33,'2015-09-02 07:07:07','::1'),(6,'','','','','\0',167,33,'2015-09-02 00:00:00','::1',33,'2015-09-02 07:07:07','::1'),(6,'','','','','\0',168,33,'2015-09-02 00:00:00','::1',33,'2015-09-02 07:07:07','::1'),(6,'','','','','\0',169,33,'2015-09-02 00:00:00','::1',33,'2015-09-02 07:07:07','::1'),(6,'','','','','\0',170,33,'2015-09-02 00:00:00','::1',33,'2015-09-02 07:07:08','::1'),(6,'','','','','\0',171,33,'2015-09-02 00:00:00','::1',33,'2015-09-02 07:07:08','::1'),(6,'','','','','\0',172,33,'2015-09-02 00:00:00','::1',33,'2015-09-02 07:07:08','::1'),(6,'','','','','\0',173,33,'2015-09-02 00:00:00','::1',33,'2015-09-02 07:07:08','::1'),(6,'','','','','\0',174,33,'2015-09-02 00:00:00','::1',33,'2015-09-02 07:07:08','::1'),(6,'','','','','\0',175,33,'2015-09-02 00:00:00','::1',33,'2015-09-02 07:07:08','::1'),(6,'','','','','\0',176,33,'2015-09-02 00:00:00','::1',33,'2015-09-02 07:07:08','::1'),(6,'','','','','\0',177,33,'2015-09-02 00:00:00','::1',33,'2015-09-02 07:07:08','::1'),(6,'','','','','\0',180,33,'2015-09-02 00:00:00','::1',33,'2015-09-02 07:07:08','::1'),(6,'','','','','\0',181,33,'2015-09-02 00:00:00','::1',33,'2015-09-02 07:07:08','::1'),(6,'','','','','\0',182,33,'2015-09-02 00:00:00','::1',33,'2015-09-02 07:07:08','::1'),(6,'','','','','\0',183,33,'2015-09-02 00:00:00','::1',33,'2015-09-02 07:07:08','::1'),(6,'','','','','\0',184,33,'2015-09-02 00:00:00','::1',33,'2015-09-02 07:07:08','::1'),(6,'','','','','\0',185,33,'2015-09-02 00:00:00','::1',33,'2015-09-02 07:07:08','::1'),(6,'','','','','\0',186,33,'2015-09-02 00:00:00','::1',33,'2015-09-02 07:07:08','::1'),(6,'','','','','\0',187,33,'2015-09-02 00:00:00','::1',33,'2015-09-02 07:07:08','::1'),(6,'','','','','\0',188,33,'2015-09-02 00:00:00','::1',33,'2015-09-02 07:07:08','::1'),(6,'','','','','\0',189,33,'2015-09-02 00:00:00','::1',33,'2015-09-02 07:07:08','::1'),(6,'','','','','\0',190,33,'2015-09-02 00:00:00','::1',33,'2015-09-02 07:07:08','::1'),(6,'','','','','\0',191,33,'2015-09-02 00:00:00','::1',33,'2015-09-02 07:07:08','::1'),(6,'','','','','\0',192,33,'2015-09-02 00:00:00','::1',33,'2015-09-02 07:07:08','::1'),(6,'','','','','\0',193,33,'2015-09-02 00:00:00','::1',33,'2015-09-02 07:07:08','::1'),(6,'','','','','\0',194,33,'2015-09-02 00:00:00','::1',33,'2015-09-02 07:07:08','::1'),(6,'','','','','\0',195,33,'2015-09-02 00:00:00','::1',33,'2015-09-02 07:07:08','::1'),(6,'','','','','\0',196,33,'2015-09-02 00:00:00','::1',33,'2015-09-02 07:07:08','::1'),(6,'','','','','\0',197,33,'2015-09-02 00:00:00','::1',33,'2015-09-02 07:07:08','::1'),(6,'','','','','\0',198,33,'2015-09-02 00:00:00','::1',33,'2015-09-02 07:07:09','::1'),(6,'','','','','\0',199,33,'2015-09-02 00:00:00','::1',33,'2015-09-02 07:07:09','::1'),(6,'','','','','\0',200,33,'2015-09-02 00:00:00','::1',33,'2015-09-02 07:07:09','::1'),(6,'','','','','\0',201,33,'2015-09-02 00:00:00','::1',33,'2015-09-02 07:07:09','::1'),(6,'','','','','\0',202,33,'2015-09-02 00:00:00','::1',33,'2015-09-02 07:07:09','::1'),(6,'','','','','\0',203,33,'2015-09-02 00:00:00','::1',33,'2015-09-02 07:07:09','::1'),(6,'','','','','\0',204,33,'2015-09-02 00:00:00','::1',33,'2015-09-02 07:07:09','::1'),(6,'','','','','\0',205,33,'2015-09-02 00:00:00','::1',33,'2015-09-02 07:07:09','::1'),(6,'','','','','\0',206,33,'2015-09-02 00:00:00','::1',33,'2015-09-02 07:07:09','::1'),(6,'','','','','\0',207,33,'2015-09-02 00:00:00','::1',33,'2015-09-02 07:07:09','::1'),(6,'','','','','\0',208,33,'2015-09-02 00:00:00','::1',33,'2015-09-02 07:07:09','::1'),(6,'','','','','\0',209,33,'2015-09-02 00:00:00','::1',33,'2015-09-02 07:07:09','::1'),(6,'','','','','\0',210,33,'2015-09-02 00:00:00','::1',33,'2015-09-02 07:07:09','::1'),(6,'','','','','\0',211,33,'2015-09-02 00:00:00','::1',33,'2015-09-02 07:07:09','::1'),(6,'','','','','\0',212,33,'2015-09-02 00:00:00','::1',33,'2015-09-02 07:07:09','::1'),(6,'','','','','\0',213,33,'2015-09-02 00:00:00','::1',33,'2015-09-02 07:07:09','::1'),(6,'','','','','\0',214,33,'2015-09-02 00:00:00','::1',33,'2015-09-02 07:07:09','::1'),(6,'','','','','\0',215,33,'2015-09-02 00:00:00','::1',33,'2015-09-02 07:07:09','::1'),(6,'','','','','\0',216,33,'2015-09-02 00:00:00','::1',33,'2015-09-02 07:07:09','::1'),(6,'','','','','\0',217,33,'2015-09-02 00:00:00','::1',33,'2015-09-02 07:07:09','::1'),(6,'','','','','\0',218,33,'2015-09-02 00:00:00','::1',33,'2015-09-02 07:07:09','::1'),(6,'','','','','\0',219,33,'2015-09-02 00:00:00','::1',33,'2015-09-02 07:07:10','::1'),(6,'','','','','\0',220,33,'2015-09-02 00:00:00','::1',33,'2015-09-02 07:07:10','::1'),(6,'','','','','\0',221,33,'2015-09-02 00:00:00','::1',33,'2015-09-02 07:07:10','::1'),(6,'','','','','\0',222,33,'2015-09-02 00:00:00','::1',33,'2015-09-02 07:07:10','::1'),(6,'','','','','\0',223,33,'2015-09-02 00:00:00','::1',33,'2015-09-02 07:07:10','::1'),(6,'','','','','\0',224,33,'2015-09-02 00:00:00','::1',33,'2015-09-02 07:07:10','::1'),(6,'','','','','\0',225,33,'2015-09-02 00:00:00','::1',33,'2015-09-02 07:07:10','::1'),(6,'','','','','\0',226,33,'2015-09-02 00:00:00','::1',33,'2015-09-02 07:07:10','::1'),(6,'','','','','\0',227,33,'2015-09-02 00:00:00','::1',33,'2015-09-02 07:07:10','::1'),(6,'','','','','\0',228,33,'2015-09-02 00:00:00','::1',33,'2015-09-02 07:07:10','::1'),(6,'','','','','\0',229,33,'2015-09-02 00:00:00','::1',33,'2015-09-02 07:07:10','::1'),(6,'','','','','\0',230,33,'2015-09-02 00:00:00','::1',33,'2015-09-02 07:07:10','::1'),(6,'','','','','\0',231,33,'2015-09-02 00:00:00','::1',33,'2015-09-02 07:07:10','::1'),(6,'','','','','\0',232,33,'2015-09-02 00:00:00','::1',33,'2015-09-02 07:07:10','::1'),(6,'','','','','\0',233,33,'2015-09-02 00:00:00','::1',33,'2015-09-02 07:07:10','::1'),(6,'','','','','\0',234,33,'2015-09-02 00:00:00','::1',33,'2015-09-02 07:07:10','::1'),(6,'','','','','\0',235,33,'2015-09-02 00:00:00','::1',33,'2015-09-02 07:07:10','::1'),(6,'','','','','\0',236,33,'2015-09-02 00:00:00','::1',33,'2015-09-02 07:07:10','::1'),(6,'','','','','\0',237,33,'2015-09-02 00:00:00','::1',33,'2015-09-02 07:07:10','::1'),(6,'','','','','\0',238,33,'2015-09-02 00:00:00','::1',33,'2015-09-02 07:07:10','::1'),(6,'','','','','\0',239,33,'2015-09-02 00:00:00','::1',33,'2015-09-02 07:07:10','::1'),(6,'','','','','\0',240,33,'2015-09-02 00:00:00','::1',33,'2015-09-02 07:07:10','::1'),(6,'','','','','\0',241,33,'2015-09-02 00:00:00','::1',33,'2015-09-02 07:07:10','::1'),(6,'','','','','\0',242,33,'2015-09-02 00:00:00','::1',33,'2015-09-02 07:07:10','::1'),(6,'','','','','\0',243,33,'2015-09-02 00:00:00','::1',33,'2015-09-02 07:07:11','::1'),(6,'','','','','\0',244,33,'2015-09-02 00:00:00','::1',33,'2015-09-02 07:07:11','::1'),(6,'','','','','\0',245,33,'2015-09-02 00:00:00','::1',33,'2015-09-02 07:07:11','::1'),(6,'','','','','\0',246,33,'2015-09-02 00:00:00','::1',33,'2015-09-02 07:07:11','::1'),(6,'','','','','\0',247,33,'2015-09-02 00:00:00','::1',33,'2015-09-02 07:07:11','::1'),(6,'','','','','\0',248,33,'2015-09-02 00:00:00','::1',33,'2015-09-02 07:07:11','::1'),(6,'','','','','\0',249,33,'2015-09-02 00:00:00','::1',33,'2015-09-02 07:07:11','::1'),(6,'','','','','\0',250,33,'2015-09-02 00:00:00','::1',33,'2015-09-02 07:07:11','::1'),(6,'','','','','\0',251,33,'2015-09-02 00:00:00','::1',33,'2015-09-02 07:07:11','::1'),(6,'','','','','\0',252,33,'2015-09-02 00:00:00','::1',33,'2015-09-02 07:07:11','::1'),(6,'','','','','\0',253,33,'2015-09-02 00:00:00','::1',33,'2015-09-02 07:07:11','::1'),(6,'','','','','\0',254,33,'2015-09-02 00:00:00','::1',33,'2015-09-02 07:07:11','::1'),(6,'','','','','\0',255,33,'2015-09-02 00:00:00','::1',33,'2015-09-02 07:07:11','::1'),(6,'','','','','\0',256,33,'2015-09-02 00:00:00','::1',33,'2015-09-02 07:07:11','::1'),(6,'','','','','\0',257,33,'2015-09-02 00:00:00','::1',33,'2015-09-02 07:07:11','::1'),(6,'','','','','\0',258,33,'2015-09-02 00:00:00','::1',33,'2015-09-02 07:07:11','::1'),(6,'','','','','\0',259,33,'2015-09-02 00:00:00','::1',33,'2015-09-02 07:07:11','::1'),(6,'','','','','\0',260,33,'2015-09-02 00:00:00','::1',33,'2015-09-02 07:07:11','::1'),(6,'','','','','\0',261,33,'2015-09-02 00:00:00','::1',33,'2015-09-02 07:07:11','::1'),(6,'','','','','\0',262,33,'2015-09-02 00:00:00','::1',33,'2015-09-02 07:07:12','::1'),(6,'','','','','\0',263,33,NULL,NULL,33,NULL,NULL),(6,'','','','','\0',264,33,NULL,NULL,33,NULL,NULL),(6,'','','','','\0',265,33,NULL,NULL,33,NULL,NULL),(6,'','','','','\0',266,33,NULL,NULL,33,NULL,NULL),(6,'','','','','\0',267,NULL,NULL,NULL,NULL,NULL,NULL),(6,'','','','','\0',268,NULL,NULL,NULL,NULL,NULL,NULL),(6,'','','','','\0',269,NULL,NULL,NULL,NULL,NULL,NULL),(6,'','','','','\0',270,NULL,NULL,NULL,NULL,NULL,NULL),(6,'','','','','\0',271,NULL,NULL,NULL,NULL,NULL,NULL),(6,'','','','','\0',272,NULL,NULL,NULL,NULL,NULL,NULL),(6,'','','','','\0',275,NULL,NULL,NULL,NULL,NULL,NULL),(6,'','','','','\0',276,NULL,NULL,NULL,NULL,NULL,NULL),(6,'','','','','\0',277,NULL,NULL,NULL,NULL,NULL,NULL),(6,'','','','','\0',278,NULL,NULL,NULL,NULL,NULL,NULL),(6,'','','','','\0',279,NULL,NULL,NULL,NULL,NULL,NULL),(6,'','','','','\0',280,NULL,NULL,NULL,NULL,NULL,NULL),(6,'','','','','\0',281,NULL,NULL,NULL,NULL,NULL,NULL),(6,'','','','','\0',282,NULL,NULL,NULL,NULL,NULL,NULL),(6,'','','','','\0',283,NULL,NULL,NULL,NULL,NULL,NULL),(6,'','','','','\0',284,NULL,NULL,NULL,NULL,NULL,NULL),(6,'','','','','\0',285,NULL,NULL,NULL,NULL,NULL,NULL),(6,'','','','','\0',286,NULL,NULL,NULL,NULL,NULL,NULL),(6,'','','','','\0',287,NULL,NULL,NULL,NULL,NULL,NULL),(6,'','','','','\0',288,NULL,NULL,NULL,NULL,NULL,NULL),(6,'','','','','\0',289,NULL,NULL,NULL,NULL,NULL,NULL),(6,'','','','','\0',290,NULL,NULL,NULL,NULL,NULL,NULL),(6,'','','','','\0',291,NULL,NULL,NULL,NULL,NULL,NULL),(6,'','','','','\0',292,NULL,NULL,NULL,NULL,NULL,NULL),(6,'','','','','\0',293,NULL,NULL,NULL,NULL,NULL,NULL),(6,'','','','','\0',294,NULL,NULL,NULL,NULL,NULL,NULL),(6,'','','','','\0',295,NULL,NULL,NULL,NULL,NULL,NULL),(6,'','','','','\0',296,NULL,NULL,NULL,NULL,NULL,NULL),(6,'','','','','\0',297,NULL,NULL,NULL,NULL,NULL,NULL),(6,'','','','','\0',298,NULL,NULL,NULL,NULL,NULL,NULL),(6,'','','','','\0',299,NULL,NULL,NULL,NULL,NULL,NULL),(6,'','','','','\0',300,NULL,NULL,NULL,NULL,NULL,NULL),(6,'','','','','\0',301,NULL,NULL,NULL,NULL,NULL,NULL),(6,'','','','','\0',302,NULL,NULL,NULL,NULL,NULL,NULL),(6,'','','','','\0',303,NULL,NULL,NULL,NULL,NULL,NULL),(6,'','','','','\0',304,NULL,NULL,NULL,NULL,NULL,NULL),(6,'','','','','\0',305,NULL,NULL,NULL,NULL,NULL,NULL),(6,'','','','','\0',307,NULL,NULL,NULL,NULL,NULL,NULL),(6,'','','','','\0',308,NULL,NULL,NULL,NULL,NULL,NULL),(6,'','','','','\0',309,NULL,NULL,NULL,NULL,NULL,NULL),(6,'','','','','\0',310,NULL,NULL,NULL,NULL,NULL,NULL),(6,'','','','','\0',311,NULL,NULL,NULL,NULL,NULL,NULL),(6,'','','','','\0',312,NULL,NULL,NULL,NULL,NULL,NULL),(6,'','','','','\0',313,NULL,NULL,NULL,NULL,NULL,NULL),(6,'','','','','\0',314,NULL,NULL,NULL,NULL,NULL,NULL),(6,'','','','','\0',315,NULL,NULL,NULL,NULL,NULL,NULL),(6,'','','','','\0',316,NULL,NULL,NULL,NULL,NULL,NULL),(6,'','','','','\0',317,NULL,NULL,NULL,NULL,NULL,NULL),(6,'','','','','\0',318,NULL,NULL,NULL,NULL,NULL,NULL),(6,'','','','','\0',319,NULL,NULL,NULL,NULL,NULL,NULL),(7,'','','','\0','',1,33,NULL,NULL,33,NULL,NULL),(7,'','','','\0','',2,33,NULL,NULL,33,NULL,NULL),(7,'','','','\0','',3,33,NULL,NULL,33,NULL,NULL),(7,'','','','\0','',4,33,NULL,NULL,33,NULL,NULL),(7,'','','','\0','',5,33,NULL,NULL,33,NULL,NULL),(7,'','','','\0','',6,33,NULL,NULL,33,NULL,NULL),(7,'','','','\0','',8,33,NULL,NULL,33,NULL,NULL),(7,'','','','\0','',9,33,NULL,NULL,33,NULL,NULL),(7,'','','','\0','',10,33,NULL,NULL,33,NULL,NULL),(7,'','','','\0','',11,33,NULL,NULL,33,NULL,NULL),(7,'','','','\0','',12,33,NULL,NULL,33,NULL,NULL),(7,'','','','\0','',13,33,NULL,NULL,33,NULL,NULL),(7,'','','','\0','',14,33,NULL,NULL,33,NULL,NULL),(7,'','','','\0','',15,33,NULL,NULL,33,NULL,NULL),(7,'','','','\0','',16,33,NULL,NULL,33,NULL,NULL),(7,'','','','\0','',17,33,NULL,NULL,33,NULL,NULL),(7,'','','','\0','',19,33,NULL,NULL,33,NULL,NULL),(7,'','','','\0','',22,33,NULL,NULL,33,NULL,NULL),(7,'','','','\0','',23,33,NULL,NULL,33,NULL,NULL),(7,'','','','\0','',24,33,NULL,NULL,33,NULL,NULL),(7,'','','','\0','',25,33,NULL,NULL,33,NULL,NULL),(7,'','','','\0','',60,33,NULL,NULL,33,NULL,NULL),(7,'\0','\0','\0','\0','\0',61,33,NULL,NULL,33,NULL,NULL),(7,'\0','\0','\0','\0','\0',62,33,NULL,NULL,33,NULL,NULL),(7,'\0','\0','\0','\0','\0',64,33,NULL,NULL,33,NULL,NULL),(7,'','','','\0','',65,33,NULL,NULL,33,NULL,NULL),(7,'','','','\0','',66,33,NULL,NULL,33,NULL,NULL),(7,'','','','\0','',67,33,NULL,NULL,33,NULL,NULL),(7,'','','','\0','',89,33,NULL,NULL,33,NULL,NULL),(7,'','','','\0','',91,33,NULL,NULL,33,NULL,NULL),(7,'','','','\0','',92,33,NULL,NULL,33,NULL,NULL),(7,'','','','\0','',101,33,NULL,NULL,33,NULL,NULL),(7,'','','','\0','',102,33,NULL,NULL,33,NULL,NULL),(7,'','','','\0','',103,33,NULL,NULL,33,NULL,NULL),(7,'','','','\0','',105,33,NULL,NULL,33,NULL,NULL),(7,'','','','\0','',106,33,NULL,NULL,33,NULL,NULL),(7,'','','','\0','',107,33,NULL,NULL,33,NULL,NULL),(7,'','','','\0','',109,33,NULL,NULL,33,NULL,NULL),(7,'','','','\0','',110,33,NULL,NULL,33,NULL,NULL),(7,'','','','\0',NULL,111,33,NULL,NULL,33,NULL,NULL),(7,'','','','\0','',112,33,NULL,NULL,33,NULL,NULL),(7,'','','','\0','',113,33,NULL,NULL,33,NULL,NULL),(7,'','','','\0','',114,33,NULL,NULL,33,NULL,NULL),(7,'','','','\0','',115,33,NULL,NULL,33,NULL,NULL),(7,'','','','\0','',116,33,NULL,NULL,33,NULL,NULL),(7,'','','','\0','',117,33,NULL,NULL,33,NULL,NULL),(7,'','','','\0','',118,33,NULL,NULL,33,NULL,NULL),(7,'','','','\0','',119,33,NULL,NULL,33,NULL,NULL),(7,'','','','\0','',120,33,NULL,NULL,33,NULL,NULL),(7,'','','','\0','',121,33,NULL,NULL,33,NULL,NULL),(7,'','','','\0','',122,33,NULL,NULL,33,NULL,NULL),(7,'','','','\0','',123,33,NULL,NULL,33,NULL,NULL),(7,'','','','\0','',124,33,NULL,NULL,33,NULL,NULL),(7,'','','','\0','',125,33,NULL,NULL,33,NULL,NULL),(7,'','','','\0','',126,33,NULL,NULL,33,NULL,NULL),(7,'','','','\0','',127,33,NULL,NULL,33,NULL,NULL),(7,'','','','\0','',130,33,NULL,NULL,33,NULL,NULL),(7,'','','','\0','',131,33,NULL,NULL,33,NULL,NULL),(7,'','','','\0','',132,33,NULL,NULL,33,NULL,NULL),(7,'','','','\0','',133,33,NULL,NULL,33,NULL,NULL),(7,'','','','\0','',134,33,NULL,NULL,33,NULL,NULL),(7,'','','','\0','',135,33,NULL,NULL,33,NULL,NULL),(7,'','','','\0','',136,33,NULL,NULL,33,NULL,NULL),(7,'','','','\0','',137,33,NULL,NULL,33,NULL,NULL),(7,'','','','\0','',138,33,NULL,NULL,33,NULL,NULL),(7,'','','','\0','',139,33,NULL,NULL,33,NULL,NULL),(7,'','','','\0','',140,33,NULL,NULL,33,NULL,NULL),(7,'','','','\0','',141,33,NULL,NULL,33,NULL,NULL),(7,'','','','\0','',142,33,NULL,NULL,33,NULL,NULL),(7,'','','','\0','',143,33,NULL,NULL,33,NULL,NULL),(7,NULL,'','','\0','',144,33,NULL,NULL,33,NULL,NULL),(7,'','','','\0','',145,33,NULL,NULL,33,NULL,NULL),(8,'','','','\0','',1,33,NULL,NULL,33,NULL,NULL),(8,NULL,'\0','\0','\0','\0',2,33,NULL,NULL,33,NULL,NULL),(8,NULL,'\0','\0','\0','\0',3,33,NULL,NULL,33,NULL,NULL),(8,NULL,'\0','\0','\0','\0',4,33,NULL,NULL,33,NULL,NULL),(8,NULL,'\0','\0','\0','\0',5,33,NULL,NULL,33,NULL,NULL),(8,NULL,'\0','\0','\0','\0',6,33,NULL,NULL,33,NULL,NULL),(8,'','','','\0','',8,33,NULL,NULL,33,NULL,NULL),(8,'','','','\0','',9,33,NULL,NULL,33,NULL,NULL),(8,'','','','\0','',10,33,NULL,NULL,33,NULL,NULL),(8,'','','','\0','',11,33,NULL,NULL,33,NULL,NULL),(8,NULL,'\0','\0','\0','\0',12,33,NULL,NULL,33,NULL,NULL),(8,NULL,'\0','\0','\0','\0',13,33,NULL,NULL,33,NULL,NULL),(8,NULL,'\0','\0','\0','\0',14,33,NULL,NULL,33,NULL,NULL),(8,NULL,'\0','\0','\0','\0',15,33,NULL,NULL,33,NULL,NULL),(8,NULL,'\0','\0','\0','\0',16,33,NULL,NULL,33,NULL,NULL),(8,NULL,'\0','\0','\0','\0',17,33,NULL,NULL,33,NULL,NULL),(8,'','','','\0','',19,33,NULL,NULL,33,NULL,NULL),(8,'','','','\0','',22,33,NULL,NULL,33,NULL,NULL),(8,'','','','\0','',89,33,NULL,NULL,33,NULL,NULL),(8,'','','','\0','',91,33,NULL,NULL,33,NULL,NULL),(8,'','','','\0','',92,33,NULL,NULL,33,NULL,NULL),(8,'','','','\0','',101,33,NULL,NULL,33,NULL,NULL),(8,'','','','\0','',102,33,NULL,NULL,33,NULL,NULL),(8,NULL,'\0','\0','\0','\0',103,33,NULL,NULL,33,NULL,NULL),(8,'\0','\0','\0','\0','\0',105,33,NULL,NULL,33,NULL,NULL),(8,'','','','\0','',107,33,NULL,NULL,33,NULL,NULL),(8,'\0','\0','\0','\0','\0',231,33,NULL,NULL,33,NULL,NULL),(8,'\0','\0','\0','\0','\0',232,33,NULL,NULL,33,NULL,NULL),(8,'\0','\0','\0','\0','\0',236,33,NULL,NULL,33,NULL,NULL),(9,'','','','\0','',11,33,NULL,NULL,33,NULL,NULL),(9,NULL,'\0','\0','\0','\0',12,33,NULL,NULL,33,NULL,NULL),(9,NULL,'\0','\0','\0','\0',13,33,NULL,NULL,33,NULL,NULL),(9,NULL,'\0','\0','\0','\0',14,33,NULL,NULL,33,NULL,NULL),(9,NULL,'\0','\0','\0','\0',15,33,NULL,NULL,33,NULL,NULL),(9,NULL,'\0','\0','\0','\0',16,33,NULL,NULL,33,NULL,NULL),(9,NULL,'\0','\0','\0','\0',17,33,NULL,NULL,33,NULL,NULL),(9,NULL,'\0','\0','\0','\0',19,33,NULL,NULL,33,NULL,NULL),(9,NULL,'\0','\0','\0','\0',22,33,NULL,NULL,33,NULL,NULL),(9,'','','','\0','',101,33,NULL,NULL,33,NULL,NULL),(9,NULL,'\0','\0','\0','\0',103,33,NULL,NULL,33,NULL,NULL),(11,'','','','\0','',1,33,NULL,NULL,33,NULL,NULL),(11,NULL,'','','\0','',2,33,NULL,NULL,33,NULL,NULL),(11,NULL,'','','\0','',3,33,NULL,NULL,33,NULL,NULL),(11,NULL,'','','\0','',4,33,NULL,NULL,33,NULL,NULL),(11,NULL,'','','\0','',5,33,NULL,NULL,33,NULL,NULL),(11,NULL,'','','\0','',6,33,NULL,NULL,33,NULL,NULL),(11,'','','','\0','',8,33,NULL,NULL,33,NULL,NULL),(11,'','','','\0','',9,33,NULL,NULL,33,NULL,NULL),(11,'','','','\0','',10,33,NULL,NULL,33,NULL,NULL),(11,'','','','\0','',89,33,NULL,NULL,33,NULL,NULL),(11,'','','','\0','',91,33,NULL,NULL,33,NULL,NULL),(11,'','','','\0','',92,33,NULL,NULL,33,NULL,NULL),(11,'','','','\0','',102,33,NULL,NULL,33,NULL,NULL),(11,NULL,'','','\0','',105,33,NULL,NULL,33,NULL,NULL),(11,'','','','\0','',107,33,NULL,NULL,33,NULL,NULL),(11,NULL,'','','\0','',110,33,NULL,NULL,33,NULL,NULL),(12,'','\0','\0','\0','\0',1,33,'2015-08-31 12:31:14','DeniPC',33,'2015-09-13 09:08:05','::1'),(12,'','\0','\0','\0','\0',2,33,'2015-08-31 12:31:14','DeniPC',33,'2015-09-13 09:08:05','::1'),(12,'','\0','\0','\0','\0',3,33,'2015-08-31 12:31:14','DeniPC',33,'2015-09-13 09:08:05','::1'),(12,'','\0','\0','\0','\0',4,33,'2015-08-31 12:31:14','DeniPC',33,'2015-09-13 09:08:05','::1'),(12,'','\0','\0','\0','\0',5,33,'2015-08-31 12:31:14','DeniPC',33,'2015-09-13 09:08:05','::1'),(12,'','\0','\0','\0','\0',6,33,'2015-08-31 12:31:14','DeniPC',33,'2015-09-13 09:08:05','::1'),(12,'','\0','\0','\0','\0',8,33,'2015-08-31 12:31:14','DeniPC',33,'2015-09-13 09:08:05','::1'),(12,'','\0','\0','\0','\0',9,33,'2015-08-31 12:31:14','DeniPC',33,'2015-09-13 09:08:05','::1'),(12,'','\0','\0','\0','\0',10,33,'2015-08-31 12:31:14','DeniPC',33,'2015-09-13 09:08:05','::1'),(12,'','\0','\0','\0','\0',11,33,'2015-08-31 12:31:14','DeniPC',33,'2015-09-13 09:08:06','::1'),(12,'','\0','\0','\0','\0',12,33,'2015-08-31 12:31:14','DeniPC',33,'2015-09-13 09:08:06','::1'),(12,'','\0','\0','\0','\0',13,33,'2015-08-31 12:31:14','DeniPC',33,'2015-09-13 09:08:06','::1'),(12,'','\0','\0','\0','\0',14,33,'2015-08-31 12:31:14','DeniPC',33,'2015-09-13 09:08:06','::1'),(12,'','\0','\0','\0','\0',15,33,'2015-08-31 12:31:14','DeniPC',33,'2015-09-13 09:08:06','::1'),(12,'','\0','\0','\0','\0',16,33,'2015-08-31 12:31:14','DeniPC',33,'2015-09-13 09:08:06','::1'),(12,'','\0','\0','\0','\0',17,33,'2015-08-31 12:31:14','DeniPC',33,'2015-09-13 09:08:06','::1'),(12,'','\0','\0','\0','\0',19,33,'2015-08-31 12:31:14','DeniPC',33,'2015-09-13 09:08:06','::1'),(12,'','\0','\0','\0','\0',22,33,'2015-08-31 12:31:14','DeniPC',33,'2015-09-13 09:08:06','::1'),(12,'','\0','\0','\0','\0',23,33,'2015-08-31 12:31:14','DeniPC',33,'2015-09-13 09:08:06','::1'),(12,'','\0','\0','\0','\0',24,33,'2015-08-31 12:31:14','DeniPC',33,'2015-09-13 09:08:06','::1'),(12,'','\0','\0','\0','\0',25,33,'2015-08-31 12:31:14','DeniPC',33,'2015-09-13 09:08:06','::1'),(12,'','\0','\0','\0','\0',60,33,'2015-08-31 12:31:14','DeniPC',33,'2015-09-13 09:08:06','::1'),(12,'','\0','\0','\0','\0',61,33,'2015-08-31 12:31:14','DeniPC',33,'2015-09-13 09:08:06','::1'),(12,'','\0','\0','\0','\0',62,33,'2015-08-31 12:31:14','DeniPC',33,'2015-09-13 09:08:06','::1'),(12,'','\0','\0','\0','\0',64,33,'2015-08-31 12:31:14','DeniPC',33,'2015-09-13 09:08:06','::1'),(12,'','\0','\0','\0','\0',65,33,'2015-08-31 12:31:14','DeniPC',33,'2015-09-13 09:08:06','::1'),(12,'','\0','\0','\0','\0',66,33,'2015-08-31 12:31:14','DeniPC',33,'2015-09-13 09:08:06','::1'),(12,'','\0','\0','\0','\0',67,33,'2015-08-31 12:31:14','DeniPC',33,'2015-09-13 09:08:06','::1'),(12,'','','\0','\0','\0',68,33,'2015-08-31 12:31:14','DeniPC',33,'2015-09-13 09:08:06','::1'),(12,'','','\0','\0','\0',69,33,'2015-08-31 12:31:14','DeniPC',33,'2015-09-13 09:08:06','::1'),(12,'','','\0','\0','\0',70,33,'2015-08-31 12:31:14','DeniPC',33,'2015-09-13 09:08:06','::1'),(12,'','','\0','\0','\0',71,33,'2015-08-31 12:31:14','DeniPC',33,'2015-09-13 09:08:07','::1'),(12,'','\0','\0','\0','\0',89,33,'2015-08-31 12:31:14','DeniPC',33,'2015-09-13 09:08:07','::1'),(12,'','\0','\0','\0','\0',91,33,'2015-08-31 12:31:14','DeniPC',33,'2015-09-13 09:08:07','::1'),(12,'','\0','\0','\0','\0',92,33,'2015-08-31 12:31:14','DeniPC',33,'2015-09-13 09:07:59','::1'),(12,'','\0','\0','\0','\0',101,33,'2015-08-31 12:31:14','DeniPC',33,'2015-09-13 09:08:07','::1'),(12,'','\0','\0','\0','\0',102,33,'2015-08-31 12:31:14','DeniPC',33,'2015-09-13 09:08:07','::1'),(12,'','\0','\0','\0','\0',103,33,'2015-08-31 12:31:14','DeniPC',33,'2015-09-13 09:08:07','::1'),(12,'','\0','\0','\0','\0',105,33,'2015-08-31 12:31:14','DeniPC',33,'2015-09-13 09:08:07','::1'),(12,'','\0','\0','\0','\0',106,33,'2015-08-31 12:31:14','DeniPC',33,'2015-09-13 09:08:07','::1'),(12,'','\0','\0','\0','\0',107,33,'2015-08-31 12:31:14','DeniPC',33,'2015-09-13 09:08:07','::1'),(12,'','\0','\0','\0','\0',109,33,'2015-08-31 12:31:14','DeniPC',33,'2015-09-13 09:08:07','::1'),(12,'','\0','\0','\0','\0',110,33,'2015-08-31 12:31:14','DeniPC',33,'2015-09-13 09:08:07','::1'),(12,'','\0','\0','\0','\0',111,33,'2015-08-31 12:31:14','DeniPC',33,'2015-09-13 09:08:07','::1'),(12,'','\0','\0','\0','\0',112,33,'2015-08-31 12:31:14','DeniPC',33,'2015-09-13 09:08:07','::1'),(12,'','\0','\0','\0','\0',113,33,'2015-08-31 12:31:14','DeniPC',33,'2015-09-13 09:08:07','::1'),(12,'','\0','\0','\0','\0',114,33,'2015-08-31 12:31:14','DeniPC',33,'2015-09-13 09:08:07','::1'),(12,'','\0','\0','\0','\0',115,33,'2015-08-31 12:31:14','DeniPC',33,'2015-09-13 09:08:07','::1'),(12,'','\0','\0','\0','\0',116,33,'2015-08-31 12:31:14','DeniPC',33,'2015-09-13 09:08:07','::1'),(12,'','\0','\0','\0','\0',117,33,'2015-08-31 12:31:14','DeniPC',33,'2015-09-13 09:08:07','::1'),(12,'','\0','\0','\0','\0',118,33,'2015-08-31 12:31:14','DeniPC',33,'2015-09-13 09:08:07','::1'),(12,'','\0','\0','\0','\0',119,33,'2015-08-31 12:31:14','DeniPC',33,'2015-09-13 09:08:07','::1'),(12,'','\0','\0','\0','\0',120,33,'2015-08-31 12:31:14','DeniPC',33,'2015-09-13 09:08:07','::1'),(12,'','\0','\0','\0','\0',121,33,'2015-08-31 12:31:14','DeniPC',33,'2015-09-13 09:08:07','::1'),(12,'','\0','\0','\0','\0',122,33,'2015-08-31 12:31:14','DeniPC',33,'2015-09-13 09:08:07','::1'),(12,'','\0','\0','\0','\0',123,33,'2015-08-31 12:31:14','DeniPC',33,'2015-09-13 09:08:07','::1'),(12,'','\0','\0','\0','\0',124,33,'2015-08-31 12:31:14','DeniPC',33,'2015-09-13 09:08:07','::1'),(12,'','\0','\0','\0','\0',125,33,'2015-08-31 12:31:14','DeniPC',33,'2015-09-13 09:08:08','::1'),(12,'','\0','\0','\0','\0',126,33,'2015-08-31 12:31:14','DeniPC',33,'2015-09-13 09:08:08','::1'),(12,'','\0','\0','\0','\0',127,33,'2015-08-31 12:31:14','DeniPC',33,'2015-09-13 09:08:08','::1'),(12,'','\0','\0','\0','\0',130,33,'2015-08-31 12:31:14','DeniPC',33,'2015-09-13 09:08:08','::1'),(12,'','\0','\0','\0','\0',131,33,'2015-08-31 12:31:14','DeniPC',33,'2015-09-13 09:08:08','::1'),(12,'','\0','\0','\0','\0',132,33,'2015-08-31 12:31:14','DeniPC',33,'2015-09-13 09:08:08','::1'),(12,'','\0','\0','\0','\0',133,33,'2015-08-31 12:31:14','DeniPC',33,'2015-09-13 09:08:08','::1'),(12,'','\0','\0','\0','\0',134,33,'2015-08-31 12:31:14','DeniPC',33,'2015-09-13 09:08:08','::1'),(12,'','\0','\0','\0','\0',135,33,'2015-08-31 12:31:14','DeniPC',33,'2015-09-13 09:08:08','::1'),(12,'','\0','\0','\0','\0',136,33,'2015-08-31 12:31:14','DeniPC',33,'2015-09-13 09:08:08','::1'),(12,'','\0','\0','\0','\0',137,33,'2015-08-31 12:31:14','DeniPC',33,'2015-09-13 09:08:08','::1'),(12,'','\0','\0','\0','\0',138,33,'2015-08-31 12:31:14','DeniPC',33,'2015-09-13 09:08:08','::1'),(12,'','\0','\0','\0','\0',139,33,'2015-08-31 12:31:14','DeniPC',33,'2015-09-13 09:08:08','::1'),(12,'','\0','\0','\0','\0',140,33,'2015-08-31 12:31:14','DeniPC',33,'2015-09-13 09:08:08','::1'),(12,'','\0','\0','\0','\0',141,33,'2015-08-31 12:31:14','DeniPC',33,'2015-09-13 09:08:08','::1'),(12,'','\0','\0','\0','\0',142,33,'2015-08-31 12:31:14','DeniPC',33,'2015-09-13 09:08:08','::1'),(12,'','\0','\0','\0','\0',143,33,'2015-08-31 12:31:14','DeniPC',33,'2015-09-13 09:08:08','::1'),(12,'','\0','\0','\0','\0',144,33,'2015-08-31 12:31:14','DeniPC',33,'2015-09-13 09:08:08','::1'),(12,'','\0','\0','\0','\0',145,33,'2015-08-31 12:31:14','DeniPC',33,'2015-09-13 09:08:08','::1'),(12,'','\0','\0','\0','\0',146,33,'2015-08-31 12:31:14','DeniPC',33,'2015-09-13 09:08:08','::1'),(12,'','\0','\0','\0','\0',148,33,'2015-08-31 12:31:14','DeniPC',33,'2015-09-13 09:08:08','::1'),(12,'','\0','\0','\0','\0',149,33,'2015-08-31 12:31:14','DeniPC',33,'2015-09-13 09:08:08','::1'),(12,'','\0','\0','\0','\0',151,33,'2015-08-31 12:31:14','DeniPC',33,'2015-09-13 09:08:09','::1'),(12,'','\0','\0','\0','\0',153,33,'2015-08-31 12:31:14','DeniPC',33,'2015-09-13 09:08:09','::1'),(12,'','\0','\0','\0','\0',155,33,'2015-08-31 12:31:14','DeniPC',33,'2015-09-13 09:08:09','::1'),(12,'','\0','\0','\0','\0',156,33,'2015-08-31 12:31:14','DeniPC',33,'2015-09-13 09:08:09','::1'),(12,'','\0','\0','\0','\0',157,33,'2015-08-31 12:31:14','DeniPC',33,'2015-09-13 09:08:09','::1'),(12,'','\0','\0','\0','\0',158,33,'2015-08-31 12:31:14','DeniPC',33,'2015-09-13 09:08:09','::1'),(12,'','\0','\0','\0','\0',159,33,'2015-08-31 12:31:14','DeniPC',33,'2015-09-13 09:08:09','::1'),(12,'','\0','\0','\0','\0',160,33,'2015-08-31 12:31:14','DeniPC',33,'2015-09-13 09:08:09','::1'),(12,'','\0','\0','\0','\0',162,33,'2015-08-31 12:31:14','DeniPC',33,'2015-09-13 09:08:09','::1'),(12,'','\0','\0','\0','\0',163,33,'2015-09-02 00:00:00','::1',33,'2015-09-13 09:07:59','::1'),(12,'','\0','\0','\0','\0',164,33,'2015-09-02 00:00:00','::1',33,'2015-09-13 09:07:59','::1'),(12,'','\0','\0','\0','\0',165,33,'2015-09-02 00:00:00','::1',33,'2015-09-13 09:07:59','::1'),(12,'','\0','\0','\0','\0',166,33,'2015-09-02 00:00:00','::1',33,'2015-09-13 09:07:59','::1'),(12,'','\0','\0','\0','\0',167,33,'2015-09-02 00:00:00','::1',33,'2015-09-13 09:07:59','::1'),(12,'','\0','\0','\0','\0',168,33,'2015-09-02 00:00:00','::1',33,'2015-09-13 09:07:59','::1'),(12,'','\0','\0','\0','\0',169,33,'2015-09-02 00:00:00','::1',33,'2015-09-13 09:07:59','::1'),(12,'','\0','\0','\0','\0',170,33,'2015-09-02 00:00:00','::1',33,'2015-09-13 09:07:59','::1'),(12,'','\0','\0','\0','\0',171,33,'2015-09-02 00:00:00','::1',33,'2015-09-13 09:08:00','::1'),(12,'','\0','\0','\0','\0',172,33,'2015-09-02 00:00:00','::1',33,'2015-09-13 09:08:00','::1'),(12,'','\0','\0','\0','\0',173,33,'2015-09-02 00:00:00','::1',33,'2015-09-13 09:08:00','::1'),(12,'','\0','\0','\0','\0',174,33,'2015-09-02 00:00:00','::1',33,'2015-09-13 09:08:00','::1'),(12,'','\0','\0','\0','\0',175,33,'2015-09-02 00:00:00','::1',33,'2015-09-13 09:08:00','::1'),(12,'','\0','\0','\0','\0',176,33,'2015-09-02 00:00:00','::1',33,'2015-09-13 09:08:00','::1'),(12,'','\0','\0','\0','\0',177,33,'2015-09-02 00:00:00','::1',33,'2015-09-13 09:08:00','::1'),(12,'','\0','\0','\0','\0',180,33,'2015-09-02 00:00:00','::1',33,'2015-09-13 09:08:00','::1'),(12,'','\0','\0','\0','\0',181,33,'2015-09-02 00:00:00','::1',33,'2015-09-13 09:08:00','::1'),(12,'','\0','\0','\0','\0',182,33,'2015-09-02 00:00:00','::1',33,'2015-09-13 09:08:00','::1'),(12,'','\0','\0','\0','\0',183,33,'2015-09-02 00:00:00','::1',33,'2015-09-13 09:08:00','::1'),(12,'','\0','\0','\0','\0',184,33,'2015-09-02 00:00:00','::1',33,'2015-09-13 09:08:00','::1'),(12,'','\0','\0','\0','\0',185,33,'2015-09-02 00:00:00','::1',33,'2015-09-13 09:08:00','::1'),(12,'','\0','\0','\0','\0',186,33,'2015-09-02 00:00:00','::1',33,'2015-09-13 09:08:00','::1'),(12,'','\0','\0','\0','\0',187,33,'2015-09-02 00:00:00','::1',33,'2015-09-13 09:08:00','::1'),(12,'','\0','\0','\0','\0',188,33,'2015-09-02 00:00:00','::1',33,'2015-09-13 09:08:00','::1'),(12,'','\0','\0','\0','\0',189,33,'2015-09-02 00:00:00','::1',33,'2015-09-13 09:08:00','::1'),(12,'','\0','\0','\0','\0',190,33,'2015-09-02 00:00:00','::1',33,'2015-09-13 09:08:00','::1'),(12,'','\0','\0','\0','\0',191,33,'2015-09-02 00:00:00','::1',33,'2015-09-13 09:08:00','::1'),(12,'','\0','\0','\0','\0',192,33,'2015-09-02 00:00:00','::1',33,'2015-09-13 09:08:00','::1'),(12,'','\0','\0','\0','\0',193,33,'2015-09-02 00:00:00','::1',33,'2015-09-13 09:08:00','::1'),(12,'','\0','\0','\0','\0',194,33,'2015-09-02 00:00:00','::1',33,'2015-09-13 09:08:01','::1'),(12,'','\0','\0','\0','\0',195,33,'2015-09-02 00:00:00','::1',33,'2015-09-13 09:08:01','::1'),(12,'','\0','\0','\0','\0',196,33,'2015-09-02 00:00:00','::1',33,'2015-09-13 09:08:01','::1'),(12,'','\0','\0','\0','\0',197,33,'2015-09-02 00:00:00','::1',33,'2015-09-13 09:08:01','::1'),(12,'','\0','\0','\0','\0',198,33,'2015-09-02 00:00:00','::1',33,'2015-09-13 09:08:01','::1'),(12,'','\0','\0','\0','\0',199,33,'2015-09-02 00:00:00','::1',33,'2015-09-13 09:08:01','::1'),(12,'','\0','\0','\0','\0',200,33,'2015-09-02 00:00:00','::1',33,'2015-09-13 09:08:01','::1'),(12,'','\0','\0','\0','\0',201,33,'2015-09-02 00:00:00','::1',33,'2015-09-13 09:08:01','::1'),(12,'','\0','\0','\0','\0',202,33,'2015-09-02 00:00:00','::1',33,'2015-09-13 09:08:01','::1'),(12,'','\0','\0','\0','\0',203,33,'2015-09-02 00:00:00','::1',33,'2015-09-13 09:08:01','::1'),(12,'','\0','\0','\0','\0',204,33,'2015-09-02 00:00:00','::1',33,'2015-09-13 09:08:01','::1'),(12,'','\0','\0','\0','\0',205,33,'2015-09-02 00:00:00','::1',33,'2015-09-13 09:08:01','::1'),(12,'','\0','\0','\0','\0',206,33,'2015-09-02 00:00:00','::1',33,'2015-09-13 09:08:01','::1'),(12,'','\0','\0','\0','\0',207,33,'2015-09-02 00:00:00','::1',33,'2015-09-13 09:08:01','::1'),(12,'','\0','\0','\0','\0',208,33,'2015-09-02 00:00:00','::1',33,'2015-09-13 09:08:01','::1'),(12,'','\0','\0','\0','\0',209,33,'2015-09-02 00:00:00','::1',33,'2015-09-13 09:08:01','::1'),(12,'','\0','\0','\0','\0',210,33,'2015-09-02 00:00:00','::1',33,'2015-09-13 09:08:01','::1'),(12,'','\0','\0','\0','\0',211,33,'2015-09-02 00:00:00','::1',33,'2015-09-13 09:08:01','::1'),(12,'','\0','\0','\0','\0',212,33,'2015-09-02 00:00:00','::1',33,'2015-09-13 09:08:01','::1'),(12,'','\0','\0','\0','\0',213,33,'2015-09-02 00:00:00','::1',33,'2015-09-13 09:08:01','::1'),(12,'','\0','\0','\0','\0',214,33,'2015-09-02 00:00:00','::1',33,'2015-09-13 09:08:02','::1'),(12,'','\0','\0','\0','\0',215,33,'2015-09-02 00:00:00','::1',33,'2015-09-13 09:08:02','::1'),(12,'','\0','\0','\0','\0',216,33,'2015-09-02 00:00:00','::1',33,'2015-09-13 09:08:02','::1'),(12,'','\0','\0','\0','\0',217,33,'2015-09-02 00:00:00','::1',33,'2015-09-13 09:08:02','::1'),(12,'','\0','\0','\0','\0',218,33,'2015-09-02 00:00:00','::1',33,'2015-09-13 09:08:02','::1'),(12,'','\0','\0','\0','\0',219,33,'2015-09-02 00:00:00','::1',33,'2015-09-13 09:08:02','::1'),(12,'','\0','\0','\0','\0',220,33,'2015-09-02 00:00:00','::1',33,'2015-09-13 09:08:02','::1'),(12,'','\0','\0','\0','\0',221,33,'2015-09-02 00:00:00','::1',33,'2015-09-13 09:08:02','::1'),(12,'','\0','\0','\0','\0',222,33,'2015-09-02 00:00:00','::1',33,'2015-09-13 09:08:02','::1'),(12,'','\0','\0','\0','\0',223,33,'2015-09-02 00:00:00','::1',33,'2015-09-13 09:08:02','::1'),(12,'','\0','\0','\0','\0',224,33,'2015-09-02 00:00:00','::1',33,'2015-09-13 09:08:02','::1'),(12,'','\0','\0','\0','\0',225,33,'2015-09-02 00:00:00','::1',33,'2015-09-13 09:08:02','::1'),(12,'','\0','\0','\0','\0',226,33,'2015-09-02 00:00:00','::1',33,'2015-09-13 09:08:02','::1'),(12,'','\0','\0','\0','\0',227,33,'2015-09-02 00:00:00','::1',33,'2015-09-13 09:08:02','::1'),(12,'','\0','\0','\0','\0',228,33,'2015-09-02 00:00:00','::1',33,'2015-09-13 09:08:02','::1'),(12,'','\0','\0','\0','\0',229,33,'2015-09-02 00:00:00','::1',33,'2015-09-13 09:08:02','::1'),(12,'','\0','\0','\0','\0',230,33,'2015-09-02 00:00:00','::1',33,'2015-09-13 09:08:02','::1'),(12,'','\0','\0','\0','\0',231,33,'2015-09-02 00:00:00','::1',33,'2015-09-13 09:08:02','::1'),(12,'','\0','\0','\0','\0',232,33,'2015-09-02 00:00:00','::1',33,'2015-09-13 09:08:02','::1'),(12,'','\0','\0','\0','\0',233,33,'2015-09-02 00:00:00','::1',33,'2015-09-13 09:08:02','::1'),(12,'','\0','\0','\0','\0',234,33,'2015-09-02 00:00:00','::1',33,'2015-09-13 09:08:02','::1'),(12,'','\0','\0','\0','\0',235,33,'2015-09-02 00:00:00','::1',33,'2015-09-13 09:08:02','::1'),(12,'','\0','\0','\0','\0',236,33,'2015-09-02 00:00:00','::1',33,'2015-09-13 09:08:03','::1'),(12,'','\0','\0','\0','\0',237,33,'2015-09-02 00:00:00','::1',33,'2015-09-13 09:08:03','::1'),(12,'','\0','\0','\0','\0',238,33,'2015-09-02 00:00:00','::1',33,'2015-09-13 09:08:03','::1'),(12,'','\0','\0','\0','\0',239,33,'2015-09-02 00:00:00','::1',33,'2015-09-13 09:08:03','::1'),(12,'','\0','\0','\0','\0',240,33,'2015-09-02 00:00:00','::1',33,'2015-09-13 09:08:03','::1'),(12,'','\0','\0','\0','\0',241,33,'2015-09-02 00:00:00','::1',33,'2015-09-13 09:08:03','::1'),(12,'','\0','\0','\0','\0',242,33,'2015-09-02 00:00:00','::1',33,'2015-09-13 09:08:03','::1'),(12,'','\0','\0','\0','\0',243,33,'2015-09-02 00:00:00','::1',33,'2015-09-13 09:08:03','::1'),(12,'','\0','\0','\0','\0',244,33,'2015-09-02 00:00:00','::1',33,'2015-09-13 09:08:04','::1'),(12,'','\0','\0','\0','\0',245,33,'2015-09-02 00:00:00','::1',33,'2015-09-13 09:08:04','::1'),(12,'','\0','\0','\0','\0',246,33,'2015-09-02 00:00:00','::1',33,'2015-09-13 09:08:04','::1'),(12,'','\0','\0','\0','\0',247,33,'2015-09-02 00:00:00','::1',33,'2015-09-13 09:08:04','::1'),(12,'','\0','\0','\0','\0',248,33,'2015-09-02 00:00:00','::1',33,'2015-09-13 09:08:04','::1'),(12,'','\0','\0','\0','\0',249,33,'2015-09-02 00:00:00','::1',33,'2015-09-13 09:08:04','::1'),(12,'','\0','\0','\0','\0',250,33,'2015-09-02 00:00:00','::1',33,'2015-09-13 09:08:04','::1'),(12,'','\0','\0','\0','\0',251,33,'2015-09-02 00:00:00','::1',33,'2015-09-13 09:08:04','::1'),(12,'','\0','\0','\0','\0',252,33,'2015-09-02 00:00:00','::1',33,'2015-09-13 09:08:04','::1'),(12,'','\0','\0','\0','\0',253,33,'2015-09-02 00:00:00','::1',33,'2015-09-13 09:08:04','::1'),(12,'','\0','\0','\0','\0',254,33,'2015-09-02 00:00:00','::1',33,'2015-09-13 09:08:04','::1'),(12,'','\0','\0','\0','\0',255,33,'2015-09-02 00:00:00','::1',33,'2015-09-13 09:08:04','::1'),(12,'','\0','\0','\0','\0',256,33,'2015-09-02 00:00:00','::1',33,'2015-09-13 09:08:04','::1'),(12,'','\0','\0','\0','\0',257,33,'2015-09-02 00:00:00','::1',33,'2015-09-13 09:08:04','::1'),(12,'','\0','\0','\0','\0',258,33,'2015-09-02 00:00:00','::1',33,'2015-09-13 09:08:04','::1'),(12,'','\0','\0','\0','\0',259,33,'2015-09-02 00:00:00','::1',33,'2015-09-13 09:08:04','::1'),(12,'','\0','\0','\0','\0',260,33,'2015-09-02 00:00:00','::1',33,'2015-09-13 09:08:05','::1'),(12,'','\0','\0','\0','\0',261,33,'2015-09-02 00:00:00','::1',33,'2015-09-13 09:08:05','::1'),(12,'','\0','\0','\0','\0',262,33,'2015-09-02 00:00:00','::1',33,'2015-09-13 09:08:05','::1'),(12,'','\0','\0','\0','\0',263,33,NULL,NULL,33,'2015-09-13 09:08:05','::1'),(12,'','\0','\0','\0','\0',264,33,NULL,NULL,33,'2015-09-13 09:08:05','::1'),(12,'','\0','\0','\0','\0',265,33,NULL,NULL,33,'2015-09-13 09:08:05','::1'),(12,'','\0','\0','\0','\0',266,33,NULL,NULL,33,'2015-09-13 09:08:05','::1'),(12,'','\0','\0','\0','\0',267,33,NULL,NULL,33,'2015-09-13 09:08:09','::1'),(12,'','\0','\0','\0','\0',268,33,NULL,NULL,33,'2015-09-13 09:08:09','::1'),(12,'','\0','\0','\0','\0',269,33,NULL,NULL,33,'2015-09-13 09:08:09','::1'),(12,'','\0','\0','\0','\0',270,33,NULL,NULL,33,'2015-09-13 09:08:09','::1'),(12,'','\0','\0','\0','\0',271,33,NULL,NULL,33,'2015-09-13 09:08:09','::1'),(12,'','\0','\0','\0','\0',272,33,NULL,NULL,33,'2015-09-13 09:08:09','::1'),(12,'','\0','\0','\0','\0',275,33,NULL,NULL,33,'2015-09-13 09:08:09','::1'),(12,'','\0','\0','\0','\0',276,33,NULL,NULL,33,'2015-09-13 09:08:09','::1'),(12,'','\0','\0','\0','\0',277,33,NULL,NULL,33,'2015-09-13 09:08:10','::1'),(12,'','\0','\0','\0','\0',278,NULL,NULL,NULL,NULL,NULL,NULL),(12,'','\0','\0','\0','\0',279,NULL,NULL,NULL,NULL,NULL,NULL),(12,'','\0','\0','\0','\0',280,NULL,NULL,NULL,NULL,NULL,NULL),(12,'','\0','\0','\0','\0',281,NULL,NULL,NULL,NULL,NULL,NULL),(12,'','\0','\0','\0','\0',282,NULL,NULL,NULL,NULL,NULL,NULL),(12,'','\0','\0','\0','\0',283,NULL,NULL,NULL,NULL,NULL,NULL),(12,'','\0','\0','\0','\0',284,NULL,NULL,NULL,NULL,NULL,NULL),(12,'','\0','\0','\0','\0',285,NULL,NULL,NULL,NULL,NULL,NULL),(12,'','\0','\0','\0','\0',286,NULL,NULL,NULL,NULL,NULL,NULL),(12,'','\0','\0','\0','\0',287,NULL,NULL,NULL,NULL,NULL,NULL),(12,'','\0','\0','\0','\0',288,NULL,NULL,NULL,NULL,NULL,NULL),(12,'','\0','\0','\0','\0',289,NULL,NULL,NULL,NULL,NULL,NULL),(12,'','\0','\0','\0','\0',290,NULL,NULL,NULL,NULL,NULL,NULL),(12,'','\0','\0','\0','\0',291,NULL,NULL,NULL,NULL,NULL,NULL),(12,'','\0','\0','\0','\0',292,NULL,NULL,NULL,NULL,NULL,NULL),(12,'','\0','\0','\0','\0',293,NULL,NULL,NULL,NULL,NULL,NULL),(12,'','\0','\0','\0','\0',294,NULL,NULL,NULL,NULL,NULL,NULL),(12,'','\0','\0','\0','\0',295,NULL,NULL,NULL,NULL,NULL,NULL),(12,'','\0','\0','\0','\0',296,NULL,NULL,NULL,NULL,NULL,NULL),(12,'','\0','\0','\0','\0',297,NULL,NULL,NULL,NULL,NULL,NULL),(12,'','\0','\0','\0','\0',298,NULL,NULL,NULL,NULL,NULL,NULL),(12,'','\0','\0','\0','\0',299,NULL,NULL,NULL,NULL,NULL,NULL),(12,'','\0','\0','\0','\0',300,NULL,NULL,NULL,NULL,NULL,NULL),(12,'','\0','\0','\0','\0',301,NULL,NULL,NULL,NULL,NULL,NULL),(12,'','\0','\0','\0','\0',302,NULL,NULL,NULL,NULL,NULL,NULL),(12,'','\0','\0','\0','\0',303,NULL,NULL,NULL,NULL,NULL,NULL),(12,'','\0','\0','\0','\0',304,NULL,NULL,NULL,NULL,NULL,NULL),(12,'','\0','\0','\0','\0',305,NULL,NULL,NULL,NULL,NULL,NULL),(12,'','\0','\0','\0','\0',307,NULL,NULL,NULL,NULL,NULL,NULL),(12,'','\0','\0','\0','\0',308,NULL,NULL,NULL,NULL,NULL,NULL),(12,'','\0','\0','\0','\0',309,NULL,NULL,NULL,NULL,NULL,NULL),(12,'','\0','\0','\0','\0',310,NULL,NULL,NULL,NULL,NULL,NULL),(12,'','\0','\0','\0','\0',311,NULL,NULL,NULL,NULL,NULL,NULL),(12,'','\0','\0','\0','\0',312,NULL,NULL,NULL,NULL,NULL,NULL),(12,'','\0','\0','\0','\0',313,NULL,NULL,NULL,NULL,NULL,NULL),(12,'','\0','\0','\0','\0',314,NULL,NULL,NULL,NULL,NULL,NULL),(12,'','\0','\0','\0','\0',315,NULL,NULL,NULL,NULL,NULL,NULL),(12,'','\0','\0','\0','\0',316,NULL,NULL,NULL,NULL,NULL,NULL),(12,'','\0','\0','\0','\0',317,NULL,NULL,NULL,NULL,NULL,NULL),(12,'','\0','\0','\0','\0',318,NULL,NULL,NULL,NULL,NULL,NULL),(12,'','\0','\0','\0','\0',319,NULL,NULL,NULL,NULL,NULL,NULL),(12,'','\0','\0','\0','\0',320,NULL,NULL,NULL,NULL,NULL,NULL),(12,'','\0','\0','\0','\0',321,NULL,NULL,NULL,NULL,NULL,NULL),(12,'','\0','\0','\0','\0',322,NULL,NULL,NULL,NULL,NULL,NULL),(12,'','\0','\0','\0','\0',323,NULL,NULL,NULL,NULL,NULL,NULL),(12,'','\0','\0','\0','\0',324,NULL,NULL,NULL,NULL,NULL,NULL),(12,'','\0','\0','\0','\0',325,NULL,NULL,NULL,NULL,NULL,NULL),(12,'','\0','\0','\0','\0',326,NULL,NULL,NULL,NULL,NULL,NULL),(12,'','\0','\0','\0','\0',327,NULL,NULL,NULL,NULL,NULL,NULL),(12,'','\0','\0','\0','\0',328,NULL,NULL,NULL,NULL,NULL,NULL),(12,'','\0','\0','\0','\0',329,NULL,NULL,NULL,NULL,NULL,NULL),(12,'','\0','\0','\0','\0',330,NULL,NULL,NULL,NULL,NULL,NULL),(12,'','\0','\0','\0','\0',331,NULL,NULL,NULL,NULL,NULL,NULL),(12,'','\0','\0','\0','\0',332,NULL,NULL,NULL,NULL,NULL,NULL),(12,'','\0','\0','\0','\0',333,NULL,NULL,NULL,NULL,NULL,NULL),(12,'','\0','\0','\0','\0',334,NULL,NULL,NULL,NULL,NULL,NULL),(12,'','\0','\0','\0','\0',335,NULL,NULL,NULL,NULL,NULL,NULL),(12,'','\0','\0','\0','\0',336,NULL,NULL,NULL,NULL,NULL,NULL),(12,'','\0','\0','\0','\0',337,NULL,NULL,NULL,NULL,NULL,NULL),(12,'','\0','\0','\0','\0',338,NULL,NULL,NULL,NULL,NULL,NULL),(12,'','\0','\0','\0','\0',339,NULL,NULL,NULL,NULL,NULL,NULL),(12,'','\0','\0','\0','\0',340,NULL,NULL,NULL,NULL,NULL,NULL),(12,'','\0','\0','\0','\0',341,NULL,NULL,NULL,NULL,NULL,NULL),(12,'','\0','\0','\0','\0',342,NULL,NULL,NULL,NULL,NULL,NULL),(12,'','\0','\0','\0','\0',343,NULL,NULL,NULL,NULL,NULL,NULL),(12,'','\0','\0','\0','\0',344,NULL,NULL,NULL,NULL,NULL,NULL),(12,'','\0','\0','\0','\0',345,NULL,NULL,NULL,NULL,NULL,NULL),(12,'','\0','\0','\0','\0',346,NULL,NULL,NULL,NULL,NULL,NULL),(12,'','\0','\0','\0','\0',347,NULL,NULL,NULL,NULL,NULL,NULL);

/*Table structure for table `roles` */

CREATE TABLE `roles` (
  `ID` int(11) NOT NULL AUTO_INCREMENT,
  `Code` varchar(50) NOT NULL,
  `Name` varchar(255) NOT NULL,
  `IsActive` bit(1) DEFAULT b'1',
  `Application_id` int(11) NOT NULL,
  `CreateBy` int(11) DEFAULT NULL,
  `CreateDate` datetime DEFAULT NULL,
  `CreateTerminal` varchar(100) DEFAULT NULL,
  `UpdateBy` int(11) DEFAULT NULL,
  `UpdateDate` datetime DEFAULT NULL,
  `UpdateTerminal` varchar(100) DEFAULT NULL,
  `KIILastUploadDate` datetime DEFAULT NULL,
  PRIMARY KEY (`ID`),
  KEY `Application_id` (`Application_id`),
  KEY `roles_createby` (`CreateBy`),
  KEY `roles_updateby` (`UpdateBy`),
  KEY `roles_kii` (`KIILastUploadDate`),
  KEY `roles_createdate` (`CreateDate`),
  KEY `roles_updatedate` (`UpdateDate`),
  CONSTRAINT `FK5F7A48334CBDA5AE` FOREIGN KEY (`Application_id`) REFERENCES `applications` (`ID`) ON DELETE CASCADE ON UPDATE CASCADE,
  CONSTRAINT `roles_createby` FOREIGN KEY (`CreateBy`) REFERENCES `users` (`ID`) ON DELETE SET NULL ON UPDATE CASCADE,
  CONSTRAINT `roles_updateby` FOREIGN KEY (`UpdateBy`) REFERENCES `users` (`ID`) ON DELETE SET NULL ON UPDATE CASCADE
) ENGINE=InnoDB AUTO_INCREMENT=46 DEFAULT CHARSET=latin1;

/*Data for the table `roles` */

insert  into `roles`(`ID`,`Code`,`Name`,`IsActive`,`Application_id`,`CreateBy`,`CreateDate`,`CreateTerminal`,`UpdateBy`,`UpdateDate`,`UpdateTerminal`,`KIILastUploadDate`) values (1,'SUPER ADMIN','Super Administrator','',1,33,'2012-09-12 13:53:45','DeniPC',33,'2013-04-03 16:21:28','::1','2015-10-25 14:39:40'),(2,'PENGOLAHAN','GrupAkses_Pengatalogan','',1,33,'2012-09-12 13:53:45','DeniPC',33,'2013-06-04 09:02:48','192.168.16.26','2015-10-25 14:39:40'),(3,'LAYANAN','GrupAkses_Layanan Anggota & Sirkulasi','',1,33,'2012-09-12 13:53:45','DeniPC',33,'2013-06-07 19:55:16','127.0.0.1','2015-10-25 14:39:40'),(4,'AKUISISI','GrupAkses_Akuisisi','',1,33,'2012-09-12 13:53:45','DeniPC',33,'2013-06-04 09:12:28','192.168.16.26','2015-10-25 14:39:40'),(5,'ANGGOTA','GrupAkses_Anggota','',2,33,'2012-09-12 13:53:45','DeniPC',33,'2013-06-04 09:02:59','192.168.16.26','2015-10-25 14:39:40'),(6,'ADMIN','GrupAkses_Administrator','',1,33,'2013-04-03 16:21:36','::1',33,'2013-06-04 09:02:26','192.168.16.26','2015-10-25 14:39:40'),(7,'ADMIN_DAERAH','GrupAkses_Admindaerah','',1,33,'2013-04-23 12:01:49','192.168.16.6',33,'2013-06-04 09:02:20','192.168.16.26','2015-10-25 14:39:40'),(8,'AKUISISI_KATALOG','GrupAkses Akuisisi & Pengatalogan','',1,33,'2013-06-04 09:10:00','192.168.16.26',33,'2013-06-04 09:12:44','192.168.16.26','2015-10-25 14:39:40'),(9,'STOK_OPNAME','GrupAkses Stok Opname','',1,33,'2013-06-10 13:05:25','192.168.16.6',33,'2013-06-10 13:05:25','192.168.16.6','2015-10-25 14:39:40'),(10,'PELAPORAN','GrupAkses Pelaporan','',1,33,'2013-06-11 09:48:02','192.168.16.15',33,'2013-06-11 09:48:02','192.168.16.15','2015-10-25 14:39:40'),(11,'DEPOSIT','groupakses_deposit','',1,33,'2013-12-06 11:14:32','192.168.101.5',33,'2013-12-06 11:14:32','192.168.101.5','2015-10-25 14:39:40'),(12,'test','test','',1,33,'2015-08-31 11:55:13','::1',33,'2015-08-31 11:55:13','::1','2015-10-25 14:39:40'),(13,'LAYANAN','GrupAkses_Layanan Sirkulasi','',1,NULL,'2012-09-12 00:00:00','DeniPC',NULL,'2015-11-19 00:00:00','192.168.119.3',NULL),(14,'KTA','GrupAkses_Layanan Anggota','',1,NULL,'2015-11-19 00:00:00','192.168.119.3',NULL,'2015-11-19 00:00:00','192.168.119.3',NULL),(15,'TANWIR','GrupAkses Sirkulasi Daftar Koleksi','',1,NULL,'2015-11-19 00:00:00','192.168.119.3',NULL,'2015-11-19 00:00:00','192.168.119.3',NULL),(16,'PENGOLAHAN','Pengolahan','',1,NULL,'2012-09-12 00:00:00','DeniPC',NULL,'2014-01-15 00:00:00','192.168.16.19',NULL),(17,'AKUISISI','Pengembangan Koleksi','',1,NULL,'2012-09-12 00:00:00','DeniPC',NULL,'2012-11-04 00:00:00','114.79.52.56',NULL),(18,'ANGGOTA','Anggota','',2,NULL,'2012-09-12 00:00:00','DeniPC',NULL,'2012-09-12 00:00:00','DeniPC',NULL),(19,'LAPORAN','Laporan','',1,NULL,'2012-12-13 00:00:00','103.28.21.10',NULL,'2012-12-13 00:00:00','103.28.21.10',NULL),(20,'KEANGGOTAAN','Layanan Keanggotaan','',1,NULL,'2013-04-11 00:00:00','192.168.13.69',NULL,'2013-09-13 00:00:00','192.168.16.24',NULL),(21,'LAYANAN_MARSELA','Layanan Merdeka Selatan','',1,NULL,'2013-04-12 00:00:00','103.28.21.21',NULL,'2013-04-12 00:00:00','103.28.21.21',NULL),(22,'ADMIN','Administrator','',1,NULL,'2012-09-12 00:00:00','DeniPC',NULL,'2012-09-12 00:00:00','DeniPC',NULL),(23,'Projek INDOLI 2013','Projek INDOLI 2013 (Pusbangkol)','',1,NULL,'2013-09-27 00:00:00','192.168.16.20',NULL,'2014-10-21 00:00:00','192.168.16.13',NULL),(24,'DepositOlah','Deposit Pengolahan','',1,NULL,'2014-01-30 00:00:00','192.168.16.14',NULL,'2014-01-30 00:00:00','192.168.16.14',NULL),(25,'adminpengolahan','Admin Pengolahan Bahan Perpustakaan','',1,NULL,'2013-05-23 00:00:00','192.168.16.43',NULL,'2014-01-15 00:00:00','192.168.16.19',NULL),(26,'unggahdokdigital','Unggah Dok. Digital','\0',1,NULL,'2013-10-01 00:00:00','192.168.16.12',NULL,'2014-01-13 00:00:00','192.168.16.13',NULL),(27,'cetakkatalog','Cetak Kartu Katalog','',1,NULL,'2013-10-31 00:00:00','192.168.16.14',NULL,'2013-10-31 00:00:00','192.168.16.14',NULL),(28,'keanggotaaneresources','Layanan Keanggotaan e-Resources','',1,NULL,'2014-02-12 00:00:00','192.168.16.9',NULL,'2014-02-12 00:00:00','192.168.16.9',NULL),(29,'Projek INDOLI 2014','Projek INDOLI 2014 (Pusbangkol)','',1,NULL,'2014-09-10 00:00:00','192.168.16.16',NULL,'2014-10-21 00:00:00','192.168.16.13',NULL),(30,'ProjekPersada2014','Projek Persada 2014 (Pusbangkol)','',1,NULL,'2014-10-21 00:00:00','192.168.16.13',NULL,'2014-10-21 00:00:00','192.168.16.13',NULL),(31,'exINLISLama','ex INLIS Lama','',1,NULL,'2014-12-05 00:00:00','192.168.16.34',NULL,'2014-12-05 00:00:00','192.168.16.34',NULL),(32,'deposit_penerimaan','Deposit Penerimaan','',1,NULL,'2015-03-12 00:00:00','192.168.16.22',NULL,'2015-03-12 00:00:00','192.168.16.22',NULL),(33,'indeksartikel_entry','Indeks Artikel Entry','',1,NULL,'2015-03-13 00:00:00','192.168.16.7',NULL,'2015-03-13 00:00:00','192.168.16.7',NULL),(34,'indeksartikel_manager','Indeks Artikel Admin','',1,NULL,'2015-03-13 00:00:00','192.168.16.7',NULL,'2015-03-13 00:00:00','192.168.16.60',NULL),(35,'indeksartikel_verify','Indeks Artikel Verify','',1,NULL,'2015-03-13 00:00:00','192.168.16.7',NULL,'2015-03-13 00:00:00','192.168.16.7',NULL),(36,'gupaksesloginbukutamu','Petugas Login Bukutamu','',1,NULL,'2015-04-30 00:00:00','192.168.16.22',NULL,'2015-04-30 00:00:00','192.168.16.22',NULL),(37,'deposit_admin','Deposit Administrator','',1,NULL,'2015-03-12 00:00:00','192.168.16.22',NULL,'2015-03-12 00:00:00','192.168.16.22',NULL),(38,'admin_authority','Admin Authority','',1,NULL,'2015-03-19 00:00:00','192.168.16.48',NULL,'2015-03-19 00:00:00','192.168.16.48',NULL),(39,'HakAksesBPK','Hak Akses Khusus BPK','',1,NULL,'2015-09-02 00:00:00','192.168.16.21',NULL,'2015-09-02 00:00:00','192.168.16.21',NULL),(40,'perbaikanLokasiKoleksi','Perbaikan Lokasi Koleksi','',1,NULL,'2014-12-05 00:00:00','192.168.16.34',NULL,'2014-12-05 00:00:00','192.168.16.34',NULL),(41,'deposit_penerimaan_simulasi','deposit penerimaan (Simulasi)','',1,43,'2014-12-23 00:00:00','192.168.16.77',NULL,'2015-03-12 00:00:00','192.168.16.22',NULL),(42,'Rujukan','Layanan Rujukan','',1,NULL,'2015-01-08 00:00:00','192.168.16.100',NULL,'2015-01-08 00:00:00','192.168.16.100',NULL),(43,'DepositPenerimaanPengolahan','Deposit Penerimaan dan Pengolahan','',1,NULL,'2015-06-17 00:00:00','192.168.16.71',NULL,'2015-06-17 00:00:00','192.168.16.71',NULL),(44,'ProjekPerdana2014','Projek Perdana (Cleansing Data) 2014','',1,NULL,'2014-11-17 00:00:00','192.168.16.5',NULL,'2014-11-17 00:00:00','192.168.16.5',NULL),(45,'admin_layanan_reference','Layanan Reference Admin','',1,NULL,'2015-03-13 00:00:00','192.168.16.60',NULL,'2015-03-13 00:00:00','192.168.16.60',NULL);

/*Table structure for table `route` */

CREATE TABLE `route` (
  `name` varchar(64) CHARACTER SET utf8 COLLATE utf8_unicode_ci NOT NULL DEFAULT '',
  `alias` varchar(64) CHARACTER SET utf8 COLLATE utf8_unicode_ci NOT NULL,
  `type` varchar(64) CHARACTER SET utf8 COLLATE utf8_unicode_ci NOT NULL,
  `status` smallint(6) NOT NULL DEFAULT '1',
  PRIMARY KEY (`name`)
) ENGINE=InnoDB DEFAULT CHARSET=utf8;



/*Table structure for table `sentitems` */

CREATE TABLE `sentitems` (
  `UpdatedInDB` timestamp NOT NULL DEFAULT CURRENT_TIMESTAMP ON UPDATE CURRENT_TIMESTAMP,
  `InsertIntoDB` timestamp NOT NULL DEFAULT '0000-00-00 00:00:00',
  `SendingDateTime` timestamp NOT NULL DEFAULT '0000-00-00 00:00:00',
  `DeliveryDateTime` timestamp NULL DEFAULT NULL,
  `Text` text NOT NULL,
  `DestinationNumber` varchar(20) NOT NULL DEFAULT '',
  `Coding` enum('Default_No_Compression','Unicode_No_Compression','8bit','Default_Compression','Unicode_Compression') NOT NULL DEFAULT 'Default_No_Compression',
  `UDH` text NOT NULL,
  `SMSCNumber` varchar(20) NOT NULL DEFAULT '',
  `Class` int(11) NOT NULL DEFAULT '-1',
  `TextDecoded` text NOT NULL,
  `ID` int(10) unsigned NOT NULL DEFAULT '0',
  `SenderID` varchar(255) NOT NULL,
  `SequencePosition` int(11) NOT NULL DEFAULT '1',
  `Status` enum('SendingOK','SendingOKNoReport','SendingError','DeliveryOK','DeliveryFailed','DeliveryPending','DeliveryUnknown','Error') NOT NULL DEFAULT 'SendingOK',
  `StatusError` int(11) NOT NULL DEFAULT '-1',
  `TPMR` int(11) NOT NULL DEFAULT '-1',
  `RelativeValidity` int(11) NOT NULL DEFAULT '-1',
  `CreatorID` text NOT NULL,
  `CollectionLoanItem_id` double DEFAULT NULL,
  PRIMARY KEY (`ID`,`SequencePosition`),
  KEY `sentitems_date` (`DeliveryDateTime`),
  KEY `sentitems_tpmr` (`TPMR`),
  KEY `sentitems_dest` (`DestinationNumber`),
  KEY `sentitems_sender` (`SenderID`),
  KEY `sentitems_cli_idx` (`CollectionLoanItem_id`),
  CONSTRAINT `sentitems_cli` FOREIGN KEY (`CollectionLoanItem_id`) REFERENCES `collectionloanitems` (`ID`) ON DELETE CASCADE ON UPDATE CASCADE
) ENGINE=InnoDB DEFAULT CHARSET=utf8;

/*Data for the table `sentitems` */

/*Table structure for table `serial_articlefiles` */

CREATE TABLE `serial_articlefiles` (
  `ID` int(11) NOT NULL AUTO_INCREMENT,
  `Articles_id` double NOT NULL,
  `FileURL` varchar(255) DEFAULT NULL,
  `FileFlash` varchar(255) DEFAULT NULL,
  `sizeFile` varchar(255) DEFAULT NULL,
  `IsPublish` tinyint(4) DEFAULT '1',
  `CreateBy` int(11) DEFAULT NULL,
  `CreateDate` datetime DEFAULT NULL,
  `CreateTerminal` varchar(100) DEFAULT NULL,
  `UpdateBy` int(11) DEFAULT NULL,
  `UpdateDate` datetime DEFAULT NULL,
  `UpdateTerminal` varchar(100) DEFAULT NULL,
  `IsFromMember` bit(1) DEFAULT b'0',
  `Member_id` double DEFAULT NULL,
  PRIMARY KEY (`ID`),
  KEY `Articles_id` (`Articles_id`),
  CONSTRAINT `serial_articlefiles_ibfk_1` FOREIGN KEY (`Articles_id`) REFERENCES `serial_articles` (`id`)
) ENGINE=InnoDB DEFAULT CHARSET=latin1;

/*Data for the table `serial_articlefiles` */

/*Table structure for table `serial_articles` */

CREATE TABLE `serial_articles` (
  `id` double NOT NULL AUTO_INCREMENT,
  `Article_type` varchar(255) DEFAULT NULL,
  `Title` varchar(700) NOT NULL,
  `Content` text,
  `Creator` varchar(700) DEFAULT NULL,
  `Contributor` varchar(700) DEFAULT NULL,
  `StartPage` int(11) DEFAULT NULL,
  `Pages` int(11) DEFAULT NULL,
  `Subject` varchar(700) DEFAULT NULL,
  `DDC` varchar(255) DEFAULT NULL,
  `Call_Number` varchar(255) DEFAULT NULL,
  `EDISISERIAL` varchar(255) DEFAULT NULL,
  `TANGGAL_TERBIT_EDISI_SERIAL` date DEFAULT NULL,
  `Catalog_id` double DEFAULT NULL,
  `CreateBy` int(11) DEFAULT NULL,
  `CreateDate` datetime DEFAULT NULL,
  `CreateTerminal` varchar(100) DEFAULT NULL,
  `UpdateBy` int(11) DEFAULT NULL,
  `UpdateDate` datetime DEFAULT NULL,
  `UpdateTerminal` varchar(100) DEFAULT NULL,
  `ISOPAC` bit(1) DEFAULT b'0',
  `Abstract` text,
  PRIMARY KEY (`id`),
  KEY `idx_title` (`Title`),
  KEY `articles_catalog` (`Catalog_id`),
  KEY `articles_createby` (`CreateBy`),
  KEY `articles_updateby` (`UpdateBy`),
  CONSTRAINT `articles_catalog` FOREIGN KEY (`Catalog_id`) REFERENCES `catalogs` (`ID`) ON DELETE CASCADE ON UPDATE CASCADE,
  CONSTRAINT `articles_createby` FOREIGN KEY (`CreateBy`) REFERENCES `users` (`ID`) ON DELETE SET NULL ON UPDATE CASCADE,
  CONSTRAINT `articles_updateby` FOREIGN KEY (`UpdateBy`) REFERENCES `users` (`ID`) ON DELETE SET NULL ON UPDATE CASCADE
) ENGINE=InnoDB DEFAULT CHARSET=latin1;

/*Data for the table `serial_articles` */

/*Table structure for table `serial_articles_repeatable` */

CREATE TABLE `serial_articles_repeatable` (
  `ID` bigint(20) NOT NULL AUTO_INCREMENT,
  `serial_article_ID` double NOT NULL,
  `article_field` varchar(50) DEFAULT NULL,
  `value` varchar(111) DEFAULT NULL,
  `CreateBy` int(11) DEFAULT NULL,
  `UpdateBy` int(11) DEFAULT NULL,
  PRIMARY KEY (`ID`),
  KEY `SERIAL_ARTICLE_ID` (`serial_article_ID`),
  KEY `CREATE_USER` (`CreateBy`),
  KEY `UPDATE_USER` (`UpdateBy`),
  CONSTRAINT `CREATE_USER` FOREIGN KEY (`CreateBy`) REFERENCES `users` (`ID`) ON DELETE SET NULL ON UPDATE CASCADE,
  CONSTRAINT `SERIAL_ARTICLE_ID` FOREIGN KEY (`serial_article_ID`) REFERENCES `serial_articles` (`id`) ON DELETE CASCADE ON UPDATE CASCADE,
  CONSTRAINT `UPDATE_USER` FOREIGN KEY (`UpdateBy`) REFERENCES `users` (`ID`) ON DELETE SET NULL ON UPDATE CASCADE
) ENGINE=InnoDB DEFAULT CHARSET=latin1;

/*Data for the table `serial_articles_repeatable` */

/*Table structure for table `session` */

CREATE TABLE `session` (
  `id` char(40) NOT NULL,
  `expire` int(11) DEFAULT NULL,
  `data` blob,
  PRIMARY KEY (`id`)
) ENGINE=InnoDB DEFAULT CHARSET=latin1;

/*Data for the table `session` */

insert  into `session`(`id`,`expire`,`data`) values ('09kt2h5g4q4d0kcs66r9uj79s6',1532452197,'__flash|a:0:{}__returnUrl|s:20:\"/inlislite3/backend/\";location|s:1:\"1\";__id|i:33;'),('0ee7cm11n1m8q9t8925bsjn766',1531192729,'__flash|a:0:{}__returnUrl|s:17:\"/inlislite3/opac/\";'),('1pq2bsvpsfoadgo0gomrko74m6',1531217652,'__flash|a:0:{}__returnUrl|s:20:\"/inlislite3/backend/\";location|s:1:\"1\";__id|i:33;taglist|a:10:{s:10:\"inputvalue\";a:45:{s:3:\"001\";s:0:\"\";s:3:\"005\";s:0:\"\";s:3:\"006\";s:0:\"\";s:3:\"007\";s:2:\"ta\";s:3:\"008\";s:0:\"\";s:3:\"020\";a:1:{i:0;s:3:\"$a \";}s:3:\"035\";a:1:{i:0;s:3:\"$a \";}s:3:\"040\";s:3:\"$a \";s:3:\"082\";a:1:{i:0;s:3:\"$a \";}s:3:\"084\";a:1:{i:0;s:3:\"$a \";}s:3:\"090\";a:1:{i:0;s:3:\"$a \";}i:100;s:3:\"$a \";i:245;s:3:\"$a \";i:250;s:3:\"$a \";i:260;a:1:{i:0;s:3:\"$a \";}i:300;s:3:\"$a \";i:440;a:1:{i:0;s:3:\"$a \";}i:500;a:1:{i:0;s:3:\"$a \";}i:650;a:1:{i:0;s:3:\"$a \";}i:700;a:1:{i:0;s:3:\"$a \";}i:850;a:1:{i:0;s:3:\"$a \";}i:990;a:1:{i:0;s:3:\"$a \";}s:3:\"041\";a:1:{i:0;s:3:\"$a \";}s:3:\"043\";s:3:\"$a \";i:110;s:3:\"$a \";i:111;s:3:\"$a \";i:130;s:3:\"$a \";i:240;s:3:\"$a \";i:490;a:1:{i:0;s:3:\"$a \";}i:502;s:3:\"$a \";i:504;s:3:\"$a \";i:505;s:3:\"$a \";i:520;a:1:{i:0;s:3:\"$a \";}i:521;a:1:{i:0;s:3:\"$a \";}i:600;a:1:{i:0;s:3:\"$a \";}i:610;a:1:{i:0;s:3:\"$a \";}i:611;a:1:{i:0;s:3:\"$a \";}i:630;a:1:{i:0;s:3:\"$a \";}i:651;a:1:{i:0;s:3:\"$a \";}i:710;a:1:{i:0;s:3:\"$a \";}i:711;a:1:{i:0;s:3:\"$a \";}i:730;a:1:{i:0;s:3:\"$a \";}i:800;a:1:{i:0;s:3:\"$a \";}i:810;a:1:{i:0;s:3:\"$a \";}i:830;a:1:{i:0;s:3:\"$a \";}}s:5:\"tagid\";a:45:{s:3:\"001\";i:1;s:3:\"005\";i:3;s:3:\"006\";i:4;s:3:\"007\";i:28;s:3:\"008\";i:29;s:3:\"020\";i:31;s:3:\"035\";i:32;s:3:\"040\";i:33;s:3:\"082\";i:36;s:3:\"084\";i:37;s:3:\"090\";i:38;i:100;i:39;i:245;i:45;i:250;i:46;i:260;i:51;i:300;i:54;i:440;i:58;i:500;i:60;i:650;i:70;i:700;i:72;i:850;i:79;i:990;i:80;s:3:\"041\";i:34;s:3:\"043\";i:35;i:110;i:40;i:111;i:41;i:130;i:5;i:240;i:42;i:490;i:59;i:502;i:61;i:504;i:62;i:505;i:63;i:520;i:64;i:521;i:65;i:600;i:66;i:610;i:67;i:611;i:68;i:630;i:69;i:651;i:71;i:710;i:73;i:711;i:23;i:730;i:74;i:800;i:76;i:810;i:77;i:830;i:78;}s:7:\"tagname\";a:45:{s:3:\"001\";s:13:\"Nomor Kendali\";s:3:\"005\";s:34:\"Tanggal Dan Jam Pemakaian Terakhir\";s:3:\"006\";s:34:\"Karakteristik Bahan Sertaan - Umum\";s:3:\"007\";s:44:\"Ruas Tetap Deskripsi Fisik (Keterangan Umum)\";s:3:\"008\";s:32:\"Unsur Data Yang Panjangnya Tetap\";s:3:\"020\";s:4:\"ISBN\";s:3:\"035\";s:39:\"BIB-ID (Nomor kendali dari sistem lain)\";s:3:\"040\";s:20:\"Sumber Pengkatalogan\";s:3:\"082\";s:33:\"Nomor Panggil Desimal Dewey (DDC)\";s:3:\"084\";s:25:\"Nomor Klasifikasi Lainnya\";s:3:\"090\";s:19:\"Nomor Panggil Lokal\";i:100;s:25:\"Entri Utama -- Nama Orang\";i:245;s:16:\"Pernyataan Judul\";i:250;s:16:\"Pernyataan Edisi\";i:260;s:21:\"Penerbitan (Impresum)\";i:300;s:15:\"Deskripsi Fisik\";i:440;s:38:\"Pernyataan Seri/Entri Tambahan - Judul\";i:500;s:12:\"Catatan Umum\";i:650;s:27:\"Entri Tambahan Subjek-Topik\";i:700;s:25:\"Entri Tambahan-Nama Orang\";i:850;s:19:\"Badan yang Memiliki\";i:990;s:11:\"Nomor induk\";s:3:\"041\";s:11:\"Kode Bahasa\";s:3:\"043\";s:12:\"Kode Wilayah\";i:110;s:32:\"Entri Utama Nama Badan Korporasi\";i:111;s:29:\"Entri Utama -- Nama Pertemuan\";i:130;s:27:\"Entri Utama - Judul Seragam\";i:240;s:13:\"Judul Seragam\";i:490;s:15:\"Pernyataan Seri\";i:502;s:17:\"Catatan Disertasi\";i:504;s:19:\"Catatan Bibliografi\";i:505;s:11:\"Catatan Isi\";i:520;s:27:\"Catatan Ringkasan, Isi, dsb\";i:521;s:24:\"Catatan Kelompok Pembaca\";i:600;s:32:\"Entri Tambahan Subjek-Nama orang\";i:610;s:42:\"Entri Tambahan Subjek-Nama Badan Korporasi\";i:611;s:36:\"Entri Tambahan Subjek-Nama Pertemuan\";i:630;s:35:\"Entri Tambahan Subjek-Judul Seragam\";i:651;s:36:\"Entri Tambahan Subjek-Nama Geografis\";i:710;s:35:\"Entri Tambahan-Nama Badan Korporasi\";i:711;s:31:\"Entri Tambahan - Nama Pertemuan\";i:730;s:28:\"Entri Tambahan-Judul Seragam\";i:800;s:30:\"Entri Tambahan Seri-Nama Orang\";i:810;s:40:\"Entri Tambahan Seri-Nama Badan Korporasi\";i:830;s:33:\"Entri Tambahan Seri-Judul Seragam\";}s:12:\"tagmandatory\";a:45:{s:3:\"001\";b:1;s:3:\"005\";b:1;s:3:\"006\";b:1;s:3:\"007\";b:1;s:3:\"008\";b:1;s:3:\"020\";b:0;s:3:\"035\";b:1;s:3:\"040\";b:0;s:3:\"082\";b:0;s:3:\"084\";b:0;s:3:\"090\";b:0;i:100;b:0;i:245;b:1;i:250;b:0;i:260;b:1;i:300;b:0;i:440;b:0;i:500;b:0;i:650;b:0;i:700;b:0;i:850;b:0;i:990;b:0;s:3:\"041\";b:0;s:3:\"043\";b:0;i:110;b:0;i:111;b:0;i:130;b:0;i:240;b:0;i:490;b:0;i:502;b:0;i:504;b:0;i:505;b:0;i:520;b:0;i:521;b:0;i:600;b:0;i:610;b:0;i:611;b:0;i:630;b:0;i:651;b:0;i:710;b:0;i:711;b:0;i:730;b:0;i:800;b:0;i:810;b:0;i:830;b:0;}s:9:\"taglength\";a:45:{s:3:\"001\";i:10;s:3:\"005\";i:16;s:3:\"006\";i:17;s:3:\"007\";i:40;s:3:\"008\";i:40;s:3:\"020\";i:-1;s:3:\"035\";i:-1;s:3:\"040\";i:-1;s:3:\"082\";i:-1;s:3:\"084\";i:-1;s:3:\"090\";i:-1;i:100;i:-1;i:245;i:-1;i:250;i:-1;i:260;i:-1;i:300;i:-1;i:440;i:-1;i:500;i:-1;i:650;i:-1;i:700;i:-1;i:850;i:-1;i:990;i:-1;s:3:\"041\";i:-1;s:3:\"043\";i:-1;i:110;i:-1;i:111;i:-1;i:130;i:0;i:240;i:-1;i:490;i:-1;i:502;i:-1;i:504;i:-1;i:505;i:-1;i:520;i:-1;i:521;i:-1;i:600;i:-1;i:610;i:-1;i:611;i:-1;i:630;i:-1;i:651;i:-1;i:710;i:-1;i:711;i:0;i:730;i:-1;i:800;i:-1;i:810;i:-1;i:830;i:-1;}s:10:\"tagenabled\";a:45:{s:3:\"001\";b:0;s:3:\"005\";b:0;s:3:\"006\";b:0;s:3:\"007\";b:1;s:3:\"008\";b:1;s:3:\"020\";b:1;s:3:\"035\";b:0;s:3:\"040\";b:1;s:3:\"082\";b:1;s:3:\"084\";b:1;s:3:\"090\";b:1;i:100;b:1;i:245;b:1;i:250;b:1;i:260;b:1;i:300;b:1;i:440;b:1;i:500;b:1;i:650;b:1;i:700;b:1;i:850;b:1;i:990;b:1;s:3:\"041\";b:1;s:3:\"043\";b:1;i:110;b:1;i:111;b:1;i:130;b:1;i:240;b:1;i:490;b:1;i:502;b:1;i:504;b:1;i:505;b:1;i:520;b:1;i:521;b:1;i:600;b:1;i:610;b:1;i:611;b:1;i:630;b:1;i:651;b:1;i:710;b:1;i:711;b:1;i:730;b:1;i:800;b:1;i:810;b:1;i:830;b:1;}s:15:\"tagiscustomable\";a:45:{s:3:\"001\";b:0;s:3:\"005\";b:0;s:3:\"006\";b:1;s:3:\"007\";b:1;s:3:\"008\";b:1;s:3:\"020\";b:0;s:3:\"035\";b:0;s:3:\"040\";b:0;s:3:\"082\";b:0;s:3:\"084\";b:0;s:3:\"090\";b:0;i:100;b:0;i:245;b:0;i:250;b:0;i:260;b:0;i:300;b:0;i:440;b:0;i:500;b:0;i:650;b:0;i:700;b:0;i:850;b:0;i:990;b:0;s:3:\"041\";b:0;s:3:\"043\";b:0;i:110;b:0;i:111;b:0;i:130;b:0;i:240;b:0;i:490;b:0;i:502;b:0;i:504;b:0;i:505;b:0;i:520;b:0;i:521;b:0;i:600;b:0;i:610;b:0;i:611;b:0;i:630;b:0;i:651;b:0;i:710;b:0;i:711;b:0;i:730;b:0;i:800;b:0;i:810;b:0;i:830;b:0;}s:8:\"tagfixed\";a:45:{s:3:\"001\";b:1;s:3:\"005\";b:1;s:3:\"006\";b:1;s:3:\"007\";b:1;s:3:\"008\";b:1;s:3:\"020\";b:0;s:3:\"035\";b:0;s:3:\"040\";b:0;s:3:\"082\";b:0;s:3:\"084\";b:0;s:3:\"090\";b:0;i:100;b:0;i:245;b:0;i:250;b:0;i:260;b:0;i:300;b:0;i:440;b:0;i:500;b:0;i:650;b:0;i:700;b:0;i:850;b:0;i:990;b:0;s:3:\"041\";b:0;s:3:\"043\";b:0;i:110;b:0;i:111;b:0;i:130;b:0;i:240;b:0;i:490;b:0;i:502;b:0;i:504;b:0;i:505;b:0;i:520;b:0;i:521;b:0;i:600;b:0;i:610;b:0;i:611;b:0;i:630;b:0;i:651;b:0;i:710;b:0;i:711;b:0;i:730;b:0;i:800;b:0;i:810;b:0;i:830;b:0;}s:13:\"tagrepeatable\";a:45:{s:3:\"001\";b:0;s:3:\"005\";b:0;s:3:\"006\";b:0;s:3:\"007\";b:0;s:3:\"008\";b:0;s:3:\"020\";b:1;s:3:\"035\";b:1;s:3:\"040\";b:0;s:3:\"082\";b:1;s:3:\"084\";b:1;s:3:\"090\";b:1;i:100;b:0;i:245;b:0;i:250;b:0;i:260;b:1;i:300;b:0;i:440;b:1;i:500;b:1;i:650;b:1;i:700;b:1;i:850;b:1;i:990;b:1;s:3:\"041\";b:1;s:3:\"043\";b:0;i:110;b:0;i:111;b:0;i:130;b:0;i:240;b:0;i:490;b:1;i:502;b:0;i:504;b:0;i:505;b:0;i:520;b:1;i:521;b:1;i:600;b:1;i:610;b:1;i:611;b:1;i:630;b:1;i:651;b:1;i:710;b:1;i:711;b:1;i:730;b:1;i:800;b:1;i:810;b:1;i:830;b:1;}s:9:\"indicator\";a:45:{s:3:\"001\";a:2:{s:4:\"ind1\";s:1:\"#\";s:4:\"ind2\";s:1:\"#\";}s:3:\"005\";a:2:{s:4:\"ind1\";s:1:\"#\";s:4:\"ind2\";s:1:\"#\";}s:3:\"006\";a:2:{s:4:\"ind1\";s:1:\"#\";s:4:\"ind2\";s:1:\"#\";}s:3:\"007\";a:2:{s:4:\"ind1\";s:1:\"#\";s:4:\"ind2\";s:1:\"#\";}s:3:\"008\";a:2:{s:4:\"ind1\";s:1:\"#\";s:4:\"ind2\";s:1:\"#\";}s:3:\"020\";a:1:{i:0;a:2:{s:4:\"ind1\";s:1:\"#\";s:4:\"ind2\";s:1:\"#\";}}s:3:\"035\";a:1:{i:0;a:2:{s:4:\"ind1\";s:1:\"#\";s:4:\"ind2\";s:1:\"#\";}}s:3:\"040\";a:2:{s:4:\"ind1\";s:1:\"#\";s:4:\"ind2\";s:1:\"#\";}s:3:\"082\";a:1:{i:0;a:2:{s:4:\"ind1\";s:1:\"#\";s:4:\"ind2\";s:1:\"#\";}}s:3:\"084\";a:1:{i:0;a:2:{s:4:\"ind1\";s:1:\"#\";s:4:\"ind2\";s:1:\"#\";}}s:3:\"090\";a:1:{i:0;a:2:{s:4:\"ind1\";s:1:\"#\";s:4:\"ind2\";s:1:\"#\";}}i:100;a:2:{s:4:\"ind1\";s:1:\"#\";s:4:\"ind2\";s:1:\"#\";}i:245;a:2:{s:4:\"ind1\";s:1:\"#\";s:4:\"ind2\";s:1:\"#\";}i:250;a:2:{s:4:\"ind1\";s:1:\"#\";s:4:\"ind2\";s:1:\"#\";}i:260;a:1:{i:0;a:2:{s:4:\"ind1\";s:1:\"#\";s:4:\"ind2\";s:1:\"#\";}}i:300;a:2:{s:4:\"ind1\";s:1:\"#\";s:4:\"ind2\";s:1:\"#\";}i:440;a:1:{i:0;a:2:{s:4:\"ind1\";s:1:\"#\";s:4:\"ind2\";s:1:\"#\";}}i:500;a:1:{i:0;a:2:{s:4:\"ind1\";s:1:\"#\";s:4:\"ind2\";s:1:\"#\";}}i:650;a:1:{i:0;a:2:{s:4:\"ind1\";s:1:\"#\";s:4:\"ind2\";s:1:\"#\";}}i:700;a:1:{i:0;a:2:{s:4:\"ind1\";s:1:\"#\";s:4:\"ind2\";s:1:\"#\";}}i:850;a:1:{i:0;a:2:{s:4:\"ind1\";s:1:\"#\";s:4:\"ind2\";s:1:\"#\";}}i:990;a:1:{i:0;a:2:{s:4:\"ind1\";s:1:\"#\";s:4:\"ind2\";s:1:\"#\";}}s:3:\"041\";a:1:{i:0;a:2:{s:4:\"ind1\";s:1:\"#\";s:4:\"ind2\";s:1:\"#\";}}s:3:\"043\";a:2:{s:4:\"ind1\";s:1:\"#\";s:4:\"ind2\";s:1:\"#\";}i:110;a:2:{s:4:\"ind1\";s:1:\"#\";s:4:\"ind2\";s:1:\"#\";}i:111;a:2:{s:4:\"ind1\";s:1:\"#\";s:4:\"ind2\";s:1:\"#\";}i:130;a:2:{s:4:\"ind1\";s:1:\"#\";s:4:\"ind2\";s:1:\"#\";}i:240;a:2:{s:4:\"ind1\";s:1:\"#\";s:4:\"ind2\";s:1:\"#\";}i:490;a:1:{i:0;a:2:{s:4:\"ind1\";s:1:\"#\";s:4:\"ind2\";s:1:\"#\";}}i:502;a:2:{s:4:\"ind1\";s:1:\"#\";s:4:\"ind2\";s:1:\"#\";}i:504;a:2:{s:4:\"ind1\";s:1:\"#\";s:4:\"ind2\";s:1:\"#\";}i:505;a:2:{s:4:\"ind1\";s:1:\"#\";s:4:\"ind2\";s:1:\"#\";}i:520;a:1:{i:0;a:2:{s:4:\"ind1\";s:1:\"#\";s:4:\"ind2\";s:1:\"#\";}}i:521;a:1:{i:0;a:2:{s:4:\"ind1\";s:1:\"#\";s:4:\"ind2\";s:1:\"#\";}}i:600;a:1:{i:0;a:2:{s:4:\"ind1\";s:1:\"#\";s:4:\"ind2\";s:1:\"#\";}}i:610;a:1:{i:0;a:2:{s:4:\"ind1\";s:1:\"#\";s:4:\"ind2\";s:1:\"#\";}}i:611;a:1:{i:0;a:2:{s:4:\"ind1\";s:1:\"#\";s:4:\"ind2\";s:1:\"#\";}}i:630;a:1:{i:0;a:2:{s:4:\"ind1\";s:1:\"#\";s:4:\"ind2\";s:1:\"#\";}}i:651;a:1:{i:0;a:2:{s:4:\"ind1\";s:1:\"#\";s:4:\"ind2\";s:1:\"#\";}}i:710;a:1:{i:0;a:2:{s:4:\"ind1\";s:1:\"#\";s:4:\"ind2\";s:1:\"#\";}}i:711;a:1:{i:0;a:2:{s:4:\"ind1\";s:1:\"#\";s:4:\"ind2\";s:1:\"#\";}}i:730;a:1:{i:0;a:2:{s:4:\"ind1\";s:1:\"#\";s:4:\"ind2\";s:1:\"#\";}}i:800;a:1:{i:0;a:2:{s:4:\"ind1\";s:1:\"#\";s:4:\"ind2\";s:1:\"#\";}}i:810;a:1:{i:0;a:2:{s:4:\"ind1\";s:1:\"#\";s:4:\"ind2\";s:1:\"#\";}}i:830;a:1:{i:0;a:2:{s:4:\"ind1\";s:1:\"#\";s:4:\"ind2\";s:1:\"#\";}}}}'),('3qiebjmffohf8857d4v6jmj6b7',1531212914,'__flash|a:0:{}__returnUrl|s:20:\"/inlislite3/backend/\";location|s:1:\"1\";__id|i:33;'),('4frpf7jp0hvpik801g6am2uij3',1546256072,'__flash|a:0:{}__returnUrl|s:20:\"/inlislite3/backend/\";location|s:1:\"1\";__id|i:33;taglist|a:10:{s:10:\"inputvalue\";a:45:{s:3:\"001\";s:0:\"\";s:3:\"005\";s:0:\"\";s:3:\"006\";s:0:\"\";s:3:\"007\";s:2:\"ta\";s:3:\"008\";s:0:\"\";s:3:\"020\";a:1:{i:0;s:3:\"$a \";}s:3:\"035\";a:1:{i:0;s:3:\"$a \";}s:3:\"040\";s:3:\"$a \";s:3:\"082\";a:1:{i:0;s:3:\"$a \";}s:3:\"084\";a:1:{i:0;s:3:\"$a \";}s:3:\"090\";a:1:{i:0;s:3:\"$a \";}i:100;s:3:\"$a \";i:245;s:3:\"$a \";i:250;s:3:\"$a \";i:260;a:1:{i:0;s:3:\"$a \";}i:300;s:3:\"$a \";i:440;a:1:{i:0;s:3:\"$a \";}i:500;a:1:{i:0;s:3:\"$a \";}i:650;a:1:{i:0;s:3:\"$a \";}i:700;a:1:{i:0;s:3:\"$a \";}i:850;a:1:{i:0;s:3:\"$a \";}i:990;a:1:{i:0;s:3:\"$a \";}s:3:\"041\";a:1:{i:0;s:3:\"$a \";}s:3:\"043\";s:3:\"$a \";i:110;s:3:\"$a \";i:111;s:3:\"$a \";i:130;s:3:\"$a \";i:240;s:3:\"$a \";i:490;a:1:{i:0;s:3:\"$a \";}i:502;s:3:\"$a \";i:504;s:3:\"$a \";i:505;s:3:\"$a \";i:520;a:1:{i:0;s:3:\"$a \";}i:521;a:1:{i:0;s:3:\"$a \";}i:600;a:1:{i:0;s:3:\"$a \";}i:610;a:1:{i:0;s:3:\"$a \";}i:611;a:1:{i:0;s:3:\"$a \";}i:630;a:1:{i:0;s:3:\"$a \";}i:651;a:1:{i:0;s:3:\"$a \";}i:710;a:1:{i:0;s:3:\"$a \";}i:711;a:1:{i:0;s:3:\"$a \";}i:730;a:1:{i:0;s:3:\"$a \";}i:800;a:1:{i:0;s:3:\"$a \";}i:810;a:1:{i:0;s:3:\"$a \";}i:830;a:1:{i:0;s:3:\"$a \";}}s:5:\"tagid\";a:45:{s:3:\"001\";i:1;s:3:\"005\";i:3;s:3:\"006\";i:4;s:3:\"007\";i:28;s:3:\"008\";i:29;s:3:\"020\";i:31;s:3:\"035\";i:32;s:3:\"040\";i:33;s:3:\"082\";i:36;s:3:\"084\";i:37;s:3:\"090\";i:38;i:100;i:39;i:245;i:45;i:250;i:46;i:260;i:51;i:300;i:54;i:440;i:58;i:500;i:60;i:650;i:70;i:700;i:72;i:850;i:79;i:990;i:80;s:3:\"041\";i:34;s:3:\"043\";i:35;i:110;i:40;i:111;i:41;i:130;i:5;i:240;i:42;i:490;i:59;i:502;i:61;i:504;i:62;i:505;i:63;i:520;i:64;i:521;i:65;i:600;i:66;i:610;i:67;i:611;i:68;i:630;i:69;i:651;i:71;i:710;i:73;i:711;i:23;i:730;i:74;i:800;i:76;i:810;i:77;i:830;i:78;}s:7:\"tagname\";a:45:{s:3:\"001\";s:13:\"Nomor Kendali\";s:3:\"005\";s:34:\"Tanggal Dan Jam Pemakaian Terakhir\";s:3:\"006\";s:34:\"Karakteristik Bahan Sertaan - Umum\";s:3:\"007\";s:44:\"Ruas Tetap Deskripsi Fisik (Keterangan Umum)\";s:3:\"008\";s:32:\"Unsur Data Yang Panjangnya Tetap\";s:3:\"020\";s:4:\"ISBN\";s:3:\"035\";s:39:\"BIB-ID (Nomor kendali dari sistem lain)\";s:3:\"040\";s:20:\"Sumber Pengkatalogan\";s:3:\"082\";s:33:\"Nomor Panggil Desimal Dewey (DDC)\";s:3:\"084\";s:25:\"Nomor Klasifikasi Lainnya\";s:3:\"090\";s:19:\"Nomor Panggil Lokal\";i:100;s:25:\"Entri Utama -- Nama Orang\";i:245;s:16:\"Pernyataan Judul\";i:250;s:16:\"Pernyataan Edisi\";i:260;s:21:\"Penerbitan (Impresum)\";i:300;s:15:\"Deskripsi Fisik\";i:440;s:38:\"Pernyataan Seri/Entri Tambahan - Judul\";i:500;s:12:\"Catatan Umum\";i:650;s:27:\"Entri Tambahan Subjek-Topik\";i:700;s:25:\"Entri Tambahan-Nama Orang\";i:850;s:19:\"Badan yang Memiliki\";i:990;s:11:\"Nomor induk\";s:3:\"041\";s:11:\"Kode Bahasa\";s:3:\"043\";s:12:\"Kode Wilayah\";i:110;s:32:\"Entri Utama Nama Badan Korporasi\";i:111;s:29:\"Entri Utama -- Nama Pertemuan\";i:130;s:27:\"Entri Utama - Judul Seragam\";i:240;s:13:\"Judul Seragam\";i:490;s:15:\"Pernyataan Seri\";i:502;s:17:\"Catatan Disertasi\";i:504;s:19:\"Catatan Bibliografi\";i:505;s:11:\"Catatan Isi\";i:520;s:27:\"Catatan Ringkasan, Isi, dsb\";i:521;s:24:\"Catatan Kelompok Pembaca\";i:600;s:32:\"Entri Tambahan Subjek-Nama orang\";i:610;s:42:\"Entri Tambahan Subjek-Nama Badan Korporasi\";i:611;s:36:\"Entri Tambahan Subjek-Nama Pertemuan\";i:630;s:35:\"Entri Tambahan Subjek-Judul Seragam\";i:651;s:36:\"Entri Tambahan Subjek-Nama Geografis\";i:710;s:35:\"Entri Tambahan-Nama Badan Korporasi\";i:711;s:31:\"Entri Tambahan - Nama Pertemuan\";i:730;s:28:\"Entri Tambahan-Judul Seragam\";i:800;s:30:\"Entri Tambahan Seri-Nama Orang\";i:810;s:40:\"Entri Tambahan Seri-Nama Badan Korporasi\";i:830;s:33:\"Entri Tambahan Seri-Judul Seragam\";}s:12:\"tagmandatory\";a:45:{s:3:\"001\";b:1;s:3:\"005\";b:1;s:3:\"006\";b:1;s:3:\"007\";b:1;s:3:\"008\";b:1;s:3:\"020\";b:0;s:3:\"035\";b:1;s:3:\"040\";b:0;s:3:\"082\";b:0;s:3:\"084\";b:0;s:3:\"090\";b:0;i:100;b:0;i:245;b:1;i:250;b:0;i:260;b:1;i:300;b:0;i:440;b:0;i:500;b:0;i:650;b:0;i:700;b:0;i:850;b:0;i:990;b:0;s:3:\"041\";b:0;s:3:\"043\";b:0;i:110;b:0;i:111;b:0;i:130;b:0;i:240;b:0;i:490;b:0;i:502;b:0;i:504;b:0;i:505;b:0;i:520;b:0;i:521;b:0;i:600;b:0;i:610;b:0;i:611;b:0;i:630;b:0;i:651;b:0;i:710;b:0;i:711;b:0;i:730;b:0;i:800;b:0;i:810;b:0;i:830;b:0;}s:9:\"taglength\";a:45:{s:3:\"001\";i:10;s:3:\"005\";i:16;s:3:\"006\";i:17;s:3:\"007\";i:40;s:3:\"008\";i:40;s:3:\"020\";i:-1;s:3:\"035\";i:-1;s:3:\"040\";i:-1;s:3:\"082\";i:-1;s:3:\"084\";i:-1;s:3:\"090\";i:-1;i:100;i:-1;i:245;i:-1;i:250;i:-1;i:260;i:-1;i:300;i:-1;i:440;i:-1;i:500;i:-1;i:650;i:-1;i:700;i:-1;i:850;i:-1;i:990;i:-1;s:3:\"041\";i:-1;s:3:\"043\";i:-1;i:110;i:-1;i:111;i:-1;i:130;i:0;i:240;i:-1;i:490;i:-1;i:502;i:-1;i:504;i:-1;i:505;i:-1;i:520;i:-1;i:521;i:-1;i:600;i:-1;i:610;i:-1;i:611;i:-1;i:630;i:-1;i:651;i:-1;i:710;i:-1;i:711;i:0;i:730;i:-1;i:800;i:-1;i:810;i:-1;i:830;i:-1;}s:10:\"tagenabled\";a:45:{s:3:\"001\";b:0;s:3:\"005\";b:0;s:3:\"006\";b:0;s:3:\"007\";b:1;s:3:\"008\";b:1;s:3:\"020\";b:1;s:3:\"035\";b:0;s:3:\"040\";b:1;s:3:\"082\";b:1;s:3:\"084\";b:1;s:3:\"090\";b:1;i:100;b:1;i:245;b:1;i:250;b:1;i:260;b:1;i:300;b:1;i:440;b:1;i:500;b:1;i:650;b:1;i:700;b:1;i:850;b:1;i:990;b:1;s:3:\"041\";b:1;s:3:\"043\";b:1;i:110;b:1;i:111;b:1;i:130;b:1;i:240;b:1;i:490;b:1;i:502;b:1;i:504;b:1;i:505;b:1;i:520;b:1;i:521;b:1;i:600;b:1;i:610;b:1;i:611;b:1;i:630;b:1;i:651;b:1;i:710;b:1;i:711;b:1;i:730;b:1;i:800;b:1;i:810;b:1;i:830;b:1;}s:15:\"tagiscustomable\";a:45:{s:3:\"001\";b:0;s:3:\"005\";b:0;s:3:\"006\";b:1;s:3:\"007\";b:1;s:3:\"008\";b:1;s:3:\"020\";b:0;s:3:\"035\";b:0;s:3:\"040\";b:0;s:3:\"082\";b:0;s:3:\"084\";b:0;s:3:\"090\";b:0;i:100;b:0;i:245;b:0;i:250;b:0;i:260;b:0;i:300;b:0;i:440;b:0;i:500;b:0;i:650;b:0;i:700;b:0;i:850;b:0;i:990;b:0;s:3:\"041\";b:0;s:3:\"043\";b:0;i:110;b:0;i:111;b:0;i:130;b:0;i:240;b:0;i:490;b:0;i:502;b:0;i:504;b:0;i:505;b:0;i:520;b:0;i:521;b:0;i:600;b:0;i:610;b:0;i:611;b:0;i:630;b:0;i:651;b:0;i:710;b:0;i:711;b:0;i:730;b:0;i:800;b:0;i:810;b:0;i:830;b:0;}s:8:\"tagfixed\";a:45:{s:3:\"001\";b:1;s:3:\"005\";b:1;s:3:\"006\";b:1;s:3:\"007\";b:1;s:3:\"008\";b:1;s:3:\"020\";b:0;s:3:\"035\";b:0;s:3:\"040\";b:0;s:3:\"082\";b:0;s:3:\"084\";b:0;s:3:\"090\";b:0;i:100;b:0;i:245;b:0;i:250;b:0;i:260;b:0;i:300;b:0;i:440;b:0;i:500;b:0;i:650;b:0;i:700;b:0;i:850;b:0;i:990;b:0;s:3:\"041\";b:0;s:3:\"043\";b:0;i:110;b:0;i:111;b:0;i:130;b:0;i:240;b:0;i:490;b:0;i:502;b:0;i:504;b:0;i:505;b:0;i:520;b:0;i:521;b:0;i:600;b:0;i:610;b:0;i:611;b:0;i:630;b:0;i:651;b:0;i:710;b:0;i:711;b:0;i:730;b:0;i:800;b:0;i:810;b:0;i:830;b:0;}s:13:\"tagrepeatable\";a:45:{s:3:\"001\";b:0;s:3:\"005\";b:0;s:3:\"006\";b:0;s:3:\"007\";b:0;s:3:\"008\";b:0;s:3:\"020\";b:1;s:3:\"035\";b:1;s:3:\"040\";b:0;s:3:\"082\";b:1;s:3:\"084\";b:1;s:3:\"090\";b:1;i:100;b:0;i:245;b:0;i:250;b:0;i:260;b:1;i:300;b:0;i:440;b:1;i:500;b:1;i:650;b:1;i:700;b:1;i:850;b:1;i:990;b:1;s:3:\"041\";b:1;s:3:\"043\";b:0;i:110;b:0;i:111;b:0;i:130;b:0;i:240;b:0;i:490;b:1;i:502;b:0;i:504;b:0;i:505;b:0;i:520;b:1;i:521;b:1;i:600;b:1;i:610;b:1;i:611;b:1;i:630;b:1;i:651;b:1;i:710;b:1;i:711;b:1;i:730;b:1;i:800;b:1;i:810;b:1;i:830;b:1;}s:9:\"indicator\";a:45:{s:3:\"001\";a:2:{s:4:\"ind1\";s:1:\"#\";s:4:\"ind2\";s:1:\"#\";}s:3:\"005\";a:2:{s:4:\"ind1\";s:1:\"#\";s:4:\"ind2\";s:1:\"#\";}s:3:\"006\";a:2:{s:4:\"ind1\";s:1:\"#\";s:4:\"ind2\";s:1:\"#\";}s:3:\"007\";a:2:{s:4:\"ind1\";s:1:\"#\";s:4:\"ind2\";s:1:\"#\";}s:3:\"008\";a:2:{s:4:\"ind1\";s:1:\"#\";s:4:\"ind2\";s:1:\"#\";}s:3:\"020\";a:1:{i:0;a:2:{s:4:\"ind1\";s:1:\"#\";s:4:\"ind2\";s:1:\"#\";}}s:3:\"035\";a:1:{i:0;a:2:{s:4:\"ind1\";s:1:\"#\";s:4:\"ind2\";s:1:\"#\";}}s:3:\"040\";a:2:{s:4:\"ind1\";s:1:\"#\";s:4:\"ind2\";s:1:\"#\";}s:3:\"082\";a:1:{i:0;a:2:{s:4:\"ind1\";s:1:\"#\";s:4:\"ind2\";s:1:\"#\";}}s:3:\"084\";a:1:{i:0;a:2:{s:4:\"ind1\";s:1:\"#\";s:4:\"ind2\";s:1:\"#\";}}s:3:\"090\";a:1:{i:0;a:2:{s:4:\"ind1\";s:1:\"#\";s:4:\"ind2\";s:1:\"#\";}}i:100;a:2:{s:4:\"ind1\";s:1:\"#\";s:4:\"ind2\";s:1:\"#\";}i:245;a:2:{s:4:\"ind1\";s:1:\"#\";s:4:\"ind2\";s:1:\"#\";}i:250;a:2:{s:4:\"ind1\";s:1:\"#\";s:4:\"ind2\";s:1:\"#\";}i:260;a:1:{i:0;a:2:{s:4:\"ind1\";s:1:\"#\";s:4:\"ind2\";s:1:\"#\";}}i:300;a:2:{s:4:\"ind1\";s:1:\"#\";s:4:\"ind2\";s:1:\"#\";}i:440;a:1:{i:0;a:2:{s:4:\"ind1\";s:1:\"#\";s:4:\"ind2\";s:1:\"#\";}}i:500;a:1:{i:0;a:2:{s:4:\"ind1\";s:1:\"#\";s:4:\"ind2\";s:1:\"#\";}}i:650;a:1:{i:0;a:2:{s:4:\"ind1\";s:1:\"#\";s:4:\"ind2\";s:1:\"#\";}}i:700;a:1:{i:0;a:2:{s:4:\"ind1\";s:1:\"#\";s:4:\"ind2\";s:1:\"#\";}}i:850;a:1:{i:0;a:2:{s:4:\"ind1\";s:1:\"#\";s:4:\"ind2\";s:1:\"#\";}}i:990;a:1:{i:0;a:2:{s:4:\"ind1\";s:1:\"#\";s:4:\"ind2\";s:1:\"#\";}}s:3:\"041\";a:1:{i:0;a:2:{s:4:\"ind1\";s:1:\"#\";s:4:\"ind2\";s:1:\"#\";}}s:3:\"043\";a:2:{s:4:\"ind1\";s:1:\"#\";s:4:\"ind2\";s:1:\"#\";}i:110;a:2:{s:4:\"ind1\";s:1:\"#\";s:4:\"ind2\";s:1:\"#\";}i:111;a:2:{s:4:\"ind1\";s:1:\"#\";s:4:\"ind2\";s:1:\"#\";}i:130;a:2:{s:4:\"ind1\";s:1:\"#\";s:4:\"ind2\";s:1:\"#\";}i:240;a:2:{s:4:\"ind1\";s:1:\"#\";s:4:\"ind2\";s:1:\"#\";}i:490;a:1:{i:0;a:2:{s:4:\"ind1\";s:1:\"#\";s:4:\"ind2\";s:1:\"#\";}}i:502;a:2:{s:4:\"ind1\";s:1:\"#\";s:4:\"ind2\";s:1:\"#\";}i:504;a:2:{s:4:\"ind1\";s:1:\"#\";s:4:\"ind2\";s:1:\"#\";}i:505;a:2:{s:4:\"ind1\";s:1:\"#\";s:4:\"ind2\";s:1:\"#\";}i:520;a:1:{i:0;a:2:{s:4:\"ind1\";s:1:\"#\";s:4:\"ind2\";s:1:\"#\";}}i:521;a:1:{i:0;a:2:{s:4:\"ind1\";s:1:\"#\";s:4:\"ind2\";s:1:\"#\";}}i:600;a:1:{i:0;a:2:{s:4:\"ind1\";s:1:\"#\";s:4:\"ind2\";s:1:\"#\";}}i:610;a:1:{i:0;a:2:{s:4:\"ind1\";s:1:\"#\";s:4:\"ind2\";s:1:\"#\";}}i:611;a:1:{i:0;a:2:{s:4:\"ind1\";s:1:\"#\";s:4:\"ind2\";s:1:\"#\";}}i:630;a:1:{i:0;a:2:{s:4:\"ind1\";s:1:\"#\";s:4:\"ind2\";s:1:\"#\";}}i:651;a:1:{i:0;a:2:{s:4:\"ind1\";s:1:\"#\";s:4:\"ind2\";s:1:\"#\";}}i:710;a:1:{i:0;a:2:{s:4:\"ind1\";s:1:\"#\";s:4:\"ind2\";s:1:\"#\";}}i:711;a:1:{i:0;a:2:{s:4:\"ind1\";s:1:\"#\";s:4:\"ind2\";s:1:\"#\";}}i:730;a:1:{i:0;a:2:{s:4:\"ind1\";s:1:\"#\";s:4:\"ind2\";s:1:\"#\";}}i:800;a:1:{i:0;a:2:{s:4:\"ind1\";s:1:\"#\";s:4:\"ind2\";s:1:\"#\";}}i:810;a:1:{i:0;a:2:{s:4:\"ind1\";s:1:\"#\";s:4:\"ind2\";s:1:\"#\";}}i:830;a:1:{i:0;a:2:{s:4:\"ind1\";s:1:\"#\";s:4:\"ind2\";s:1:\"#\";}}}}SessCatalogTabActive|N;'),('754vp96gs4s9o0oakbl3hibgi1',1612946986,'__flash|a:0:{}__returnUrl|s:20:\"/inlislite3/backend/\";location|s:1:\"1\";__id|i:33;'),('7sitfbj0c6vbfavjs9ir4t22k4',1532452172,'__flash|a:0:{}__returnUrl|s:53:\"/inlislite3/backend/setting/umum/setting-update/index\";location|s:1:\"1\";__id|i:33;'),('airoj2a77vr7ogo0t6judokmp1',1531192730,'__flash|a:0:{}__returnUrl|s:20:\"/inlislite3/article/\";'),('cpa4v6bjv2toeletdebt7nvn27',1533916602,'__flash|a:0:{}__returnUrl|s:20:\"/inlislite3/backend/\";location|s:0:\"\";'),('e2tdhrmohe1h9u9p1viec28bk3',1520875779,'__flash|a:0:{}__returnUrl|s:39:\"/inlislite3/backend/member/member/index\";location|s:1:\"1\";__id|i:33;taglist|a:10:{s:10:\"inputvalue\";a:45:{s:3:\"001\";s:0:\"\";s:3:\"005\";s:0:\"\";s:3:\"006\";s:0:\"\";s:3:\"007\";s:2:\"ta\";s:3:\"008\";s:0:\"\";s:3:\"020\";a:1:{i:0;s:3:\"$a \";}s:3:\"035\";a:1:{i:0;s:3:\"$a \";}s:3:\"040\";s:3:\"$a \";s:3:\"082\";a:1:{i:0;s:3:\"$a \";}s:3:\"084\";a:1:{i:0;s:3:\"$a \";}s:3:\"090\";a:1:{i:0;s:3:\"$a \";}i:100;s:3:\"$a \";i:245;s:3:\"$a \";i:250;s:3:\"$a \";i:260;a:1:{i:0;s:3:\"$a \";}i:300;s:3:\"$a \";i:440;a:1:{i:0;s:3:\"$a \";}i:500;a:1:{i:0;s:3:\"$a \";}i:650;a:1:{i:0;s:3:\"$a \";}i:700;a:1:{i:0;s:3:\"$a \";}i:850;a:1:{i:0;s:3:\"$a \";}i:990;a:1:{i:0;s:3:\"$a \";}s:3:\"041\";a:1:{i:0;s:3:\"$a \";}s:3:\"043\";s:3:\"$a \";i:110;s:3:\"$a \";i:111;s:3:\"$a \";i:130;s:3:\"$a \";i:240;s:3:\"$a \";i:490;a:1:{i:0;s:3:\"$a \";}i:502;s:3:\"$a \";i:504;s:3:\"$a \";i:505;s:3:\"$a \";i:520;a:1:{i:0;s:3:\"$a \";}i:521;a:1:{i:0;s:3:\"$a \";}i:600;a:1:{i:0;s:3:\"$a \";}i:610;a:1:{i:0;s:3:\"$a \";}i:611;a:1:{i:0;s:3:\"$a \";}i:630;a:1:{i:0;s:3:\"$a \";}i:651;a:1:{i:0;s:3:\"$a \";}i:710;a:1:{i:0;s:3:\"$a \";}i:711;a:1:{i:0;s:3:\"$a \";}i:730;a:1:{i:0;s:3:\"$a \";}i:800;a:1:{i:0;s:3:\"$a \";}i:810;a:1:{i:0;s:3:\"$a \";}i:830;a:1:{i:0;s:3:\"$a \";}}s:5:\"tagid\";a:45:{s:3:\"001\";i:1;s:3:\"005\";i:3;s:3:\"006\";i:4;s:3:\"007\";i:28;s:3:\"008\";i:29;s:3:\"020\";i:31;s:3:\"035\";i:32;s:3:\"040\";i:33;s:3:\"082\";i:36;s:3:\"084\";i:37;s:3:\"090\";i:38;i:100;i:39;i:245;i:45;i:250;i:46;i:260;i:51;i:300;i:54;i:440;i:58;i:500;i:60;i:650;i:70;i:700;i:72;i:850;i:79;i:990;i:80;s:3:\"041\";i:34;s:3:\"043\";i:35;i:110;i:40;i:111;i:41;i:130;i:5;i:240;i:42;i:490;i:59;i:502;i:61;i:504;i:62;i:505;i:63;i:520;i:64;i:521;i:65;i:600;i:66;i:610;i:67;i:611;i:68;i:630;i:69;i:651;i:71;i:710;i:73;i:711;i:23;i:730;i:74;i:800;i:76;i:810;i:77;i:830;i:78;}s:7:\"tagname\";a:45:{s:3:\"001\";s:13:\"Nomor Kendali\";s:3:\"005\";s:34:\"Tanggal Dan Jam Pemakaian Terakhir\";s:3:\"006\";s:34:\"Karakteristik Bahan Sertaan - Umum\";s:3:\"007\";s:44:\"Ruas Tetap Deskripsi Fisik (Keterangan Umum)\";s:3:\"008\";s:32:\"Unsur Data Yang Panjangnya Tetap\";s:3:\"020\";s:4:\"ISBN\";s:3:\"035\";s:39:\"BIB-ID (Nomor kendali dari sistem lain)\";s:3:\"040\";s:20:\"Sumber Pengkatalogan\";s:3:\"082\";s:33:\"Nomor Panggil Desimal Dewey (DDC)\";s:3:\"084\";s:25:\"Nomor Klasifikasi Lainnya\";s:3:\"090\";s:19:\"Nomor Panggil Lokal\";i:100;s:25:\"Entri Utama -- Nama Orang\";i:245;s:16:\"Pernyataan Judul\";i:250;s:16:\"Pernyataan Edisi\";i:260;s:21:\"Penerbitan (Impresum)\";i:300;s:15:\"Deskripsi Fisik\";i:440;s:38:\"Pernyataan Seri/Entri Tambahan - Judul\";i:500;s:12:\"Catatan Umum\";i:650;s:27:\"Entri Tambahan Subjek-Topik\";i:700;s:25:\"Entri Tambahan-Nama Orang\";i:850;s:19:\"Badan yang Memiliki\";i:990;s:11:\"Nomor induk\";s:3:\"041\";s:11:\"Kode Bahasa\";s:3:\"043\";s:12:\"Kode Wilayah\";i:110;s:32:\"Entri Utama Nama Badan Korporasi\";i:111;s:29:\"Entri Utama -- Nama Pertemuan\";i:130;s:27:\"Entri Utama - Judul Seragam\";i:240;s:13:\"Judul Seragam\";i:490;s:15:\"Pernyataan Seri\";i:502;s:17:\"Catatan Disertasi\";i:504;s:19:\"Catatan Bibliografi\";i:505;s:11:\"Catatan Isi\";i:520;s:27:\"Catatan Ringkasan, Isi, dsb\";i:521;s:24:\"Catatan Kelompok Pembaca\";i:600;s:32:\"Entri Tambahan Subjek-Nama orang\";i:610;s:42:\"Entri Tambahan Subjek-Nama Badan Korporasi\";i:611;s:36:\"Entri Tambahan Subjek-Nama Pertemuan\";i:630;s:35:\"Entri Tambahan Subjek-Judul Seragam\";i:651;s:36:\"Entri Tambahan Subjek-Nama Geografis\";i:710;s:35:\"Entri Tambahan-Nama Badan Korporasi\";i:711;s:31:\"Entri Tambahan - Nama Pertemuan\";i:730;s:28:\"Entri Tambahan-Judul Seragam\";i:800;s:30:\"Entri Tambahan Seri-Nama Orang\";i:810;s:40:\"Entri Tambahan Seri-Nama Badan Korporasi\";i:830;s:33:\"Entri Tambahan Seri-Judul Seragam\";}s:12:\"tagmandatory\";a:45:{s:3:\"001\";b:1;s:3:\"005\";b:1;s:3:\"006\";b:1;s:3:\"007\";b:1;s:3:\"008\";b:1;s:3:\"020\";b:0;s:3:\"035\";b:1;s:3:\"040\";b:0;s:3:\"082\";b:0;s:3:\"084\";b:0;s:3:\"090\";b:0;i:100;b:0;i:245;b:1;i:250;b:0;i:260;b:1;i:300;b:0;i:440;b:0;i:500;b:0;i:650;b:0;i:700;b:0;i:850;b:0;i:990;b:0;s:3:\"041\";b:0;s:3:\"043\";b:0;i:110;b:0;i:111;b:0;i:130;b:0;i:240;b:0;i:490;b:0;i:502;b:0;i:504;b:0;i:505;b:0;i:520;b:0;i:521;b:0;i:600;b:0;i:610;b:0;i:611;b:0;i:630;b:0;i:651;b:0;i:710;b:0;i:711;b:0;i:730;b:0;i:800;b:0;i:810;b:0;i:830;b:0;}s:9:\"taglength\";a:45:{s:3:\"001\";i:10;s:3:\"005\";i:16;s:3:\"006\";i:17;s:3:\"007\";i:40;s:3:\"008\";i:40;s:3:\"020\";i:-1;s:3:\"035\";i:-1;s:3:\"040\";i:-1;s:3:\"082\";i:-1;s:3:\"084\";i:-1;s:3:\"090\";i:-1;i:100;i:-1;i:245;i:-1;i:250;i:-1;i:260;i:-1;i:300;i:-1;i:440;i:-1;i:500;i:-1;i:650;i:-1;i:700;i:-1;i:850;i:-1;i:990;i:-1;s:3:\"041\";i:-1;s:3:\"043\";i:-1;i:110;i:-1;i:111;i:-1;i:130;i:0;i:240;i:-1;i:490;i:-1;i:502;i:-1;i:504;i:-1;i:505;i:-1;i:520;i:-1;i:521;i:-1;i:600;i:-1;i:610;i:-1;i:611;i:-1;i:630;i:-1;i:651;i:-1;i:710;i:-1;i:711;i:0;i:730;i:-1;i:800;i:-1;i:810;i:-1;i:830;i:-1;}s:10:\"tagenabled\";a:45:{s:3:\"001\";b:0;s:3:\"005\";b:0;s:3:\"006\";b:0;s:3:\"007\";b:1;s:3:\"008\";b:1;s:3:\"020\";b:1;s:3:\"035\";b:0;s:3:\"040\";b:1;s:3:\"082\";b:1;s:3:\"084\";b:1;s:3:\"090\";b:1;i:100;b:1;i:245;b:1;i:250;b:1;i:260;b:1;i:300;b:1;i:440;b:1;i:500;b:1;i:650;b:1;i:700;b:1;i:850;b:1;i:990;b:1;s:3:\"041\";b:1;s:3:\"043\";b:1;i:110;b:1;i:111;b:1;i:130;b:1;i:240;b:1;i:490;b:1;i:502;b:1;i:504;b:1;i:505;b:1;i:520;b:1;i:521;b:1;i:600;b:1;i:610;b:1;i:611;b:1;i:630;b:1;i:651;b:1;i:710;b:1;i:711;b:1;i:730;b:1;i:800;b:1;i:810;b:1;i:830;b:1;}s:15:\"tagiscustomable\";a:45:{s:3:\"001\";b:0;s:3:\"005\";b:0;s:3:\"006\";b:1;s:3:\"007\";b:1;s:3:\"008\";b:1;s:3:\"020\";b:0;s:3:\"035\";b:0;s:3:\"040\";b:0;s:3:\"082\";b:0;s:3:\"084\";b:0;s:3:\"090\";b:0;i:100;b:0;i:245;b:0;i:250;b:0;i:260;b:0;i:300;b:0;i:440;b:0;i:500;b:0;i:650;b:0;i:700;b:0;i:850;b:0;i:990;b:0;s:3:\"041\";b:0;s:3:\"043\";b:0;i:110;b:0;i:111;b:0;i:130;b:0;i:240;b:0;i:490;b:0;i:502;b:0;i:504;b:0;i:505;b:0;i:520;b:0;i:521;b:0;i:600;b:0;i:610;b:0;i:611;b:0;i:630;b:0;i:651;b:0;i:710;b:0;i:711;b:0;i:730;b:0;i:800;b:0;i:810;b:0;i:830;b:0;}s:8:\"tagfixed\";a:45:{s:3:\"001\";b:1;s:3:\"005\";b:1;s:3:\"006\";b:1;s:3:\"007\";b:1;s:3:\"008\";b:1;s:3:\"020\";b:0;s:3:\"035\";b:0;s:3:\"040\";b:0;s:3:\"082\";b:0;s:3:\"084\";b:0;s:3:\"090\";b:0;i:100;b:0;i:245;b:0;i:250;b:0;i:260;b:0;i:300;b:0;i:440;b:0;i:500;b:0;i:650;b:0;i:700;b:0;i:850;b:0;i:990;b:0;s:3:\"041\";b:0;s:3:\"043\";b:0;i:110;b:0;i:111;b:0;i:130;b:0;i:240;b:0;i:490;b:0;i:502;b:0;i:504;b:0;i:505;b:0;i:520;b:0;i:521;b:0;i:600;b:0;i:610;b:0;i:611;b:0;i:630;b:0;i:651;b:0;i:710;b:0;i:711;b:0;i:730;b:0;i:800;b:0;i:810;b:0;i:830;b:0;}s:13:\"tagrepeatable\";a:45:{s:3:\"001\";b:0;s:3:\"005\";b:0;s:3:\"006\";b:0;s:3:\"007\";b:0;s:3:\"008\";b:0;s:3:\"020\";b:1;s:3:\"035\";b:1;s:3:\"040\";b:0;s:3:\"082\";b:1;s:3:\"084\";b:1;s:3:\"090\";b:1;i:100;b:0;i:245;b:0;i:250;b:0;i:260;b:1;i:300;b:0;i:440;b:1;i:500;b:1;i:650;b:1;i:700;b:1;i:850;b:1;i:990;b:1;s:3:\"041\";b:1;s:3:\"043\";b:0;i:110;b:0;i:111;b:0;i:130;b:0;i:240;b:0;i:490;b:1;i:502;b:0;i:504;b:0;i:505;b:0;i:520;b:1;i:521;b:1;i:600;b:1;i:610;b:1;i:611;b:1;i:630;b:1;i:651;b:1;i:710;b:1;i:711;b:1;i:730;b:1;i:800;b:1;i:810;b:1;i:830;b:1;}s:9:\"indicator\";a:45:{s:3:\"001\";a:2:{s:4:\"ind1\";s:1:\"#\";s:4:\"ind2\";s:1:\"#\";}s:3:\"005\";a:2:{s:4:\"ind1\";s:1:\"#\";s:4:\"ind2\";s:1:\"#\";}s:3:\"006\";a:2:{s:4:\"ind1\";s:1:\"#\";s:4:\"ind2\";s:1:\"#\";}s:3:\"007\";a:2:{s:4:\"ind1\";s:1:\"#\";s:4:\"ind2\";s:1:\"#\";}s:3:\"008\";a:2:{s:4:\"ind1\";s:1:\"#\";s:4:\"ind2\";s:1:\"#\";}s:3:\"020\";a:1:{i:0;a:2:{s:4:\"ind1\";s:1:\"#\";s:4:\"ind2\";s:1:\"#\";}}s:3:\"035\";a:1:{i:0;a:2:{s:4:\"ind1\";s:1:\"#\";s:4:\"ind2\";s:1:\"#\";}}s:3:\"040\";a:2:{s:4:\"ind1\";s:1:\"#\";s:4:\"ind2\";s:1:\"#\";}s:3:\"082\";a:1:{i:0;a:2:{s:4:\"ind1\";s:1:\"#\";s:4:\"ind2\";s:1:\"#\";}}s:3:\"084\";a:1:{i:0;a:2:{s:4:\"ind1\";s:1:\"#\";s:4:\"ind2\";s:1:\"#\";}}s:3:\"090\";a:1:{i:0;a:2:{s:4:\"ind1\";s:1:\"#\";s:4:\"ind2\";s:1:\"#\";}}i:100;a:2:{s:4:\"ind1\";s:1:\"#\";s:4:\"ind2\";s:1:\"#\";}i:245;a:2:{s:4:\"ind1\";s:1:\"#\";s:4:\"ind2\";s:1:\"#\";}i:250;a:2:{s:4:\"ind1\";s:1:\"#\";s:4:\"ind2\";s:1:\"#\";}i:260;a:1:{i:0;a:2:{s:4:\"ind1\";s:1:\"#\";s:4:\"ind2\";s:1:\"#\";}}i:300;a:2:{s:4:\"ind1\";s:1:\"#\";s:4:\"ind2\";s:1:\"#\";}i:440;a:1:{i:0;a:2:{s:4:\"ind1\";s:1:\"#\";s:4:\"ind2\";s:1:\"#\";}}i:500;a:1:{i:0;a:2:{s:4:\"ind1\";s:1:\"#\";s:4:\"ind2\";s:1:\"#\";}}i:650;a:1:{i:0;a:2:{s:4:\"ind1\";s:1:\"#\";s:4:\"ind2\";s:1:\"#\";}}i:700;a:1:{i:0;a:2:{s:4:\"ind1\";s:1:\"#\";s:4:\"ind2\";s:1:\"#\";}}i:850;a:1:{i:0;a:2:{s:4:\"ind1\";s:1:\"#\";s:4:\"ind2\";s:1:\"#\";}}i:990;a:1:{i:0;a:2:{s:4:\"ind1\";s:1:\"#\";s:4:\"ind2\";s:1:\"#\";}}s:3:\"041\";a:1:{i:0;a:2:{s:4:\"ind1\";s:1:\"#\";s:4:\"ind2\";s:1:\"#\";}}s:3:\"043\";a:2:{s:4:\"ind1\";s:1:\"#\";s:4:\"ind2\";s:1:\"#\";}i:110;a:2:{s:4:\"ind1\";s:1:\"#\";s:4:\"ind2\";s:1:\"#\";}i:111;a:2:{s:4:\"ind1\";s:1:\"#\";s:4:\"ind2\";s:1:\"#\";}i:130;a:2:{s:4:\"ind1\";s:1:\"#\";s:4:\"ind2\";s:1:\"#\";}i:240;a:2:{s:4:\"ind1\";s:1:\"#\";s:4:\"ind2\";s:1:\"#\";}i:490;a:1:{i:0;a:2:{s:4:\"ind1\";s:1:\"#\";s:4:\"ind2\";s:1:\"#\";}}i:502;a:2:{s:4:\"ind1\";s:1:\"#\";s:4:\"ind2\";s:1:\"#\";}i:504;a:2:{s:4:\"ind1\";s:1:\"#\";s:4:\"ind2\";s:1:\"#\";}i:505;a:2:{s:4:\"ind1\";s:1:\"#\";s:4:\"ind2\";s:1:\"#\";}i:520;a:1:{i:0;a:2:{s:4:\"ind1\";s:1:\"#\";s:4:\"ind2\";s:1:\"#\";}}i:521;a:1:{i:0;a:2:{s:4:\"ind1\";s:1:\"#\";s:4:\"ind2\";s:1:\"#\";}}i:600;a:1:{i:0;a:2:{s:4:\"ind1\";s:1:\"#\";s:4:\"ind2\";s:1:\"#\";}}i:610;a:1:{i:0;a:2:{s:4:\"ind1\";s:1:\"#\";s:4:\"ind2\";s:1:\"#\";}}i:611;a:1:{i:0;a:2:{s:4:\"ind1\";s:1:\"#\";s:4:\"ind2\";s:1:\"#\";}}i:630;a:1:{i:0;a:2:{s:4:\"ind1\";s:1:\"#\";s:4:\"ind2\";s:1:\"#\";}}i:651;a:1:{i:0;a:2:{s:4:\"ind1\";s:1:\"#\";s:4:\"ind2\";s:1:\"#\";}}i:710;a:1:{i:0;a:2:{s:4:\"ind1\";s:1:\"#\";s:4:\"ind2\";s:1:\"#\";}}i:711;a:1:{i:0;a:2:{s:4:\"ind1\";s:1:\"#\";s:4:\"ind2\";s:1:\"#\";}}i:730;a:1:{i:0;a:2:{s:4:\"ind1\";s:1:\"#\";s:4:\"ind2\";s:1:\"#\";}}i:800;a:1:{i:0;a:2:{s:4:\"ind1\";s:1:\"#\";s:4:\"ind2\";s:1:\"#\";}}i:810;a:1:{i:0;a:2:{s:4:\"ind1\";s:1:\"#\";s:4:\"ind2\";s:1:\"#\";}}i:830;a:1:{i:0;a:2:{s:4:\"ind1\";s:1:\"#\";s:4:\"ind2\";s:1:\"#\";}}}}SessCatalogTabActive|N;'),('icpb4gvusb3bvpv0rucj92a327',1531760358,'__flash|a:0:{}__returnUrl|s:20:\"/inlislite3/backend/\";location|s:1:\"1\";__id|i:33;'),('j2jb9bkurdv7t3hu5vtghuclc5',1581943067,'__flash|a:0:{}__returnUrl|s:20:\"/inlislite3/backend/\";location|s:1:\"1\";__id|i:33;'),('qktqb82ekk17803fkujc0a9t85',1521205786,'__flash|a:0:{}__returnUrl|s:20:\"/inlislite3/backend/\";location|s:1:\"1\";__id|i:33;'),('sh9aonura4dpcjp3k23s0925f2',1531212852,'__flash|a:0:{}__returnUrl|s:20:\"/inlislite3/backend/\";location|s:0:\"\";');

/*Table structure for table `settingcatalogdetail` */

