CREATE TABLE `fieldgroups` (
  `ID` int(11) NOT NULL AUTO_INCREMENT,
  `Name` varchar(20) NOT NULL,
  `CreateBy` int(11) DEFAULT NULL,
  `CreateDate` datetime DEFAULT NULL,
  `CreateTerminal` varchar(100) DEFAULT NULL,
  `UpdateBy` int(11) DEFAULT NULL,
  `UpdateDate` datetime DEFAULT NULL,
  `UpdateTerminal` varchar(100) DEFAULT NULL,
  PRIMARY KEY (`ID`),
  KEY `fieldgroups_createby` (`CreateBy`),
  KEY `fieldgroups_updateby` (`UpdateBy`),
  CONSTRAINT `fieldgroups_createby` FOREIGN KEY (`CreateBy`) REFERENCES `users` (`ID`) ON DELETE SET NULL ON UPDATE CASCADE,
  CONSTRAINT `fieldgroups_updateby` FOREIGN KEY (`UpdateBy`) REFERENCES `users` (`ID`) ON DELETE SET NULL ON UPDATE CASCADE
) ENGINE=InnoDB AUTO_INCREMENT=3 DEFAULT CHARSET=latin1;

/*Data for the table `fieldgroups` */

insert  into `fieldgroups`(`ID`,`Name`,`CreateBy`,`CreateDate`,`CreateTerminal`,`UpdateBy`,`UpdateDate`,`UpdateTerminal`) values (1,'Control Field',NULL,'2012-09-12 13:53:54','DeniPC',NULL,'2012-09-12 13:53:54','DeniPC'),(2,'Variable Field',NULL,'2012-09-12 13:53:54','DeniPC',NULL,'2012-09-12 13:53:54','DeniPC');

/*Table structure for table `fieldindicator1s` */

CREATE TABLE `fieldindicator1s` (
  `Field_id` int(11) NOT NULL,
  `Code` varchar(10) NOT NULL DEFAULT '',
  `Name` varchar(255) NOT NULL,
  `CreateBy` int(11) DEFAULT NULL,
  `CreateDate` datetime DEFAULT NULL,
  `CreateTerminal` varchar(100) DEFAULT NULL,
  `UpdateBy` int(11) DEFAULT NULL,
  `UpdateDate` datetime DEFAULT NULL,
  `UpdateTerminal` varchar(100) DEFAULT NULL,
  PRIMARY KEY (`Field_id`,`Code`),
  KEY `Field_id` (`Field_id`),
  KEY `fieldindicator1s_createby` (`CreateBy`),
  KEY `fieldindicator1s_updateby` (`UpdateBy`),
  CONSTRAINT `FKBC43AFA166DFF9B4` FOREIGN KEY (`Field_id`) REFERENCES `fields` (`ID`) ON DELETE CASCADE ON UPDATE CASCADE,
  CONSTRAINT `fieldindicator1s_createby` FOREIGN KEY (`CreateBy`) REFERENCES `users` (`ID`) ON DELETE SET NULL ON UPDATE CASCADE,
  CONSTRAINT `fieldindicator1s_updateby` FOREIGN KEY (`UpdateBy`) REFERENCES `users` (`ID`) ON DELETE SET NULL ON UPDATE CASCADE
) ENGINE=InnoDB DEFAULT CHARSET=latin1;

/*Data for the table `fieldindicator1s` */

insert  into `fieldindicator1s`(`Field_id`,`Code`,`Name`,`CreateBy`,`CreateDate`,`CreateTerminal`,`UpdateBy`,`UpdateDate`,`UpdateTerminal`) values (5,'0 - 9','Nilai yang menunjukkan jumlah karakter berkaitan dengan kata sandang entri utama yang diabaikan pada saat penjajaran',33,'2018-03-12 18:02:37','::1',33,'2018-03-12 18:02:37','::1'),(6,'#','Lingkup tidak ditentukan',NULL,NULL,NULL,NULL,NULL,NULL),(6,'0','Sumber daya berlanjut berlingkup edar internasional',NULL,NULL,NULL,NULL,NULL,NULL),(6,'1','Sumber daya berlanjut berlingkup edar terbatas meliputi wilayah tertentu',NULL,NULL,NULL,NULL,NULL,NULL),(7,'0','Tidak ada entri tambahan judul',NULL,NULL,NULL,NULL,NULL,NULL),(7,'1','Dengan entri tambahan judul',NULL,NULL,NULL,NULL,NULL,NULL),(8,'#','Belum ditetapkan',NULL,NULL,NULL,NULL,NULL,NULL),(9,'#','Belum ditetapkan',NULL,NULL,NULL,NULL,NULL,NULL),(10,'#','Belum ditetapkan',NULL,NULL,NULL,NULL,NULL,NULL),(11,'#','Belum ditetapkan',NULL,NULL,NULL,NULL,NULL,NULL),(12,'0','Sistem koordinasi horizontal',NULL,NULL,NULL,NULL,NULL,NULL),(12,'1','Sistem koordinasi vertical',NULL,NULL,NULL,NULL,NULL,NULL),(13,'#','Belum ditetapkan',NULL,NULL,NULL,NULL,NULL,NULL),(14,'#','Belum ditetapkan',NULL,NULL,NULL,NULL,NULL,NULL),(15,'0','Format ditentukan',NULL,NULL,NULL,NULL,NULL,NULL),(15,'1','Catatan tidak terformat',NULL,NULL,NULL,NULL,NULL,NULL),(16,'#','Tidak digunakan',NULL,NULL,NULL,NULL,NULL,NULL),(17,'#','Belum ditetapkan',NULL,NULL,NULL,NULL,NULL,NULL),(18,'#','Tidak digunakan',NULL,NULL,NULL,NULL,NULL,NULL),(18,'0','Ditampilkan',NULL,NULL,NULL,NULL,NULL,NULL),(18,'1','Tidak ditampilkan',NULL,NULL,NULL,NULL,NULL,NULL),(19,'#','Informasi tidak tersedia',NULL,NULL,NULL,NULL,NULL,NULL),(19,'0','Email',NULL,NULL,NULL,NULL,NULL,NULL),(19,'1','FTP',NULL,NULL,NULL,NULL,NULL,NULL),(19,'2','Login jarak jauh',NULL,NULL,NULL,NULL,NULL,NULL),(19,'3','Dial-up',NULL,NULL,NULL,NULL,NULL,NULL),(19,'4','HTTP',NULL,NULL,NULL,NULL,NULL,NULL),(19,'7','Metode yang ditetapkan dalam subruas $2',NULL,NULL,NULL,NULL,NULL,NULL),(20,'#','Tidak digunakan',NULL,NULL,NULL,NULL,NULL,NULL),(21,'#','Tidak digunakan',NULL,NULL,NULL,NULL,NULL,NULL),(22,'#','Tidak digunakan',NULL,NULL,NULL,NULL,NULL,NULL),(22,'0','Ditampilkan',NULL,NULL,NULL,NULL,NULL,NULL),(22,'1','Tidak ditampilkan',NULL,NULL,NULL,NULL,NULL,NULL),(23,'#','Tidak digunakan',NULL,NULL,NULL,NULL,NULL,NULL),(23,'0','Nama dibalik',NULL,NULL,NULL,NULL,NULL,NULL),(23,'1','Nama yurisdiksi',NULL,NULL,NULL,NULL,NULL,NULL),(23,'2','Nama ditulis langsung',NULL,NULL,NULL,NULL,NULL,NULL),(25,'#','Tidak ada keterangan',NULL,NULL,NULL,NULL,NULL,NULL),(25,'0','Karya ada di Library of Congress',NULL,NULL,NULL,NULL,NULL,NULL),(25,'1','Karya tidak ada di Library of Congress',NULL,NULL,NULL,NULL,NULL,NULL),(26,'0','Ada catatan, tanpa entri tambahan',NULL,NULL,NULL,NULL,NULL,NULL),(26,'1','Ada catatan, ada entri tambahan',NULL,NULL,NULL,NULL,NULL,NULL),(26,'2','Tanpa catatan, tanpa entri tambahan',NULL,NULL,NULL,NULL,NULL,NULL),(26,'3','Ada catatan, ada entri tambahan',NULL,NULL,NULL,NULL,NULL,NULL),(27,'0','Tanpa entri tambahan',NULL,NULL,NULL,NULL,NULL,NULL),(27,'1','Dengan entri tambahan',NULL,NULL,NULL,NULL,NULL,NULL),(30,'#','Tidak digunakan',NULL,NULL,NULL,NULL,NULL,NULL),(31,'#','Tidak digunakan',33,'2018-03-12 17:15:42','::1',33,'2018-03-12 17:15:42','::1'),(32,'#','Tidak digunakan',NULL,NULL,NULL,NULL,NULL,NULL),(33,'#','Tidak digunakan',33,'2018-03-12 17:17:05','::1',33,'2018-03-12 17:17:05','::1'),(34,'#','Tidak digunakan',33,'2018-03-12 17:18:31','::1',33,'2018-03-12 17:18:31','::1'),(34,'0','Karya bukan terjemahan/tidak termasuk terjemahan',33,'2018-03-12 17:18:31','::1',33,'2018-03-12 17:18:31','::1'),(34,'1','Karya terjemahan/termasuk terjemahan',33,'2018-03-12 17:18:31','::1',33,'2018-03-12 17:18:31','::1'),(35,'#','Tidak digunakan',33,'2018-03-12 17:19:16','::1',33,'2018-03-12 17:19:16','::1'),(36,'#','Tidak digunakan',NULL,NULL,NULL,NULL,NULL,NULL),(36,'0','Edisi lengkap',NULL,NULL,NULL,NULL,NULL,NULL),(36,'1','Edisi ringkas',NULL,NULL,NULL,NULL,NULL,NULL),(37,'#','Belum ditetapkan',33,'2018-03-12 17:23:04','::1',33,'2018-03-12 17:23:04','::1'),(38,'#','Tidak digunakan',33,'2018-03-12 17:23:47','::1',33,'2018-03-12 17:23:47','::1'),(39,'0','Nama Depan',33,'2018-03-12 17:28:07','::1',33,'2018-03-12 17:28:07','::1'),(39,'1','Nama Belakang',33,'2018-03-12 17:28:07','::1',33,'2018-03-12 17:28:07','::1'),(39,'3','Nama Keluarga',33,'2018-03-12 17:28:07','::1',33,'2018-03-12 17:28:07','::1'),(40,'0','Nama dibalik',33,'2018-03-12 17:31:33','::1',33,'2018-03-12 17:31:33','::1'),(40,'1','Nama yuridiksi',33,'2018-03-12 17:31:33','::1',33,'2018-03-12 17:31:33','::1'),(40,'2','Nama ditulis langsung',33,'2018-03-12 17:31:33','::1',33,'2018-03-12 17:31:33','::1'),(41,'0','Nama dibalik',NULL,NULL,NULL,NULL,NULL,NULL),(41,'1','Nama yuridiksi',NULL,NULL,NULL,NULL,NULL,NULL),(41,'2','Nama ditulis langsung',NULL,NULL,NULL,NULL,NULL,NULL),(42,'#','Tidak ditampilkan',NULL,NULL,NULL,NULL,NULL,NULL),(42,'1','Ditampilkan',NULL,NULL,NULL,NULL,NULL,NULL),(43,'0','Tanpa entri tambahan',NULL,NULL,NULL,NULL,NULL,NULL),(43,'1','Dengan entri tambahan',NULL,NULL,NULL,NULL,NULL,NULL),(44,'0','Judul seragam tidak dicetak atau ditampilkan',NULL,NULL,NULL,NULL,NULL,NULL),(44,'1','Judul seragam dicetak atau ditampilkan',NULL,NULL,NULL,NULL,NULL,NULL),(45,'0','Tanpa entri tambahan',NULL,'2016-06-03 16:37:21','192.168.0.1',NULL,'2016-06-03 16:37:21','192.168.0.1'),(46,'#','Belum ditetapkan',33,'2018-03-12 18:04:33','::1',33,'2018-03-12 18:04:33','::1'),(47,'#','Belum ditetapkan',NULL,NULL,NULL,NULL,NULL,NULL),(48,'#','Belum ditetapkan',NULL,NULL,NULL,NULL,NULL,NULL),(49,'#','Belum ditetapkan',NULL,NULL,NULL,NULL,NULL,NULL),(50,'#','Belum ditetapkan',NULL,NULL,NULL,NULL,NULL,NULL),(51,'#','Tidak bisa diaplikasikan/Informasi tidak tersedia/Penerbit pertama ',NULL,'2016-05-10 15:38:03','192.168.0.1',NULL,'2016-05-10 15:38:03','192.168.0.1'),(51,'2','Penerbit antara ',NULL,'2016-05-10 15:38:03','192.168.0.1',NULL,'2016-05-10 15:38:03','192.168.0.1'),(51,'3','Penerbit terkini/terakhir ',NULL,'2016-05-10 15:38:03','192.168.0.1',NULL,'2016-05-10 15:38:03','192.168.0.1'),(52,'#','Belum ditetapkan',NULL,NULL,NULL,NULL,NULL,NULL),(53,'#','Tingkat tidak diketahui',NULL,NULL,NULL,NULL,NULL,NULL),(53,'1','Utama',NULL,NULL,NULL,NULL,NULL,NULL),(53,'2','Kedua',NULL,NULL,NULL,NULL,NULL,NULL),(54,'#','Belum ditetapkan',33,'2018-03-12 18:05:00','::1',33,'2018-03-12 18:05:00','::1'),(55,'#','Belum ditetapkan',NULL,NULL,NULL,NULL,NULL,NULL),(56,'#','Jam',NULL,NULL,NULL,NULL,NULL,NULL),(56,'8','Tidak ada pengendali',NULL,NULL,NULL,NULL,NULL,NULL),(57,'#','Tidak digunakan',NULL,NULL,NULL,NULL,NULL,NULL),(58,'#','Belum ditetapkan',NULL,NULL,NULL,NULL,NULL,NULL),(59,'0','Seri tidak ditelusur',33,'2018-03-12 18:06:41','::1',33,'2018-03-12 18:06:41','::1'),(59,'1','Seri ditelusur dalam bentuk lain',33,'2018-03-12 18:06:41','::1',33,'2018-03-12 18:06:41','::1'),(60,'#','Belum ditetapkan',NULL,NULL,NULL,NULL,NULL,NULL),(61,'#','Belum ditetapkan',NULL,NULL,NULL,NULL,NULL,NULL),(62,'#','Belum ditetapkan',33,'2018-03-12 18:07:18','::1',33,'2018-03-12 18:07:18','::1'),(63,'#','Tidak digunakan',NULL,NULL,NULL,NULL,NULL,NULL),(63,'0','Isi lengkap',NULL,NULL,NULL,NULL,NULL,NULL),(63,'1','Isi tidak lengkap',NULL,NULL,NULL,NULL,NULL,NULL),(63,'2','Isi hanya sebagian',NULL,NULL,NULL,NULL,NULL,NULL),(63,'8','Tampilan tetap tidak ada',NULL,NULL,NULL,NULL,NULL,NULL),(64,'#','Ringkasan',33,'2018-03-12 18:11:41','::1',33,'2018-03-12 18:11:41','::1'),(64,'0','Subyek',33,'2018-03-12 18:11:41','::1',33,'2018-03-12 18:11:41','::1'),(64,'1','Tinjauan',33,'2018-03-12 18:11:41','::1',33,'2018-03-12 18:11:41','::1'),(64,'2','Cakupan dan isi',33,'2018-03-12 18:11:41','::1',33,'2018-03-12 18:11:41','::1'),(64,'3','Abstrak',33,'2018-03-12 18:11:41','::1',33,'2018-03-12 18:11:41','::1'),(64,'8','Tidak ada tampilan tetap',33,'2018-03-12 18:11:41','::1',33,'2018-03-12 18:11:41','::1'),(65,'#','Kelompok pembaca',33,'2018-03-12 18:12:07','::1',33,'2018-03-12 18:12:07','::1'),(65,'0','Aras kemampuan baca',33,'2018-03-12 18:12:07','::1',33,'2018-03-12 18:12:07','::1'),(65,'1','Aras minat baca berbasis usia (Interest age level)',33,'2018-03-12 18:12:07','::1',33,'2018-03-12 18:12:07','::1'),(65,'2','Aras minat baca berbasis kelas (Interest grade level)',33,'2018-03-12 18:12:07','::1',33,'2018-03-12 18:12:07','::1'),(65,'3','Karakteristik kelompok pembaca khusus',33,'2018-03-12 18:12:07','::1',33,'2018-03-12 18:12:07','::1'),(65,'4','Aras minat baca berbasis motivasi',33,'2018-03-12 18:12:07','::1',33,'2018-03-12 18:12:07','::1'),(65,'8','Tidak ada tampilan tetap',33,'2018-03-12 18:12:07','::1',33,'2018-03-12 18:12:07','::1'),(66,'#','Tdk Ada Info Tambahan',NULL,NULL,NULL,NULL,NULL,NULL),(66,'0','Nama depan',NULL,NULL,NULL,NULL,NULL,NULL),(66,'1','Nama belakang',NULL,NULL,NULL,NULL,NULL,NULL),(66,'3','Nama keluarga',NULL,NULL,NULL,NULL,NULL,NULL),(67,'#','Tidak digunakan',33,'2018-03-12 18:15:19','::1',33,'2018-03-12 18:15:19','::1'),(67,'0','Nama dibalik',33,'2018-03-12 18:15:19','::1',33,'2018-03-12 18:15:19','::1'),(67,'1','Nama yurisdiksi',33,'2018-03-12 18:15:19','::1',33,'2018-03-12 18:15:19','::1'),(67,'2','Nama ditulis langsung',33,'2018-03-12 18:15:19','::1',33,'2018-03-12 18:15:19','::1'),(68,'#','Tidak digunakan',NULL,NULL,NULL,NULL,NULL,NULL),(68,'0','Nama dibalik',NULL,NULL,NULL,NULL,NULL,NULL),(68,'1','Nama yurisdiksi',NULL,NULL,NULL,NULL,NULL,NULL),(68,'2','Nama ditulis langsung',NULL,NULL,NULL,NULL,NULL,NULL),(69,'#','Tidak digunakan',33,'2018-03-12 18:17:42','::1',33,'2018-03-12 18:17:42','::1'),(69,'0','Karakter yang tidak dijajarkan',33,'2018-03-12 18:17:42','::1',33,'2018-03-12 18:17:42','::1'),(69,'1','Karakter yang tidak dijajarkan',33,'2018-03-12 18:17:42','::1',33,'2018-03-12 18:17:42','::1'),(69,'2','Karakter yang tidak dijajarkan',33,'2018-03-12 18:17:42','::1',33,'2018-03-12 18:17:42','::1'),(69,'3','Karakter yang tidak dijajarkan',33,'2018-03-12 18:17:42','::1',33,'2018-03-12 18:17:42','::1'),(69,'4','Karakter yang tidak dijajarkan',33,'2018-03-12 18:17:42','::1',33,'2018-03-12 18:17:42','::1'),(69,'5','Karakter yang tidak dijajarkan',33,'2018-03-12 18:17:42','::1',33,'2018-03-12 18:17:42','::1'),(69,'6','Karakter yang tidak dijajarkan',33,'2018-03-12 18:17:42','::1',33,'2018-03-12 18:17:42','::1'),(69,'7','Karakter yang tidak dijajarkan',33,'2018-03-12 18:17:42','::1',33,'2018-03-12 18:17:42','::1'),(69,'8','Karakter yang tidak dijajarkan',33,'2018-03-12 18:17:42','::1',33,'2018-03-12 18:17:42','::1'),(69,'9','Karakter yang tidak dijajarkan',33,'2018-03-12 18:17:42','::1',33,'2018-03-12 18:17:42','::1'),(70,'#','Tdk Ada Info Tambahan',NULL,NULL,NULL,NULL,NULL,NULL),(71,'#','Tdk Ada Info Tambahan',NULL,NULL,NULL,NULL,NULL,NULL),(72,'#','Tidak digunakan',NULL,NULL,NULL,NULL,NULL,NULL),(72,'0','Nama depan',NULL,NULL,NULL,NULL,NULL,NULL),(72,'1','Nama belakang',NULL,NULL,NULL,NULL,NULL,NULL),(72,'3','Nama keluarga',NULL,NULL,NULL,NULL,NULL,NULL),(73,'#','Tidak digunakan',33,'2018-03-12 18:21:40','::1',33,'2018-03-12 18:21:40','::1'),(73,'0','Nama dibalik',33,'2018-03-12 18:21:40','::1',33,'2018-03-12 18:21:40','::1'),(73,'1','Nama yurisdiksi',33,'2018-03-12 18:21:40','::1',33,'2018-03-12 18:21:40','::1'),(73,'2','Nama ditulis langsung',33,'2018-03-12 18:21:40','::1',33,'2018-03-12 18:21:40','::1'),(74,'#','Tidak digunakan',33,'2018-03-12 18:23:35','::1',33,'2018-03-12 18:23:35','::1'),(74,'0','Karakter yang tidak dijajarkan',33,'2018-03-12 18:23:35','::1',33,'2018-03-12 18:23:35','::1'),(74,'1','Karakter yang tidak dijajarkan',33,'2018-03-12 18:23:35','::1',33,'2018-03-12 18:23:35','::1'),(74,'2','Karakter yang tidak dijajarkan',33,'2018-03-12 18:23:35','::1',33,'2018-03-12 18:23:35','::1'),(74,'3','Karakter yang tidak dijajarkan',33,'2018-03-12 18:23:35','::1',33,'2018-03-12 18:23:35','::1'),(74,'4','Karakter yang tidak dijajarkan',33,'2018-03-12 18:23:35','::1',33,'2018-03-12 18:23:35','::1'),(74,'5','Karakter yang tidak dijajarkan',33,'2018-03-12 18:23:35','::1',33,'2018-03-12 18:23:35','::1'),(74,'6','Karakter yang tidak dijajarkan',33,'2018-03-12 18:23:35','::1',33,'2018-03-12 18:23:35','::1'),(74,'7','Karakter yang tidak dijajarkan',33,'2018-03-12 18:23:35','::1',33,'2018-03-12 18:23:35','::1'),(74,'8','Karakter yang tidak dijajarkan',33,'2018-03-12 18:23:35','::1',33,'2018-03-12 18:23:35','::1'),(74,'9','Karakter yang tidak dijajarkan',33,'2018-03-12 18:23:35','::1',33,'2018-03-12 18:23:35','::1'),(75,'#','Tidak digunakan',NULL,NULL,NULL,NULL,NULL,NULL),(75,'0','Karakter yang tidak dijajarkan',NULL,NULL,NULL,NULL,NULL,NULL),(75,'1','Karakter yang tidak dijajarkan',NULL,NULL,NULL,NULL,NULL,NULL),(75,'2','Karakter yang tidak dijajarkan',NULL,NULL,NULL,NULL,NULL,NULL),(75,'3','Karakter yang tidak dijajarkan',NULL,NULL,NULL,NULL,NULL,NULL),(75,'4','Karakter yang tidak dijajarkan',NULL,NULL,NULL,NULL,NULL,NULL),(75,'5','Karakter yang tidak dijajarkan',NULL,NULL,NULL,NULL,NULL,NULL),(75,'6','Karakter yang tidak dijajarkan',NULL,NULL,NULL,NULL,NULL,NULL),(75,'7','Karakter yang tidak dijajarkan',NULL,NULL,NULL,NULL,NULL,NULL),(75,'8','Karakter yang tidak dijajarkan',NULL,NULL,NULL,NULL,NULL,NULL),(75,'9','Karakter yang tidak dijajarkan',NULL,NULL,NULL,NULL,NULL,NULL),(76,'#','Tidak digunakan',33,'2018-03-12 18:25:33','::1',33,'2018-03-12 18:25:33','::1'),(76,'0','Nama depan',33,'2018-03-12 18:25:33','::1',33,'2018-03-12 18:25:33','::1'),(76,'1','Nama belakang',33,'2018-03-12 18:25:33','::1',33,'2018-03-12 18:25:33','::1'),(76,'3','Nama keluarga',33,'2018-03-12 18:25:33','::1',33,'2018-03-12 18:25:33','::1'),(77,'#','Tidak digunakan',33,'2018-03-12 18:27:59','::1',33,'2018-03-12 18:27:59','::1'),(77,'0','Nama dibalik',33,'2018-03-12 18:27:59','::1',33,'2018-03-12 18:27:59','::1'),(77,'1','Nama yurisdiksi',33,'2018-03-12 18:27:59','::1',33,'2018-03-12 18:27:59','::1'),(77,'2','Nama ditulis langsung',33,'2018-03-12 18:27:59','::1',33,'2018-03-12 18:27:59','::1'),(78,'#','Belum ditetapkan',33,'2018-03-12 18:29:22','::1',33,'2018-03-12 18:29:22','::1'),(79,'#','Belum ditetapkan',NULL,NULL,NULL,NULL,NULL,NULL),(80,'#','Tidak digunakan',NULL,NULL,NULL,NULL,NULL,NULL),(81,'#','Tidak digunakan',NULL,NULL,NULL,NULL,NULL,NULL),(82,'#','Tidak digunakan',NULL,NULL,NULL,NULL,NULL,NULL),(83,'#','Tidak digunakan',NULL,NULL,NULL,NULL,NULL,NULL),(84,'#','Tidak digunakan',NULL,NULL,NULL,NULL,NULL,NULL),(84,'0','International Standard Recording Code (ISRC)',NULL,NULL,NULL,NULL,NULL,NULL),(84,'1','Universal Product Code(UPC)',NULL,NULL,NULL,NULL,NULL,NULL),(84,'2','International Standard Music Number (ISMN)',NULL,NULL,NULL,NULL,NULL,NULL),(84,'3','International Article Number(EAN)',NULL,NULL,NULL,NULL,NULL,NULL),(84,'4','Serial Item and Contribution Identifier(SICI)',NULL,NULL,NULL,NULL,NULL,NULL),(84,'8','Nomor standar tidak dikenal',NULL,NULL,NULL,NULL,NULL,NULL),(85,'#','Tidak digunakan',NULL,NULL,NULL,NULL,NULL,NULL),(86,'#','Tidak digunakan',NULL,NULL,NULL,NULL,NULL,NULL),(87,'#','Tidak digunakan',NULL,NULL,NULL,NULL,NULL,NULL),(87,'0','Nomor terbitan',NULL,NULL,NULL,NULL,NULL,NULL),(87,'1','Nomor matriks',NULL,NULL,NULL,NULL,NULL,NULL),(87,'2','Nomor plat',NULL,NULL,NULL,NULL,NULL,NULL),(87,'3','Nomor musik lain',NULL,NULL,NULL,NULL,NULL,NULL),(87,'4','Nomor rekaman video',NULL,NULL,NULL,NULL,NULL,NULL),(87,'5','Nomor penerbit lain',NULL,NULL,NULL,NULL,NULL,NULL),(88,'#','Tidak digunakan',NULL,NULL,NULL,NULL,NULL,NULL),(88,'0','Tahun tunggal',NULL,NULL,NULL,NULL,NULL,NULL),(88,'1','Tahun tunggal berganda',NULL,NULL,NULL,NULL,NULL,NULL),(88,'2','Rentang waktu tertentu',NULL,NULL,NULL,NULL,NULL,NULL),(89,'#','Tidak digunakan',NULL,NULL,NULL,NULL,NULL,NULL),(89,'0','Skala tidak diketahui/tidak ada keterangan',NULL,NULL,NULL,NULL,NULL,NULL),(89,'1','Skala tunggal',NULL,NULL,NULL,NULL,NULL,NULL),(89,'3','Rentang skala',NULL,NULL,NULL,NULL,NULL,NULL),(90,'#','Tidak digunakan',NULL,NULL,NULL,NULL,NULL,NULL),(91,'#','Tidak digunakan',NULL,NULL,NULL,NULL,NULL,NULL),(92,'#','Tidak digunakan',NULL,NULL,NULL,NULL,NULL,NULL),(93,'#','Tidak ada subruas $b atau $c',NULL,NULL,NULL,NULL,NULL,NULL),(93,'0','Tahun tunggal',NULL,NULL,NULL,NULL,NULL,NULL),(93,'1','Lebih dari satu tahun tunggal',NULL,NULL,NULL,NULL,NULL,NULL),(93,'2','Rentang waktu dalam tahun',NULL,NULL,NULL,NULL,NULL,NULL),(94,'#','Tidak digunakan',NULL,NULL,NULL,NULL,NULL,NULL),(95,'#','Tidak digunakan',NULL,NULL,NULL,NULL,NULL,NULL),(96,'#','Tidak digunakan',NULL,NULL,NULL,NULL,NULL,NULL),(97,'#','Library of Congress Classification',NULL,NULL,NULL,NULL,NULL,NULL),(97,'1','U.S. Dept. of Defense Classification',NULL,NULL,NULL,NULL,NULL,NULL),(97,'7','Sumber yang diisikan dalam subruas $2',NULL,NULL,NULL,NULL,NULL,NULL),(98,'#','Tidak ada keterangan',NULL,NULL,NULL,NULL,NULL,NULL),(98,'0','Karya ada pada NLM',NULL,NULL,NULL,NULL,NULL,NULL),(98,'1','Karya tidak ada pada NLM',NULL,NULL,NULL,NULL,NULL,NULL),(99,'#','Tidak digunakan',NULL,NULL,NULL,NULL,NULL,NULL),(99,'0','Karya ada di National Agricultural Library',NULL,NULL,NULL,NULL,NULL,NULL),(99,'1','Karya tidak ada di National Agricultural Library',NULL,NULL,NULL,NULL,NULL,NULL),(100,'#','Belum ditetapkan',NULL,NULL,NULL,NULL,NULL,NULL),(101,'#','Belum ditetapkan',NULL,NULL,NULL,NULL,NULL,NULL),(102,'#','Belum ditetapkan',NULL,NULL,NULL,NULL,NULL,NULL),(103,'#','Tidak digunakan',NULL,NULL,NULL,NULL,NULL,NULL),(103,'0','Cakupan tidak diketahui',NULL,NULL,NULL,NULL,NULL,NULL),(103,'1','Cakupan lengkap',NULL,NULL,NULL,NULL,NULL,NULL),(103,'2','Cakupan selektif',NULL,NULL,NULL,NULL,NULL,NULL),(103,'3','Lokasi pada sumber tidak dicatat',NULL,NULL,NULL,NULL,NULL,NULL),(103,'4','Lokasi pada sumber dicatat',NULL,NULL,NULL,NULL,NULL,NULL),(104,'#','Tidak digunakan',NULL,NULL,NULL,NULL,NULL,NULL),(104,'0','Tidak ada tampilan tetap',NULL,NULL,NULL,NULL,NULL,NULL),(104,'1','Pemain/pemeran',NULL,NULL,NULL,NULL,NULL,NULL),(105,'#','Belum ditetapkan',NULL,NULL,NULL,NULL,NULL,NULL),(106,'#','Belum ditetapkan',NULL,NULL,NULL,NULL,NULL,NULL),(107,'#','Belum ditetapkan',NULL,NULL,NULL,NULL,NULL,NULL),(108,'#','Jenis berkas',NULL,NULL,NULL,NULL,NULL,NULL),(108,'8','Tidak ada tampilan tetap',NULL,NULL,NULL,NULL,NULL,NULL),(109,'#','Belum ditetapkan',NULL,NULL,NULL,NULL,NULL,NULL),(110,'#','Cakupan geografis',NULL,NULL,NULL,NULL,NULL,NULL),(110,'8','Tidak ada tampilan tetap',NULL,NULL,NULL,NULL,NULL,NULL),(111,'#','Kutipan',NULL,NULL,NULL,NULL,NULL,NULL),(111,'8','Tidak ada tampilan tetap',NULL,NULL,NULL,NULL,NULL,NULL),(112,'#','Tidak digunakan',NULL,NULL,NULL,NULL,NULL,NULL),(113,'#','Tidak digunakan',NULL,NULL,NULL,NULL,NULL,NULL),(114,'#','Tidak digunakan',NULL,NULL,NULL,NULL,NULL,NULL),(115,'#','Tidak digunakan',NULL,NULL,NULL,NULL,NULL,NULL),(115,'1','Pemilik versi asli',NULL,NULL,NULL,NULL,NULL,NULL),(115,'2','Pemilik versi duplikat/kopi',NULL,NULL,NULL,NULL,NULL,NULL),(116,'#','Tidak digunakan',NULL,NULL,NULL,NULL,NULL,NULL),(117,'#','Informasi tidak tersedia',NULL,NULL,NULL,NULL,NULL,NULL),(117,'0','Sketsa biografis',NULL,NULL,NULL,NULL,NULL,NULL),(117,'1','Sejarah administratif',NULL,NULL,NULL,NULL,NULL,NULL),(118,'#','Tidak digunakan',NULL,NULL,NULL,NULL,NULL,NULL),(119,'#','Tidak digunakan',NULL,NULL,NULL,NULL,NULL,NULL),(120,'#','Tidak digunakan',NULL,NULL,NULL,NULL,NULL,NULL),(121,'#','Tidak digunakan',NULL,NULL,NULL,NULL,NULL,NULL),(122,'#','Tidak digunakan',NULL,NULL,NULL,NULL,NULL,NULL),(123,'#','Penghargaan',NULL,NULL,NULL,NULL,NULL,NULL),(123,'8','Tidak ada tampilan tetap',NULL,NULL,NULL,NULL,NULL,NULL),(124,'#','Belum ditetapkan',NULL,NULL,NULL,NULL,NULL,NULL),(125,'#','Belum ditetapkan',NULL,NULL,NULL,NULL,NULL,NULL),(126,'#','Belum ditetapkan',NULL,NULL,NULL,NULL,NULL,NULL),(127,'#','Tidak digunakan',NULL,NULL,NULL,NULL,NULL,NULL),(127,'0','Catatan ditampilkan',NULL,NULL,NULL,NULL,NULL,NULL),(127,'1','Catatan tidak ditampilkan',NULL,NULL,NULL,NULL,NULL,NULL),(128,'#','Tidak digunakan',NULL,NULL,NULL,NULL,NULL,NULL),(128,'0','Catatan ditampilkan',NULL,NULL,NULL,NULL,NULL,NULL),(128,'1','Catatan tidak ditampilkan',NULL,NULL,NULL,NULL,NULL,NULL),(129,'#','Tidak digunakan',NULL,NULL,NULL,NULL,NULL,NULL),(129,'0','Nama dibalik',NULL,NULL,NULL,NULL,NULL,NULL),(129,'1','Nama yurisdiksi',NULL,NULL,NULL,NULL,NULL,NULL),(129,'2','Nama ditulis langsung',NULL,NULL,NULL,NULL,NULL,NULL),(130,'#','Informasi tidak tersedia',NULL,NULL,NULL,NULL,NULL,NULL),(130,'0','Library od Congress classification',NULL,NULL,NULL,NULL,NULL,NULL),(130,'1','Dewey Decimal classification',NULL,NULL,NULL,NULL,NULL,NULL),(130,'2','National Library of Medicine Classification',NULL,NULL,NULL,NULL,NULL,NULL),(130,'4','Nomor kendali pengrakan',NULL,NULL,NULL,NULL,NULL,NULL),(130,'5','Judul',NULL,NULL,NULL,NULL,NULL,NULL),(130,'6','Pengrakan terpisah',NULL,NULL,NULL,NULL,NULL,NULL),(130,'7','Sumber yang ditetapkan dalam $2',NULL,NULL,NULL,NULL,NULL,NULL),(130,'8','Skema lain',NULL,NULL,NULL,NULL,NULL,NULL),(131,'#','Belum ditetapkan',NULL,NULL,NULL,NULL,NULL,NULL),(136,'#','Tidak Dipakai',NULL,NULL,NULL,NULL,NULL,NULL),(137,'#','Tidak digunakan',NULL,NULL,NULL,NULL,NULL,NULL),(138,'#','Tidak terdapat informasi',NULL,NULL,NULL,NULL,NULL,NULL),(138,'0','Private',NULL,NULL,NULL,NULL,NULL,NULL),(138,'1','Not Private',NULL,NULL,NULL,NULL,NULL,NULL),(138,'s','s',NULL,NULL,NULL,NULL,NULL,NULL),(139,'#','Tidak digunakan',NULL,'2016-05-10 15:40:11','192.168.0.1',NULL,'2016-05-10 15:40:11','192.168.0.1'),(139,'2','Intervening',NULL,'2016-05-10 15:40:11','192.168.0.1',NULL,'2016-05-10 15:40:11','192.168.0.1'),(139,'3','Current/Lates',NULL,'2016-05-10 15:40:11','192.168.0.1',NULL,'2016-05-10 15:40:11','192.168.0.1'),(140,'#','Belum didefinisikan',NULL,'2016-04-18 14:46:58','192.168.0.1',NULL,'2016-04-18 14:46:58','192.168.0.1'),(141,'#','Undefined',NULL,'2016-04-18 14:47:37','192.168.0.1',NULL,'2016-04-18 14:47:37','192.168.0.1'),(142,'#','Undefined',NULL,'2016-04-18 14:48:03','192.168.0.1',NULL,'2016-04-18 14:48:03','192.168.0.1');

/*Table structure for table `fieldindicator2s` */

CREATE TABLE `fieldindicator2s` (
  `Field_id` int(11) NOT NULL,
  `Code` varchar(10) NOT NULL DEFAULT '',
  `Name` varchar(255) NOT NULL,
  `CreateBy` int(11) DEFAULT NULL,
  `CreateDate` datetime DEFAULT NULL,
  `CreateTerminal` varchar(100) DEFAULT NULL,
  `UpdateBy` int(11) DEFAULT NULL,
  `UpdateDate` datetime DEFAULT NULL,
  `UpdateTerminal` varchar(100) DEFAULT NULL,
  PRIMARY KEY (`Field_id`,`Code`),
  KEY `Field_id` (`Field_id`),
  KEY `fieldindicator2s_createby` (`CreateBy`),
  KEY `fieldindicator2s_updateby` (`UpdateBy`),
  CONSTRAINT `FKBC43AFA066DFF9B4` FOREIGN KEY (`Field_id`) REFERENCES `fields` (`ID`) ON DELETE CASCADE ON UPDATE CASCADE,
  CONSTRAINT `fieldindicator2s_createby` FOREIGN KEY (`CreateBy`) REFERENCES `users` (`ID`) ON DELETE SET NULL ON UPDATE CASCADE,
  CONSTRAINT `fieldindicator2s_updateby` FOREIGN KEY (`UpdateBy`) REFERENCES `users` (`ID`) ON DELETE SET NULL ON UPDATE CASCADE
) ENGINE=InnoDB DEFAULT CHARSET=latin1;

/*Data for the table `fieldindicator2s` */

insert  into `fieldindicator2s`(`Field_id`,`Code`,`Name`,`CreateBy`,`CreateDate`,`CreateTerminal`,`UpdateBy`,`UpdateDate`,`UpdateTerminal`) values (5,'#','Belum ditetapkan',33,'2018-03-12 18:02:37','::1',33,'2018-03-12 18:02:37','::1'),(6,'#','Tidak digunakan',NULL,NULL,NULL,NULL,NULL,NULL),(7,'#','Kunci judul disingkat',NULL,NULL,NULL,NULL,NULL,NULL),(7,'0','Judul disingkat lainnya',NULL,NULL,NULL,NULL,NULL,NULL),(8,'0-9','Nilai yang menunjukkan jumlah karakter pada awal judul yang tidak dihitung dalam pemilahan dan penjajaran karena merupakan artikel kata sandang, seperti (a, an, the, le, la)',NULL,NULL,NULL,NULL,NULL,NULL),(9,'#','Belum ditetapkan',NULL,NULL,NULL,NULL,NULL,NULL),(10,'#','Belum ditetapkan',NULL,NULL,NULL,NULL,NULL,NULL),(11,'#','Belum ditetapkan',NULL,NULL,NULL,NULL,NULL,NULL),(12,'0','Geografis',NULL,NULL,NULL,NULL,NULL,NULL),(12,'1','Proyeksi peta',NULL,NULL,NULL,NULL,NULL,NULL),(12,'2','Sistem koordinat grid',NULL,NULL,NULL,NULL,NULL,NULL),(12,'3','Planar lokal',NULL,NULL,NULL,NULL,NULL,NULL),(12,'4','Lokal',NULL,NULL,NULL,NULL,NULL,NULL),(12,'5','Model geodetic',NULL,NULL,NULL,NULL,NULL,NULL),(12,'6','Ketinggian',NULL,NULL,NULL,NULL,NULL,NULL),(12,'7','Metode yang diisikan dalam subruas $2',NULL,NULL,NULL,NULL,NULL,NULL),(12,'8','Kedalaman',NULL,NULL,NULL,NULL,NULL,NULL),(13,'#','Belum ditetapkan',NULL,NULL,NULL,NULL,NULL,NULL),(14,'#','Belum ditetapkan',NULL,NULL,NULL,NULL,NULL,NULL),(15,'#','Belum ditetapkan',NULL,NULL,NULL,NULL,NULL,NULL),(16,'#','Tidak digunakan',NULL,NULL,NULL,NULL,NULL,NULL),(17,'#','Belum ditetapkan',NULL,NULL,NULL,NULL,NULL,NULL),(18,'#','Tidak digunakan',NULL,NULL,NULL,NULL,NULL,NULL),(18,'0','Berkelanjutan',NULL,NULL,NULL,NULL,NULL,NULL),(18,'1','Berkelanjutan sebagian',NULL,NULL,NULL,NULL,NULL,NULL),(18,'2','Menggantikan',NULL,NULL,NULL,NULL,NULL,NULL),(18,'3','Menggantikan sebagian',NULL,NULL,NULL,NULL,NULL,NULL),(18,'4','Gabungan dari ... dan ...',NULL,NULL,NULL,NULL,NULL,NULL),(18,'5','Diserap',NULL,NULL,NULL,NULL,NULL,NULL),(18,'6','Diserap sebagian',NULL,NULL,NULL,NULL,NULL,NULL),(18,'7','Dipisahkan dari',NULL,NULL,NULL,NULL,NULL,NULL),(19,'#','Informasi tidak tersedia',NULL,NULL,NULL,NULL,NULL,NULL),(19,'0','Sumber',NULL,NULL,NULL,NULL,NULL,NULL),(19,'1','Versi sumber',NULL,NULL,NULL,NULL,NULL,NULL),(19,'2','Sumber terkait',NULL,NULL,NULL,NULL,NULL,NULL),(19,'8','Tidak ada tampilan tetap',NULL,NULL,NULL,NULL,NULL,NULL),(20,'#','Tidak digunakan',NULL,NULL,NULL,NULL,NULL,NULL),(21,'#','Tidak digunakan',NULL,NULL,NULL,NULL,NULL,NULL),(22,'#','Tidak digunakan',NULL,NULL,NULL,NULL,NULL,NULL),(22,'0','Dilanjutkan oleh',NULL,NULL,NULL,NULL,NULL,NULL),(22,'1','Dilanjutkan sebagian oleh',NULL,NULL,NULL,NULL,NULL,NULL),(22,'2','Digantikan oleh',NULL,NULL,NULL,NULL,NULL,NULL),(22,'3','Digantikan sebagian',NULL,NULL,NULL,NULL,NULL,NULL),(22,'4','Diserap oleh',NULL,NULL,NULL,NULL,NULL,NULL),(22,'5','Diserap sebagian',NULL,NULL,NULL,NULL,NULL,NULL),(22,'6','Dipisahkan dalam',NULL,NULL,NULL,NULL,NULL,NULL),(22,'7','Digabungkan dengan ... menjadi ...',NULL,NULL,NULL,NULL,NULL,NULL),(22,'8','Diubah kembali menjadi',NULL,NULL,NULL,NULL,NULL,NULL),(23,'#','Informasi tidak tersedia',NULL,NULL,NULL,NULL,NULL,NULL),(23,'2','Entri analitik',NULL,NULL,NULL,NULL,NULL,NULL),(25,'#','Tidak digunakan',NULL,NULL,NULL,NULL,NULL,NULL),(25,'0','Dibuat oleh Library of Congress',NULL,NULL,NULL,NULL,NULL,NULL),(25,'4','Dibuat oleh badan di luar Library of Congress',NULL,NULL,NULL,NULL,NULL,NULL),(26,'#','Tidak ada penjelasan',NULL,NULL,NULL,NULL,NULL,NULL),(26,'0','Bagian judul',NULL,NULL,NULL,NULL,NULL,NULL),(26,'1','Judul paralel',NULL,NULL,NULL,NULL,NULL,NULL),(26,'2','Judul tersendiri',NULL,NULL,NULL,NULL,NULL,NULL),(26,'3','Judul lain',NULL,NULL,NULL,NULL,NULL,NULL),(26,'4','Judul sampul',NULL,NULL,NULL,NULL,NULL,NULL),(26,'5','Judul di halaman judul tambahan',NULL,NULL,NULL,NULL,NULL,NULL),(26,'6','Judul kepsyen',NULL,NULL,NULL,NULL,NULL,NULL),(26,'7','Judul menerus',NULL,NULL,NULL,NULL,NULL,NULL),(26,'8','Judul punggung',NULL,NULL,NULL,NULL,NULL,NULL),(27,'0','Tampilkan catatan',NULL,NULL,NULL,NULL,NULL,NULL),(27,'1','Catatan tidak perlu ditampilkan',NULL,NULL,NULL,NULL,NULL,NULL),(30,'#','Tidak digunakan',NULL,NULL,NULL,NULL,NULL,NULL),(31,'#','Tidak digunakan',33,'2018-03-12 17:15:42','::1',33,'2018-03-12 17:15:42','::1'),(32,'#','Tidak digunakan',NULL,NULL,NULL,NULL,NULL,NULL),(33,'#','Tidak digunakan',33,'2018-03-12 17:17:05','::1',33,'2018-03-12 17:17:05','::1'),(34,'#','Kode bahasa MARC',33,'2018-03-12 17:18:31','::1',33,'2018-03-12 17:18:31','::1'),(34,'7','Kode bahasa sumber yang diisikan ke dalam $2',33,'2018-03-12 17:18:31','::1',33,'2018-03-12 17:18:31','::1'),(35,'#','Tidak digunakan',33,'2018-03-12 17:19:16','::1',33,'2018-03-12 17:19:16','::1'),(36,'#','Tidak digunakan',NULL,NULL,NULL,NULL,NULL,NULL),(36,'0','Dibuat oleh LC',NULL,NULL,NULL,NULL,NULL,NULL),(36,'4','Dibuat oleh badan di luar LC',NULL,NULL,NULL,NULL,NULL,NULL),(37,'#','Belum ditetapkan',33,'2018-03-12 17:23:04','::1',33,'2018-03-12 17:23:04','::1'),(38,'#','Tidak digunakan',33,'2018-03-12 17:23:47','::1',33,'2018-03-12 17:23:47','::1'),(39,'#','Belum ditetapkan',33,'2018-03-12 17:28:07','::1',33,'2018-03-12 17:28:07','::1'),(40,'#','Belum ditetapkan',33,'2018-03-12 17:31:33','::1',33,'2018-03-12 17:31:33','::1'),(41,'#','Belum ditetapkan',NULL,NULL,NULL,NULL,NULL,NULL),(42,'0-9','Nilai yang menunjukkan jumlah karakter pada awal judul yang tidak dihitung dalam pemilahan dan penjajaran karena merupakan artikel kata sandang, seperti (a, an, the, le, la)',NULL,NULL,NULL,NULL,NULL,NULL),(43,'0-9','Nilai yang menunjukkan jumlah karakter pada awal judul yang tidak dihitung dalam pemilahan dan penjajaran karena merupakan artikel kata sandang, seperti (a, an, the, le, la)',NULL,NULL,NULL,NULL,NULL,NULL),(44,'0-9','Nilai yang menunjukkan jumlah karakter pada awal judul yang tidak dihitung dalam pemilahan dan penjajaran karena merupakan artikel kata sandang, seperti (a, an, the, le, la)',NULL,NULL,NULL,NULL,NULL,NULL),(45,'0','0 Karakter yang tidak dijajarkan',NULL,'2016-06-03 16:37:21','192.168.0.1',NULL,'2016-06-03 16:37:21','192.168.0.1'),(45,'1','1 Karakter yang tidak dijajarkan',NULL,'2016-06-03 16:37:21','192.168.0.1',NULL,'2016-06-03 16:37:21','192.168.0.1'),(45,'2','2 Karakter yang tidak dijajarkan',NULL,'2016-06-03 16:37:21','192.168.0.1',NULL,'2016-06-03 16:37:21','192.168.0.1'),(45,'3','3 Karakter yang tidak dijajarkan',NULL,'2016-06-03 16:37:21','192.168.0.1',NULL,'2016-06-03 16:37:21','192.168.0.1'),(45,'4','4 Karakter yang tidak dijajarkan',NULL,'2016-06-03 16:37:21','192.168.0.1',NULL,'2016-06-03 16:37:21','192.168.0.1'),(45,'5','5 Karakter yang tidak dijajarkan',NULL,'2016-06-03 16:37:21','192.168.0.1',NULL,'2016-06-03 16:37:21','192.168.0.1'),(45,'6','6 Karakter yang tidak dijajarkan',NULL,'2016-06-03 16:37:21','192.168.0.1',NULL,'2016-06-03 16:37:21','192.168.0.1'),(45,'7','7 Karakter yang tidak dijajarkan',NULL,'2016-06-03 16:37:21','192.168.0.1',NULL,'2016-06-03 16:37:21','192.168.0.1'),(45,'8','8 Karakter yang tidak dijajarkan',NULL,'2016-06-03 16:37:21','192.168.0.1',NULL,'2016-06-03 16:37:21','192.168.0.1'),(45,'9','9 Karakter yang tidak dijajarkan',NULL,'2016-06-03 16:37:21','192.168.0.1',NULL,'2016-06-03 16:37:21','192.168.0.1'),(46,'#','Belum ditetapkan',33,'2018-03-12 18:04:33','::1',33,'2018-03-12 18:04:33','::1'),(47,'#','Belum ditetapkan',NULL,NULL,NULL,NULL,NULL,NULL),(48,'#','Belum ditetapkan',NULL,NULL,NULL,NULL,NULL,NULL),(49,'#','Belum ditetapkan',NULL,NULL,NULL,NULL,NULL,NULL),(50,'#','Belum ditetapkan',NULL,NULL,NULL,NULL,NULL,NULL),(51,'#','Belum ditetapkan',NULL,'2016-05-10 15:38:03','192.168.0.1',NULL,'2016-05-10 15:38:03','192.168.0.1'),(52,'#','Belum ditetapkan',NULL,NULL,NULL,NULL,NULL,NULL),(53,'#','Jenis tidak diketahui',NULL,NULL,NULL,NULL,NULL,NULL),(53,'0','Surat',NULL,NULL,NULL,NULL,NULL,NULL),(53,'7','Jenis yang diisikan dalam subruan $i',NULL,NULL,NULL,NULL,NULL,NULL),(54,'#','Belum ditetapkan',33,'2018-03-12 18:05:00','::1',33,'2018-03-12 18:05:00','::1'),(55,'#','Belum ditetapkan',NULL,NULL,NULL,NULL,NULL,NULL),(56,'#','Belum ditetapkan',NULL,NULL,NULL,NULL,NULL,NULL),(57,'#','Tidak digunakan',NULL,NULL,NULL,NULL,NULL,NULL),(58,'0-9','Karakter yang tidak dijajarkan',NULL,NULL,NULL,NULL,NULL,NULL),(59,'#','Belum ditetapkan',33,'2018-03-12 18:06:41','::1',33,'2018-03-12 18:06:41','::1'),(60,'#','Belum ditetapkan',NULL,NULL,NULL,NULL,NULL,NULL),(61,'#','Belum ditetapkan',NULL,NULL,NULL,NULL,NULL,NULL),(62,'#','Belum ditetapkan',33,'2018-03-12 18:07:18','::1',33,'2018-03-12 18:07:18','::1'),(63,'#','Tingkat dasar',NULL,NULL,NULL,NULL,NULL,NULL),(63,'0','Tingkat lanjut',NULL,NULL,NULL,NULL,NULL,NULL),(64,'#','Tidak digunakan',33,'2018-03-12 18:11:41','::1',33,'2018-03-12 18:11:41','::1'),(65,'#','Tidak digunakan',33,'2018-03-12 18:12:07','::1',33,'2018-03-12 18:12:07','::1'),(66,'#','Tidak digunakan',NULL,NULL,NULL,NULL,NULL,NULL),(66,'0','Library of Congress Subject Headings (LCSH)/LC Authority File',NULL,NULL,NULL,NULL,NULL,NULL),(66,'2','Medical Subject Headings/NLM Authority File',NULL,NULL,NULL,NULL,NULL,NULL),(66,'3','National Agricultural Library Subject Authority File',NULL,NULL,NULL,NULL,NULL,NULL),(66,'4','Sumber yang tidak disebutkan',NULL,NULL,NULL,NULL,NULL,NULL),(67,'#','Tidak digunakan',33,'2018-03-12 18:15:19','::1',33,'2018-03-12 18:15:19','::1'),(67,'0','Library of Congress Subject Headings (LCSH)/LC Name Authority',33,'2018-03-12 18:15:19','::1',33,'2018-03-12 18:15:19','::1'),(67,'2','Medical Subject Headings/NLM Authority File',33,'2018-03-12 18:15:19','::1',33,'2018-03-12 18:15:19','::1'),(67,'3','National Agricultural Library Subject Authority File',33,'2018-03-12 18:15:19','::1',33,'2018-03-12 18:15:19','::1'),(67,'4','Sumber yang tidak disebutkan',33,'2018-03-12 18:15:19','::1',33,'2018-03-12 18:15:19','::1'),(68,'#','Tidak digunakan',NULL,NULL,NULL,NULL,NULL,NULL),(68,'0','Library of Congress Subject Headings (LCSH)/LC Name Authority',NULL,NULL,NULL,NULL,NULL,NULL),(68,'2','Medical Subject Headings/NLM Authority File',NULL,NULL,NULL,NULL,NULL,NULL),(68,'3','National Agricultural Library Subject Authority File',NULL,NULL,NULL,NULL,NULL,NULL),(68,'4','Sumber yang tidak disebutkan',NULL,NULL,NULL,NULL,NULL,NULL),(69,'#','Tidak digunakan',33,'2018-03-12 18:17:42','::1',33,'2018-03-12 18:17:42','::1'),(69,'0','Library of Congress Subject Headings (LCSH)/LC Name Authority',33,'2018-03-12 18:17:42','::1',33,'2018-03-12 18:17:42','::1'),(69,'2','Medical Subject Headings/NLM Authority File',33,'2018-03-12 18:17:42','::1',33,'2018-03-12 18:17:42','::1'),(69,'3','National Agricultural Library Subject Authority File',33,'2018-03-12 18:17:42','::1',33,'2018-03-12 18:17:42','::1'),(69,'4','Sumber yang tidak disebutkan',33,'2018-03-12 18:17:42','::1',33,'2018-03-12 18:17:42','::1'),(70,'#','Tidak digunakan',NULL,NULL,NULL,NULL,NULL,NULL),(70,'0','Library of Congress Subject Headings (LCSH)/LC Name Authority',NULL,NULL,NULL,NULL,NULL,NULL),(70,'2','Medical Subject Headings/NLM Authority File',NULL,NULL,NULL,NULL,NULL,NULL),(70,'3','National Agricultural Library Subject Authority File',NULL,NULL,NULL,NULL,NULL,NULL),(70,'4','Sumber yang tidak disebutkan',NULL,NULL,NULL,NULL,NULL,NULL),(71,'#','Tidak digunakan',NULL,NULL,NULL,NULL,NULL,NULL),(71,'0','Library of Congress Subject Headings (LCSH)/LC Name Authority',NULL,NULL,NULL,NULL,NULL,NULL),(71,'2','Medical Subject Headings/NLM Authority File',NULL,NULL,NULL,NULL,NULL,NULL),(71,'3','National Agricultural Library Subject Authority File',NULL,NULL,NULL,NULL,NULL,NULL),(71,'4','Sumber yang tidak disebutkan',NULL,NULL,NULL,NULL,NULL,NULL),(72,'#','Informasi tidak tersedia',NULL,NULL,NULL,NULL,NULL,NULL),(72,'2','Entri analitik',NULL,NULL,NULL,NULL,NULL,NULL),(73,'#','Informasi tidak tersedia',33,'2018-03-12 18:21:40','::1',33,'2018-03-12 18:21:40','::1'),(73,'2','Entri analitik',33,'2018-03-12 18:21:40','::1',33,'2018-03-12 18:21:40','::1'),(74,'#','Informasi tidak tersedia',33,'2018-03-12 18:23:35','::1',33,'2018-03-12 18:23:35','::1'),(74,'2','Entri analitik',33,'2018-03-12 18:23:35','::1',33,'2018-03-12 18:23:35','::1'),(75,'#','Informasi tidak tersedia',NULL,NULL,NULL,NULL,NULL,NULL),(75,'2','Entri analitik',NULL,NULL,NULL,NULL,NULL,NULL),(76,'#','Belum ditetapkan',33,'2018-03-12 18:25:33','::1',33,'2018-03-12 18:25:33','::1'),(77,'#','Belum ditetapkan',33,'2018-03-12 18:27:59','::1',33,'2018-03-12 18:27:59','::1'),(78,'#','Tidak digunakan',33,'2018-03-12 18:29:23','::1',33,'2018-03-12 18:29:23','::1'),(78,'0','Tidak ada karakter yang tidak dijajarkan',33,'2018-03-12 18:29:23','::1',33,'2018-03-12 18:29:23','::1'),(78,'1','Nomor karakter yang tidak dijajarkan',33,'2018-03-12 18:29:23','::1',33,'2018-03-12 18:29:23','::1'),(78,'2','Nomor karakter yang tidak dijajarkan',33,'2018-03-12 18:29:23','::1',33,'2018-03-12 18:29:23','::1'),(78,'3','Nomor karakter yang tidak dijajarkan',33,'2018-03-12 18:29:23','::1',33,'2018-03-12 18:29:23','::1'),(78,'4','Nomor karakter yang tidak dijajarkan',33,'2018-03-12 18:29:23','::1',33,'2018-03-12 18:29:23','::1'),(78,'5','Nomor karakter yang tidak dijajarkan',33,'2018-03-12 18:29:23','::1',33,'2018-03-12 18:29:23','::1'),(78,'6','Nomor karakter yang tidak dijajarkan',33,'2018-03-12 18:29:23','::1',33,'2018-03-12 18:29:23','::1'),(78,'7','Nomor karakter yang tidak dijajarkan',33,'2018-03-12 18:29:23','::1',33,'2018-03-12 18:29:23','::1'),(78,'8','Nomor karakter yang tidak dijajarkan',33,'2018-03-12 18:29:23','::1',33,'2018-03-12 18:29:23','::1'),(78,'9','Nomor karakter yang tidak dijajarkan',33,'2018-03-12 18:29:23','::1',33,'2018-03-12 18:29:23','::1'),(79,'#','Belum ditetapkan',NULL,NULL,NULL,NULL,NULL,NULL),(80,'#','Tidak digunakan',NULL,NULL,NULL,NULL,NULL,NULL),(81,'#','Tidak digunakan',NULL,NULL,NULL,NULL,NULL,NULL),(82,'#','Tidak digunakan',NULL,NULL,NULL,NULL,NULL,NULL),(83,'#','Tidak digunakan',NULL,NULL,NULL,NULL,NULL,NULL),(84,'#','Informasi tidak tersedia',NULL,NULL,NULL,NULL,NULL,NULL),(84,'0','Tidak ada perbedaan',NULL,NULL,NULL,NULL,NULL,NULL),(84,'1','Perbedaan',NULL,NULL,NULL,NULL,NULL,NULL),(85,'#','Informasi tidak tersedia',NULL,NULL,NULL,NULL,NULL,NULL),(86,'#','Tidak digunakan',NULL,NULL,NULL,NULL,NULL,NULL),(87,'#','Tidak digunakan',NULL,NULL,NULL,NULL,NULL,NULL),(87,'0','Tidak ada catatan, tidak ada entri tambahan',NULL,NULL,NULL,NULL,NULL,NULL),(87,'1','Ada catatan, dan entri tambahan',NULL,NULL,NULL,NULL,NULL,NULL),(87,'2','Ada catatan tanpa entri tambahan',NULL,NULL,NULL,NULL,NULL,NULL),(87,'3','Tida ada catatan, ada entri tambahan',NULL,NULL,NULL,NULL,NULL,NULL),(88,'#','Tidak digunakan',NULL,NULL,NULL,NULL,NULL,NULL),(88,'0','Pengambilan gambar (capture)',NULL,NULL,NULL,NULL,NULL,NULL),(88,'1','Penyiaran',NULL,NULL,NULL,NULL,NULL,NULL),(88,'2','Peliputan',NULL,NULL,NULL,NULL,NULL,NULL),(89,'#','Tidak digunakan',NULL,NULL,NULL,NULL,NULL,NULL),(89,'0','Lingkaran luar',NULL,NULL,NULL,NULL,NULL,NULL),(89,'1','Lingkaran pembatas luas',NULL,NULL,NULL,NULL,NULL,NULL),(90,'#','Tidak digunakan',NULL,NULL,NULL,NULL,NULL,NULL),(91,'#','Tidak digunakan',NULL,NULL,NULL,NULL,NULL,NULL),(92,'#','Tidak digunakan',NULL,NULL,NULL,NULL,NULL,NULL),(93,'#','Tidak digunakan',NULL,NULL,NULL,NULL,NULL,NULL),(94,'#','Tidak digunakan',NULL,NULL,NULL,NULL,NULL,NULL),(95,'#','Tidak digunakan',NULL,NULL,NULL,NULL,NULL,NULL),(96,'#','Tidak digunakan',NULL,NULL,NULL,NULL,NULL,NULL),(97,'#','Belum ditetapkan',NULL,NULL,NULL,NULL,NULL,NULL),(98,'#','Tidak digunakan',NULL,NULL,NULL,NULL,NULL,NULL),(98,'0','Dibuat oleh NLM',NULL,NULL,NULL,NULL,NULL,NULL),(98,'4','Dibuat oleh badan di luar NLM',NULL,NULL,NULL,NULL,NULL,NULL),(99,'#','Belum ditetapkan',NULL,NULL,NULL,NULL,NULL,NULL),(100,'#','Belum ditetapkan',NULL,NULL,NULL,NULL,NULL,NULL),(101,'#','Belum ditetapkan',NULL,NULL,NULL,NULL,NULL,NULL),(102,'#','Belum ditetapkan',NULL,NULL,NULL,NULL,NULL,NULL),(103,'#','Belum ditetapkan',NULL,NULL,NULL,NULL,NULL,NULL),(104,'#','Tidak digunakan',NULL,NULL,NULL,NULL,NULL,NULL),(105,'#','Belum ditetapkan',NULL,NULL,NULL,NULL,NULL,NULL),(106,'#','Belum ditetapkan',NULL,NULL,NULL,NULL,NULL,NULL),(107,'#','Belum ditetapkan',NULL,NULL,NULL,NULL,NULL,NULL),(108,'#','Belum ditetapkan',NULL,NULL,NULL,NULL,NULL,NULL),(109,'#','Belum ditetapkan',NULL,NULL,NULL,NULL,NULL,NULL),(110,'#','Belum ditetapkan',NULL,NULL,NULL,NULL,NULL,NULL),(111,'#','Tidak digunakan',NULL,NULL,NULL,NULL,NULL,NULL),(112,'#','Tidak digunakan',NULL,NULL,NULL,NULL,NULL,NULL),(113,'#','Tidak digunakan',NULL,NULL,NULL,NULL,NULL,NULL),(114,'#','Tidak digunakan',NULL,NULL,NULL,NULL,NULL,NULL),(115,'#','Tidak digunakan',NULL,NULL,NULL,NULL,NULL,NULL),(116,'#','Tidak digunakan',NULL,NULL,NULL,NULL,NULL,NULL),(117,'#','Tidak digunakan',NULL,NULL,NULL,NULL,NULL,NULL),(118,'#','Tidak digunakan',NULL,NULL,NULL,NULL,NULL,NULL),(119,'#','Tidak digunakan',NULL,NULL,NULL,NULL,NULL,NULL),(120,'#','Tidak digunakan',NULL,NULL,NULL,NULL,NULL,NULL),(121,'#','Tidak digunakan',NULL,NULL,NULL,NULL,NULL,NULL),(122,'#','Tidak digunakan',NULL,NULL,NULL,NULL,NULL,NULL),(123,'#','Tidak digunakan',NULL,NULL,NULL,NULL,NULL,NULL),(124,'#','Tidak digunakan',NULL,NULL,NULL,NULL,NULL,NULL),(124,'0','Library of Congress Subject Headings (LCSH)/LC Name Authority',NULL,NULL,NULL,NULL,NULL,NULL),(124,'2','Medical Subject Headings/NLM Authority File',NULL,NULL,NULL,NULL,NULL,NULL),(124,'3','National Agricultural Library Subject Authority File',NULL,NULL,NULL,NULL,NULL,NULL),(124,'4','Sumber yang tidak disebutkan',NULL,NULL,NULL,NULL,NULL,NULL),(125,'#','Belum ditetapkan',NULL,NULL,NULL,NULL,NULL,NULL),(126,'#','Belum ditetapkan',NULL,NULL,NULL,NULL,NULL,NULL),(127,'#','Terjemahan dari',NULL,NULL,NULL,NULL,NULL,NULL),(127,'8','Tidak ada tampilan tetap',NULL,NULL,NULL,NULL,NULL,NULL),(128,'#','Dalam',NULL,NULL,NULL,NULL,NULL,NULL),(128,'8','Tidak ada tampilan tetap',NULL,NULL,NULL,NULL,NULL,NULL),(129,'#','Belum ditetapkan',NULL,NULL,NULL,NULL,NULL,NULL),(130,'#','Informasi tidak tersedia',NULL,NULL,NULL,NULL,NULL,NULL),(130,'0','Tidak ada penomoran',NULL,NULL,NULL,NULL,NULL,NULL),(130,'1','Penomoran primer',NULL,NULL,NULL,NULL,NULL,NULL),(130,'2','Penomoran alternatif',NULL,NULL,NULL,NULL,NULL,NULL),(131,'#','Belum ditetapkan',NULL,NULL,NULL,NULL,NULL,NULL),(136,'#','Tidak Dipakai',NULL,NULL,NULL,NULL,NULL,NULL),(137,'#','Tidak digunakan',NULL,NULL,NULL,NULL,NULL,NULL),(138,'#','Belum ditentukan',NULL,NULL,NULL,NULL,NULL,NULL),(138,'s','s',NULL,NULL,NULL,NULL,NULL,NULL),(139,'0','Production',NULL,'2016-05-10 15:40:11','192.168.0.1',NULL,'2016-05-10 15:40:11','192.168.0.1'),(139,'1','Publication',NULL,'2016-05-10 15:40:11','192.168.0.1',NULL,'2016-05-10 15:40:11','192.168.0.1'),(139,'2','Distribution',NULL,'2016-05-10 15:40:11','192.168.0.1',NULL,'2016-05-10 15:40:11','192.168.0.1'),(139,'3','Manufacture',NULL,'2016-05-10 15:40:11','192.168.0.1',NULL,'2016-05-10 15:40:11','192.168.0.1'),(139,'4','Copyright notice date',NULL,'2016-05-10 15:40:11','192.168.0.1',NULL,'2016-05-10 15:40:11','192.168.0.1'),(140,'#','Undefined',NULL,'2016-04-18 14:46:58','192.168.0.1',NULL,'2016-04-18 14:46:58','192.168.0.1'),(141,'#','Undefined',NULL,'2016-04-18 14:47:37','192.168.0.1',NULL,'2016-04-18 14:47:37','192.168.0.1'),(142,'#','Undefined',NULL,'2016-04-18 14:48:03','192.168.0.1',NULL,'2016-04-18 14:48:03','192.168.0.1');

/*Table structure for table `fields` */

CREATE TABLE `fields` (
  `ID` int(11) NOT NULL AUTO_INCREMENT,
  `Tag` varchar(3) NOT NULL,
  `Name` varchar(100) NOT NULL,
  `Fixed` bit(1) DEFAULT NULL,
  `Enabled` bit(1) DEFAULT NULL,
  `Length` int(11) DEFAULT NULL,
  `Repeatable` bit(1) DEFAULT NULL,
  `Mandatory` bit(1) DEFAULT NULL,
  `IsCustomable` bit(1) DEFAULT NULL,
  `Format_id` int(11) NOT NULL,
  `Group_id` int(11) NOT NULL,
  `CreateBy` int(11) DEFAULT NULL,
  `CreateDate` datetime DEFAULT NULL,
  `CreateTerminal` varchar(100) DEFAULT NULL,
  `UpdateBy` int(11) DEFAULT NULL,
  `UpdateDate` datetime DEFAULT NULL,
  `UpdateTerminal` varchar(100) DEFAULT NULL,
  `DEFAULTSUBTAG` varchar(12) DEFAULT 'a',
  `ISSUBSERIAL` bit(1) DEFAULT b'0',
  PRIMARY KEY (`ID`),
  UNIQUE KEY `UQ_Tag` (`Tag`,`Format_id`),
  KEY `Format_id` (`Format_id`),
  KEY `Group_id` (`Group_id`),
  KEY `fields_createby` (`CreateBy`),
  KEY `fields_updateby` (`UpdateBy`),
  CONSTRAINT `fields_createby` FOREIGN KEY (`CreateBy`) REFERENCES `users` (`ID`) ON DELETE SET NULL ON UPDATE CASCADE,
  CONSTRAINT `fields_fieldgroup` FOREIGN KEY (`Group_id`) REFERENCES `fieldgroups` (`ID`) ON DELETE CASCADE ON UPDATE CASCADE,
  CONSTRAINT `fields_format` FOREIGN KEY (`Format_id`) REFERENCES `formats` (`ID`) ON DELETE CASCADE ON UPDATE CASCADE,
  CONSTRAINT `fields_updateby` FOREIGN KEY (`UpdateBy`) REFERENCES `users` (`ID`) ON DELETE SET NULL ON UPDATE CASCADE
) ENGINE=InnoDB AUTO_INCREMENT=143 DEFAULT CHARSET=latin1;

/*Data for the table `fields` */

insert  into `fields`(`ID`,`Tag`,`Name`,`Fixed`,`Enabled`,`Length`,`Repeatable`,`Mandatory`,`IsCustomable`,`Format_id`,`Group_id`,`CreateBy`,`CreateDate`,`CreateTerminal`,`UpdateBy`,`UpdateDate`,`UpdateTerminal`,`DEFAULTSUBTAG`,`ISSUBSERIAL`) values (1,'001','Nomor Kendali','','\0',10,'\0','','\0',1,1,NULL,'2012-09-12 13:53:55','DeniPC',NULL,'2012-10-18 04:46:54','::1','a','\0'),(2,'003','Control No. ID','','',40,'\0','\0','\0',1,1,NULL,'2012-09-12 13:53:55','DeniPC',NULL,'2012-09-12 13:53:55','DeniPC','a','\0'),(3,'005','Tanggal Dan Jam Pemakaian Terakhir','','\0',16,'\0','','\0',1,1,NULL,'2012-09-12 13:53:55','DeniPC',NULL,'2012-09-12 13:53:55','DeniPC','a','\0'),(4,'006','Karakteristik Bahan Sertaan - Umum','','\0',17,'\0','','',1,1,NULL,'2012-09-12 13:53:55','DeniPC',NULL,'2015-09-21 01:56:16','::1','a','\0'),(5,'130','Entri Utama - Judul Seragam','\0','',0,'\0','\0','\0',1,2,NULL,'2012-09-12 13:53:55','DeniPC',33,'2018-03-12 18:02:37','::1','a','\0'),(6,'022',' ISSN','\0','',0,'','\0','\0',1,2,NULL,'2012-09-12 13:53:55','DeniPC',NULL,'2013-04-26 15:26:31','192.168.16.24','a','\0'),(7,'210','Judul Disingkat','\0','',0,'','\0','\0',1,2,NULL,'2012-09-12 13:53:55','DeniPC',NULL,'2012-10-09 15:45:49','103.28.21.10','a','\0'),(8,'222','Judul Kunci','\0','',0,'','\0','\0',1,2,NULL,'2012-09-12 13:53:55','DeniPC',NULL,'2012-10-09 15:45:58','103.28.21.10','a','\0'),(9,'310','Frekuensi Publikasi Mutakhir','\0','',0,'\0','\0','\0',1,2,NULL,'2012-09-12 13:53:55','DeniPC',NULL,'2013-06-14 14:19:44','192.168.16.12','a','\0'),(10,'321','Frekuensi Publikasi Sebelumnya','\0','',0,'','\0','\0',1,2,NULL,'2012-09-12 13:53:55','DeniPC',NULL,'2013-06-14 14:19:51','192.168.16.12','a','\0'),(11,'340','Medium Fisik','\0','',0,'','\0','\0',1,2,NULL,'2012-09-12 13:53:55','DeniPC',NULL,'2013-06-14 14:20:00','192.168.16.12','a','\0'),(12,'342','Data Referensi Geospasial','\0','',0,'','\0','\0',1,2,NULL,'2012-09-12 13:53:55','DeniPC',NULL,'2013-06-14 14:20:09','192.168.16.12','a','\0'),(13,'343','Data Koordinat Planar','\0','',0,'','\0','\0',1,2,NULL,'2012-09-12 13:53:55','DeniPC',NULL,'2013-06-14 14:20:18','192.168.16.12','a','\0'),(14,'352','Representasi Grafis Digital','\0','',0,'','\0','\0',1,2,NULL,'2012-09-12 13:53:55','DeniPC',NULL,'2013-06-14 14:20:26','192.168.16.12','a','\0'),(15,'362','Tahun Penerbitan dan/atau Penanda Urutan','\0','',0,'','\0','\0',1,2,NULL,'2012-09-12 13:53:55','DeniPC',NULL,'2013-06-14 14:20:33','192.168.16.12','a','\0'),(16,'506','Pembatasan Akses','\0','',0,'','\0','\0',1,2,NULL,'2012-09-12 13:53:55','DeniPC',NULL,'2012-10-09 15:51:17','103.28.21.10','a','\0'),(17,'753','Akses rincian sistem terhadap berkas komputer','\0','',0,'','\0','\0',1,2,NULL,'2012-09-12 13:53:55','DeniPC',NULL,'2012-10-09 15:58:18','103.28.21.10','a','\0'),(18,'780','Entri Pendahulu','\0','',0,'','\0','\0',1,2,NULL,'2012-09-12 13:53:55','DeniPC',NULL,'2012-10-09 15:59:01','103.28.21.10','a','\0'),(19,'856','Akses dan Lokasi Elektronik','\0','',0,'','\0','\0',1,2,NULL,'2012-09-12 13:53:55','DeniPC',NULL,'2012-10-09 16:00:19','103.28.21.10','a','\0'),(20,'530','Catatan Ketersediaan Bentuk Fisik Tambahan','\0','',0,'','\0','\0',1,2,NULL,'2012-09-12 13:53:55','DeniPC',NULL,'2012-10-09 15:53:37','103.28.21.10','a','\0'),(21,'538','Catatan Rincian Sistem','\0','',0,'','\0','\0',1,2,NULL,'2012-09-12 13:53:55','DeniPC',NULL,'2012-10-09 15:54:37','103.28.21.10','a','\0'),(22,'785','Entri Lanjutan','\0','',0,'','\0','\0',1,2,NULL,'2012-09-12 13:53:55','DeniPC',NULL,'2012-10-09 15:59:09','103.28.21.10','a','\0'),(23,'711','Entri Tambahan - Nama Pertemuan','\0','',0,'','\0','\0',1,2,NULL,'2012-09-12 13:53:55','DeniPC',NULL,'2013-06-24 08:13:12','192.168.16.14','a','\0'),(24,'984','Nomor','\0','',0,'\0','\0','\0',1,2,NULL,'2012-09-12 13:53:55','DeniPC',NULL,'2012-09-12 13:53:55','DeniPC','a','\0'),(25,'050','Nomor Panggil Library Of Congress','\0','',18,'','\0','\0',1,2,NULL,'2012-09-12 13:53:55','DeniPC',NULL,'2012-10-09 15:43:32','103.28.21.10','a','\0'),(26,'246','Variasi Bentuk Judul','\0','',-1,'','\0','\0',1,2,NULL,'2012-09-12 13:53:55','DeniPC',NULL,'2012-10-09 15:46:59','103.28.21.10','a','\0'),(27,'247','Judul Sebelumnya','\0','',-1,'','\0','\0',1,2,NULL,'2012-09-12 13:53:55','DeniPC',NULL,'2012-10-09 15:47:09','103.28.21.10','a','\0'),(28,'007','Ruas Tetap Deskripsi Fisik (Keterangan Umum)','','',40,'\0','','',1,1,NULL,'2012-09-12 13:53:55','DeniPC',NULL,'2012-10-25 10:10:18','192.168.180.225, 117.102.116.237','a','\0'),(29,'008','Unsur Data Yang Panjangnya Tetap','','',40,'\0','','',1,1,NULL,'2012-09-12 13:53:55','DeniPC',NULL,'2012-09-12 13:53:55','DeniPC','a','\0'),(30,'015','Nomor BNI','\0','',-1,'','\0','\0',1,2,NULL,'2012-09-12 13:53:55','DeniPC',NULL,'2012-10-25 10:09:59','192.168.180.225, 117.102.116.237','a','\0'),(31,'020','ISBN','\0','',-1,'','\0','\0',1,2,NULL,'2012-09-12 13:53:55','DeniPC',33,'2018-03-12 17:15:42','::1','a','\0'),(32,'035','BIB-ID (Nomor kendali dari sistem lain)','\0','\0',-1,'','','\0',1,2,NULL,'2012-09-12 13:53:55','DeniPC',NULL,'2015-12-08 19:43:48','::1','a','\0'),(33,'040','Sumber Pengkatalogan','\0','',-1,'\0','\0','\0',1,2,NULL,'2012-09-12 13:53:55','DeniPC',33,'2018-03-12 17:17:05','::1','a','\0'),(34,'041','Kode Bahasa','\0','',-1,'','\0','\0',1,2,NULL,'2012-09-12 13:53:56','DeniPC',33,'2018-03-12 17:18:31','::1','a','\0'),(35,'043','Kode Wilayah','\0','',-1,'\0','\0','\0',1,2,NULL,'2012-09-12 13:53:56','DeniPC',33,'2018-03-12 17:19:16','::1','a','\0'),(36,'082','Nomor Panggil Desimal Dewey (DDC)','\0','',-1,'','\0','\0',1,2,NULL,'2012-09-12 13:53:56','DeniPC',NULL,'2015-12-08 19:40:38','::1','a','\0'),(37,'084','Nomor Klasifikasi Lainnya','\0','',-1,'','\0','\0',1,2,NULL,'2012-09-12 13:53:56','DeniPC',33,'2018-03-12 17:23:04','::1','a','\0'),(38,'090','Nomor Panggil Lokal','\0','',-1,'','\0','\0',1,2,NULL,'2012-09-12 13:53:56','DeniPC',33,'2018-03-12 17:23:47','::1','a','\0'),(39,'100','Entri Utama -- Nama Orang','\0','',-1,'\0','\0','\0',1,2,NULL,'2012-09-12 13:53:56','DeniPC',33,'2018-03-12 17:28:07','::1','a','\0'),(40,'110','Entri Utama Nama Badan Korporasi','\0','',-1,'\0','\0','\0',1,2,NULL,'2012-09-12 13:53:56','DeniPC',33,'2018-03-12 17:31:33','::1','a','\0'),(41,'111','Entri Utama -- Nama Pertemuan','\0','',-1,'\0','\0','\0',1,2,NULL,'2012-09-12 13:53:56','DeniPC',NULL,'2013-06-21 12:52:21','192.168.16.15','a','\0'),(42,'240','Judul Seragam','\0','',-1,'\0','\0','\0',1,2,NULL,'2012-09-12 13:53:56','DeniPC',NULL,'2013-06-21 13:00:59','192.168.16.15','a','\0'),(43,'242','Terjemahan Judul Oleh Badan Pengkatalog','\0','',-1,'','\0','\0',1,2,NULL,'2012-09-12 13:53:56','DeniPC',NULL,'2012-10-09 15:46:41','103.28.21.10','a','\0'),(44,'243','Judul Seragam Kolektif','\0','',-1,'\0','\0','\0',1,2,NULL,'2012-09-12 13:53:56','DeniPC',NULL,'2012-09-12 13:53:56','DeniPC','a','\0'),(45,'245','Pernyataan Judul','\0','',-1,'\0','','\0',1,2,NULL,'2012-09-12 13:53:56','DeniPC',NULL,'2016-06-03 16:37:21','192.168.0.1','a','\0'),(46,'250','Pernyataan Edisi','\0','',-1,'\0','\0','\0',1,2,NULL,'2012-09-12 13:53:56','DeniPC',33,'2018-03-12 18:04:33','::1','a','\0'),(47,'254','Pernyataan Presentasi Musik','\0','',-1,'\0','\0','\0',1,2,NULL,'2012-09-12 13:53:56','DeniPC',NULL,'2012-09-12 13:53:56','DeniPC','a','\0'),(48,'255','Data Matematis Bahan Kartografis','\0','',-1,'','\0','\0',1,2,NULL,'2012-09-12 13:53:56','DeniPC',NULL,'2012-10-09 15:47:40','103.28.21.10','a','\0'),(49,'256','Karakteristik Berkas Komputer','\0','',-1,'\0','\0','\0',1,2,NULL,'2012-09-12 13:53:56','DeniPC',NULL,'2012-09-12 13:53:56','DeniPC','a','\0'),(50,'257','Negara Tempat Produksi Film','\0','',-1,'','\0','\0',1,2,NULL,'2012-09-12 13:53:56','DeniPC',NULL,'2012-10-09 15:47:56','103.28.21.10','a','\0'),(51,'260','Penerbitan (Impresum)','\0','',-1,'','','\0',1,2,NULL,'2012-09-12 13:53:56','DeniPC',NULL,'2016-05-10 15:38:02','192.168.0.1','a','\0'),(52,'263','Tanggal/Tahun Prakiraan Penerbitan','\0','',-1,'\0','\0','\0',1,2,NULL,'2012-09-12 13:53:56','DeniPC',NULL,'2012-09-12 13:53:56','DeniPC','a','\0'),(53,'270','Alamat','\0','',-1,'','\0','\0',1,2,NULL,'2012-09-12 13:53:56','DeniPC',NULL,'2012-10-09 15:48:21','103.28.21.10','a','\0'),(54,'300','Deskripsi Fisik','\0','',-1,'\0','\0','\0',1,2,NULL,'2012-09-12 13:53:56','DeniPC',33,'2018-03-12 18:05:00','::1','a','\0'),(55,'306','Durasi','\0','',-1,'\0','\0','\0',1,2,NULL,'2012-09-12 13:53:56','DeniPC',NULL,'2013-06-14 14:18:39','192.168.16.12','a','\0'),(56,'307','Jam, dsb','\0','',-1,'','\0','\0',1,2,NULL,'2012-09-12 13:53:56','DeniPC',NULL,'2013-06-14 14:18:46','192.168.16.12','a','\0'),(57,'410','Lihat dari jejakan -- Badan korporasi','\0','',-1,'\0','\0','\0',1,2,NULL,'2012-09-12 13:53:56','DeniPC',NULL,'2012-09-12 13:53:56','DeniPC','a','\0'),(58,'440','Pernyataan Seri/Entri Tambahan - Judul','\0','',-1,'','\0','\0',1,2,NULL,'2012-09-12 13:53:56','DeniPC',NULL,'2013-06-21 13:01:23','192.168.16.15','a','\0'),(59,'490','Pernyataan Seri','\0','',-1,'','\0','\0',1,2,NULL,'2012-09-12 13:53:56','DeniPC',33,'2018-03-12 18:06:41','::1','a','\0'),(60,'500','Catatan Umum','\0','',-1,'','\0','\0',1,2,NULL,'2012-09-12 13:53:56','DeniPC',NULL,'2013-06-20 14:26:07','192.168.16.43','a','\0'),(61,'502','Catatan Disertasi','\0','',-1,'\0','\0','\0',1,2,NULL,'2012-09-12 13:53:56','DeniPC',NULL,'2012-09-12 13:53:56','DeniPC','a','\0'),(62,'504','Catatan Bibliografi','\0','',-1,'\0','\0','\0',1,2,NULL,'2012-09-12 13:53:56','DeniPC',33,'2018-03-12 18:07:18','::1','a','\0'),(63,'505','Catatan Isi','\0','',-1,'\0','\0','\0',1,2,NULL,'2012-09-12 13:53:56','DeniPC',NULL,'2013-06-24 08:11:45','192.168.16.14','a','\0'),(64,'520','Catatan Ringkasan, Isi, dsb','\0','',-1,'','\0','\0',1,2,NULL,'2012-09-12 13:53:56','DeniPC',33,'2018-03-12 18:11:41','::1','a','\0'),(65,'521','Catatan Kelompok Pembaca','\0','',-1,'','\0','\0',1,2,NULL,'2012-09-12 13:53:56','DeniPC',33,'2018-03-12 18:12:07','::1','a','\0'),(66,'600','Entri Tambahan Subjek-Nama orang','\0','',-1,'','\0','\0',1,2,NULL,'2012-09-12 13:53:56','DeniPC',NULL,'2015-12-08 19:07:57','::1','a','\0'),(67,'610','Entri Tambahan Subjek-Nama Badan Korporasi','\0','',-1,'','\0','\0',1,2,NULL,'2012-09-12 13:53:56','DeniPC',33,'2018-03-12 18:15:19','::1','a','\0'),(68,'611','Entri Tambahan Subjek-Nama Pertemuan','\0','',-1,'','\0','\0',1,2,NULL,'2012-09-12 13:53:56','DeniPC',NULL,'2013-06-24 08:39:24','192.168.16.14','a','\0'),(69,'630','Entri Tambahan Subjek-Judul Seragam','\0','',-1,'','\0','\0',1,2,NULL,'2012-09-12 13:53:56','DeniPC',33,'2018-03-12 18:17:42','::1','a','\0'),(70,'650','Entri Tambahan Subjek-Topik','\0','',-1,'','\0','\0',1,2,NULL,'2012-09-12 13:53:56','DeniPC',NULL,'2015-12-08 19:07:41','::1','a','\0'),(71,'651','Entri Tambahan Subjek-Nama Geografis','\0','',-1,'','\0','\0',1,2,NULL,'2012-09-12 13:53:56','DeniPC',NULL,'2015-12-08 19:08:09','::1','a','\0'),(72,'700','Entri Tambahan-Nama Orang','\0','',-1,'','\0','\0',1,2,NULL,'2012-09-12 13:53:56','DeniPC',NULL,'2013-06-21 12:58:17','192.168.16.15','a','\0'),(73,'710','Entri Tambahan-Nama Badan Korporasi','\0','',-1,'','\0','\0',1,2,NULL,'2012-09-12 13:53:56','DeniPC',33,'2018-03-12 18:21:40','::1','a','\0'),(74,'730','Entri Tambahan-Judul Seragam','\0','',-1,'','\0','\0',1,2,NULL,'2012-09-12 13:53:56','DeniPC',33,'2018-03-12 18:23:35','::1','a','\0'),(75,'740','Entri tambahan-Judul lain','\0','',-1,'','\0','\0',1,2,NULL,'2012-09-12 13:53:56','DeniPC',NULL,'2012-10-09 15:58:04','103.28.21.10','a','\0'),(76,'800','Entri Tambahan Seri-Nama Orang','\0','',-1,'','\0','\0',1,2,NULL,'2012-09-12 13:53:56','DeniPC',33,'2018-03-12 18:25:33','::1','a','\0'),(77,'810','Entri Tambahan Seri-Nama Badan Korporasi','\0','',-1,'','\0','\0',1,2,NULL,'2012-09-12 13:53:56','DeniPC',33,'2018-03-12 18:27:59','::1','a','\0'),(78,'830','Entri Tambahan Seri-Judul Seragam','\0','',-1,'','\0','\0',1,2,NULL,'2012-09-12 13:53:56','DeniPC',33,'2018-03-12 18:29:22','::1','a','\0'),(79,'850','Badan yang Memiliki','\0','',-1,'','\0','\0',1,2,NULL,'2012-09-12 13:53:56','DeniPC',NULL,'2013-06-14 14:21:51','192.168.16.12','a','\0'),(80,'990','Nomor induk','\0','',-1,'','\0','\0',1,2,NULL,'2012-09-12 13:53:56','DeniPC',NULL,'2013-06-14 14:22:02','192.168.16.12','a','\0'),(81,'999','Nomor deposit','\0','',-1,'\0','\0','\0',1,2,NULL,'2012-09-12 13:53:56','DeniPC',NULL,'2012-09-12 13:53:56','DeniPC','a','\0'),(82,'010','Nomor Kendali Library Of Congress','\0','',-1,'\0','\0','\0',1,2,NULL,'2012-09-12 13:53:56','DeniPC',NULL,'2012-09-12 13:53:56','DeniPC','a','\0'),(83,'013','Informasi Kendali Paten','\0','',-1,'','\0','\0',1,2,NULL,'2012-09-12 13:53:56','DeniPC',NULL,'2012-10-09 15:40:07','103.28.21.10','a','\0'),(84,'024','Identitas Standar Lain','\0','',-1,'','\0','\0',1,2,NULL,'2012-09-12 13:53:56','DeniPC',NULL,'2012-10-09 15:41:16','103.28.21.10','a','\0'),(85,'026','Identitas Sidik Jari','\0','',-1,'','\0','\0',1,2,NULL,'2012-09-12 13:53:56','DeniPC',NULL,'2012-10-09 15:41:24','103.28.21.10','a','\0'),(86,'027','Nomor Standar Laporan Teknis','\0','',-1,'','\0','\0',1,2,NULL,'2012-09-12 13:53:56','DeniPC',NULL,'2012-10-09 15:41:31','103.28.21.10','a','\0'),(87,'028','Nomor Penerbit','\0','',-1,'','\0','\0',1,2,NULL,'2012-09-12 13:53:56','DeniPC',NULL,'2012-10-09 15:41:40','103.28.21.10','a','\0'),(88,'033','Tanggal/Waktu dan Tempat Peristiwa','\0','',-1,'','\0','\0',1,2,NULL,'2012-09-12 13:53:56','DeniPC',NULL,'2012-10-09 16:07:26','103.28.21.10','a','\0'),(89,'034','Data Matematis Kartografis Terkode','\0','',-1,'','\0','\0',1,2,NULL,'2012-09-12 13:53:56','DeniPC',NULL,'2012-10-09 15:41:48','103.28.21.10','a','\0'),(90,'036','Nomor Studi Asli Untuk Berkas Data Komputer','\0','',-1,'','\0','\0',1,2,NULL,'2012-09-12 13:53:56','DeniPC',NULL,'2012-10-09 15:42:03','103.28.21.10','a','\0'),(91,'037','Sumber Pengadaan','\0','',-1,'','\0','\0',1,2,NULL,'2012-09-12 13:53:56','DeniPC',NULL,'2012-10-09 15:42:10','103.28.21.10','a','\0'),(92,'044','Kode Negara Tempat Penerbit','\0','',-1,'\0','\0','\0',1,2,NULL,'2012-09-12 13:53:56','DeniPC',NULL,'2012-09-12 13:53:56','DeniPC','a','\0'),(93,'045','Periodisasi Isi','\0','',-1,'\0','\0','\0',1,2,NULL,'2012-09-12 13:53:56','DeniPC',NULL,'2012-09-12 13:53:56','DeniPC','a','\0'),(94,'046','Tahun Berkode Khusus','\0','',-1,'','\0','\0',1,2,NULL,'2012-09-12 13:53:56','DeniPC',NULL,'2012-10-09 15:43:09','103.28.21.10','a','\0'),(95,'047','Bentuk Kode Komposisi Musik','\0','',-1,'','\0','\0',1,2,NULL,'2012-09-12 13:53:56','DeniPC',NULL,'2012-10-09 15:43:17','103.28.21.10','a','\0'),(96,'048','Jumlah Alat Musik atau Kode Audio','\0','',-1,'','\0','\0',1,2,NULL,'2012-09-12 13:53:56','DeniPC',NULL,'2012-10-09 15:43:25','103.28.21.10','a','\0'),(97,'052','Klasifikasi Geografis','\0','',-1,'','\0','\0',1,2,NULL,'2012-09-12 13:53:56','DeniPC',NULL,'2012-10-09 15:43:39','103.28.21.10','a','\0'),(98,'060','Nomor Panggil U.S. National Library Of Medicine','\0','',-1,'','\0','\0',1,2,NULL,'2012-09-12 13:53:56','DeniPC',NULL,'2012-10-09 15:44:05','103.28.21.10','a','\0'),(99,'070','Nomor Panggil National Agricultural Library','\0','',-1,'','\0','\0',1,2,NULL,'2012-09-12 13:53:56','DeniPC',NULL,'2012-10-09 15:44:23','103.28.21.10','a','\0'),(100,'080','Nomor Panggil Klasifikasi Desimal Universal (UDC)','\0','',-1,'','\0','\0',1,2,NULL,'2012-09-12 13:53:56','DeniPC',NULL,'2012-10-09 15:44:30','103.28.21.10','a','\0'),(101,'501','Catatan Dengan','\0','',-1,'\0','\0','\0',1,2,NULL,'2012-09-12 13:53:56','DeniPC',NULL,'2012-09-12 13:53:56','DeniPC','a','\0'),(102,'508','Catatan Peran Serta','\0','',-1,'','\0','\0',1,2,NULL,'2012-09-12 13:53:56','DeniPC',NULL,'2012-10-09 15:51:27','103.28.21.10','a','\0'),(103,'510','Catatan Sitiran/Rujukan','\0','',-1,'\0','\0','\0',1,2,NULL,'2012-09-12 13:53:56','DeniPC',NULL,'2012-09-12 13:53:56','DeniPC','a','\0'),(104,'511','Catatan Pelaku atau Peserta','\0','',-1,'','\0','\0',1,2,NULL,'2012-09-12 13:53:56','DeniPC',NULL,'2012-10-09 15:51:47','103.28.21.10','a','\0'),(105,'513','Catatan Tipe Laporan dan Cakupan Waktu','\0','',-1,'','\0','\0',1,2,NULL,'2012-09-12 13:53:56','DeniPC',NULL,'2012-10-09 15:51:54','103.28.21.10','a','\0'),(106,'514','Catatan Kualitas Data','\0','',-1,'\0','\0','\0',1,2,NULL,'2012-09-12 13:53:56','DeniPC',NULL,'2012-09-12 13:53:56','DeniPC','a','\0'),(107,'515','Catatan Nomor Khusus','\0','',-1,'','\0','\0',1,2,NULL,'2012-09-12 13:53:56','DeniPC',NULL,'2012-10-09 15:52:27','103.28.21.10','a','\0'),(108,'516','Catatan Tipe Berkas Komputer atau Data','\0','',-1,'','\0','\0',1,2,NULL,'2012-09-12 13:53:56','DeniPC',NULL,'2012-10-09 15:52:34','103.28.21.10','a','\0'),(109,'518','Catatan Tempat dan Tanggal/Waktu Peristiwa','\0','',-1,'','\0','\0',1,2,NULL,'2012-09-12 13:53:56','DeniPC',NULL,'2012-10-09 15:52:43','103.28.21.10','a','\0'),(110,'522','Catatan Lingkup Geografis','\0','',-1,'','\0','\0',1,2,NULL,'2012-09-12 13:53:56','DeniPC',NULL,'2012-10-09 15:53:09','103.28.21.10','a','\0'),(111,'524','Catatan Sitiran Terpilih dari Bahan Terdeskripsi','\0','',-1,'','\0','\0',1,2,NULL,'2012-09-12 13:53:56','DeniPC',NULL,'2012-10-09 15:53:18','103.28.21.10','a','\0'),(112,'525','Catatan Suplemen','\0','',-1,'','\0','\0',1,2,NULL,'2012-09-12 13:53:56','DeniPC',NULL,'2012-10-09 15:53:29','103.28.21.10','a','\0'),(113,'533','Catatan Reproduksi','\0','',-1,'','\0','\0',1,2,NULL,'2012-09-12 13:53:56','DeniPC',NULL,'2012-10-09 15:53:45','103.28.21.10','a','\0'),(114,'534','Catatan Versi Asli','\0','',-1,'','\0','\0',1,2,NULL,'2012-09-12 13:53:56','DeniPC',NULL,'2012-10-09 15:54:21','103.28.21.10','a','\0'),(115,'535','Catatan Lokasi Versi Asli/Duplikat','\0','',-1,'','\0','\0',1,2,NULL,'2012-09-12 13:53:56','DeniPC',NULL,'2012-10-09 15:54:29','103.28.21.10','a','\0'),(116,'540','Catatan Ketentuan yang Mengatur Penggunaan dan Reproduksi','\0','',-1,'','\0','\0',1,2,NULL,'2012-09-12 13:53:56','DeniPC',NULL,'2012-10-09 15:54:45','103.28.21.10','a','\0'),(117,'545','Data Historis atau Biografis','\0','',-1,'','\0','\0',1,2,NULL,'2012-09-12 13:53:56','DeniPC',NULL,'2012-10-09 15:54:53','103.28.21.10','a','\0'),(118,'546','Catatan Bahasa','\0','',-1,'','\0','\0',1,2,NULL,'2012-09-12 13:53:56','DeniPC',NULL,'2012-10-09 15:55:01','103.28.21.10','a','\0'),(119,'550','Catatan Badan Penerbit','\0','',-1,'','\0','\0',1,2,NULL,'2012-09-12 13:53:56','DeniPC',NULL,'2012-10-09 15:55:11','103.28.21.10','a','\0'),(120,'563','Catatan Informasi Penjilidan','\0','',-1,'','\0','\0',1,2,NULL,'2012-09-12 13:53:56','DeniPC',NULL,'2012-10-09 15:55:20','103.28.21.10','a','\0'),(121,'583','Catatan Tindakan','\0','',-1,'','\0','\0',1,2,NULL,'2012-09-12 13:53:56','DeniPC',NULL,'2012-10-09 15:55:29','103.28.21.10','a','\0'),(122,'585','Catatan Pameran','\0','',-1,'','\0','\0',1,2,NULL,'2012-09-12 13:53:56','DeniPC',NULL,'2012-10-09 15:55:37','103.28.21.10','a','\0'),(123,'586','Catatan Penghargaan','\0','',-1,'','\0','\0',1,2,NULL,'2012-09-12 13:53:56','DeniPC',NULL,'2012-10-09 15:56:21','103.28.21.10','a','\0'),(124,'648','Entri Tambahan Subjek-Kronologis','\0','',-1,'','\0','\0',1,2,NULL,'2012-09-12 13:53:56','DeniPC',NULL,'2013-05-16 04:48:04','127.0.0.1','a','\0'),(125,'752','Entri Tambahan-Nama Tempat Hirarkis','\0','',-1,'','\0','\0',1,2,NULL,'2012-09-12 13:53:56','DeniPC',NULL,'2012-10-09 15:58:11','103.28.21.10','a','\0'),(126,'754','Entri Tambahan-Identifikasi Taksonomi','\0','',-1,'','\0','\0',1,2,NULL,'2012-09-12 13:53:56','DeniPC',NULL,'2012-10-09 15:58:32','103.28.21.10','a','\0'),(127,'765','Entri Bahasa Asli','\0','',-1,'','\0','\0',1,2,NULL,'2012-09-12 13:53:56','DeniPC',NULL,'2012-10-09 15:58:39','103.28.21.10','a','\0'),(128,'773','Entri Karya Induk','\0','',-1,'\0','\0','\0',1,2,NULL,'2012-09-12 13:53:56','DeniPC',NULL,'2012-09-12 13:53:56','DeniPC','a','\0'),(129,'811','Entri Tambahan Seri-Nama Pertemuan','\0','',-1,'','\0','\0',1,2,NULL,'2012-09-12 13:53:56','DeniPC',NULL,'2012-10-09 15:59:41','103.28.21.10','a','\0'),(130,'852','Lokasi','\0','',-1,'','\0','\0',1,2,NULL,'2012-09-12 13:53:56','DeniPC',NULL,'2012-10-09 16:00:11','103.28.21.10','a','\0'),(131,'887','Ruas Informasi Non-MARC','\0','',-1,'','\0','\0',1,2,NULL,'2012-09-12 13:53:56','DeniPC',NULL,'2012-10-09 16:00:29','103.28.21.10','a','\0'),(136,'580','Catatan Lanjutan','\0','',-1,'','\0','\0',1,2,NULL,'2015-08-15 04:36:20','::1',NULL,'2015-08-15 04:36:20','::1','a','\0'),(137,'863','Enumeration and Chronology - Basic Bib Unit','\0','',-1,'','\0','\0',1,2,NULL,'2015-08-15 04:39:24','::1',NULL,'2015-08-15 04:39:24','::1','a',''),(138,'541','Sumber Akuisisi','\0','',-1,'','\0','\0',1,2,NULL,'2015-08-15 05:37:47','::1',NULL,'2015-08-15 05:37:47','::1','a','\0'),(139,'264','Penerbitan/Produksi/Hak Cipta','\0','',-1,'','','\0',1,2,NULL,'2016-03-24 15:15:39','192.168.0.1',NULL,'2016-05-10 15:40:10','192.168.0.1','a','\0'),(140,'336','Jenis Konten','\0','',-1,'','','\0',1,2,NULL,'2016-04-01 13:46:01','192.168.0.1',NULL,'2016-04-18 14:46:58','192.168.0.1','a','\0'),(141,'337','Media Type','\0','',-1,'','','\0',1,2,NULL,'2016-04-05 03:21:03','::1',NULL,'2016-04-18 14:47:37','192.168.0.1','a','\0'),(142,'338','Carrier Type','\0','',0,'','','\0',1,2,NULL,'2016-04-05 03:23:19','::1',NULL,'2016-04-18 14:48:03','192.168.0.1','a','\0');

/*Table structure for table `formats` */

CREATE TABLE `formats` (
  `ID` int(11) NOT NULL AUTO_INCREMENT,
  `Code` varchar(10) NOT NULL,
  `Name` varchar(20) NOT NULL,
  `CreateBy` int(11) DEFAULT NULL,
  `CreateDate` datetime DEFAULT NULL,
  `CreateTerminal` varchar(100) DEFAULT NULL,
  `UpdateBy` int(11) DEFAULT NULL,
  `UpdateDate` datetime DEFAULT NULL,
  `UpdateTerminal` varchar(100) DEFAULT NULL,
  PRIMARY KEY (`ID`),
  KEY `formats_createby` (`CreateBy`),
  KEY `formats_updateby` (`UpdateBy`),
  CONSTRAINT `formats_createby` FOREIGN KEY (`CreateBy`) REFERENCES `users` (`ID`) ON DELETE SET NULL ON UPDATE CASCADE,
  CONSTRAINT `formats_updateby` FOREIGN KEY (`UpdateBy`) REFERENCES `users` (`ID`) ON DELETE SET NULL ON UPDATE CASCADE
) ENGINE=InnoDB AUTO_INCREMENT=3 DEFAULT CHARSET=latin1;

/*Data for the table `formats` */

insert  into `formats`(`ID`,`Code`,`Name`,`CreateBy`,`CreateDate`,`CreateTerminal`,`UpdateBy`,`UpdateDate`,`UpdateTerminal`) values (1,'BIB','Bibliografi',NULL,'2012-09-12 13:53:54','DeniPC',NULL,'2012-09-12 13:53:54','DeniPC'),(2,'AUT','Auhority',NULL,'2012-09-12 13:53:54','DeniPC',NULL,'2012-09-12 13:53:54','DeniPC');

/*Table structure for table `gammu` */

CREATE TABLE `gammu` (
  `Version` int(11) NOT NULL DEFAULT '0'
) ENGINE=MyISAM DEFAULT CHARSET=utf8;

/*Data for the table `gammu` */

insert  into `gammu`(`Version`) values (13);

/*Table structure for table `groupguesses` */

CREATE TABLE `groupguesses` (
  `ID` int(11) NOT NULL AUTO_INCREMENT,
  `NamaKetua` varchar(255) NOT NULL,
  `NomerTelponKetua` varchar(20) DEFAULT NULL,
  `AsalInstansi` varchar(255) NOT NULL,
  `AlamatInstansi` varchar(255) NOT NULL,
  `CountPersonel` int(11) DEFAULT NULL,
  `CountPNS` int(11) DEFAULT NULL,
  `CountPSwasta` int(11) DEFAULT NULL,
  `CountPeneliti` int(11) DEFAULT NULL,
  `CountGuru` int(11) DEFAULT NULL,
  `CountDosen` int(11) DEFAULT NULL,
  `CountPensiunan` int(11) DEFAULT NULL,
  `CountTNI` int(11) DEFAULT NULL,
  `CountWiraswasta` int(11) DEFAULT NULL,
  `CountPelajar` int(11) DEFAULT NULL,
  `CountMahasiswa` int(11) DEFAULT NULL,
  `CountLainnya` int(11) DEFAULT NULL,
  `CountSD` int(11) DEFAULT NULL,
  `CountSMP` int(11) DEFAULT NULL,
  `CountSMA` int(11) DEFAULT NULL,
  `CountD1` int(11) DEFAULT NULL,
  `CountD2` int(11) DEFAULT NULL,
  `CountD3` int(11) DEFAULT NULL,
  `CountS1` int(11) DEFAULT NULL,
  `CountS2` int(11) DEFAULT NULL,
  `CountS3` int(11) DEFAULT NULL,
  `CountLaki` int(11) DEFAULT NULL,
  `CountPerempuan` int(11) DEFAULT NULL,
  `TujuanKunjungan_ID` int(11) DEFAULT NULL,
  `CreateBy` int(11) DEFAULT NULL,
  `CreateDate` datetime DEFAULT NULL,
  `CreateTerminal` varchar(100) DEFAULT NULL,
  `UpdateBy` int(11) DEFAULT NULL,
  `UpdateDate` datetime DEFAULT NULL,
  `UpdateTerminal` varchar(100) DEFAULT NULL,
  `LocationLoans_ID` int(11) DEFAULT NULL,
  `Location_ID` int(11) DEFAULT NULL,
  `TeleponInstansi` varchar(20) DEFAULT NULL,
  `EmailInstansi` varchar(255) DEFAULT NULL,
  `Information` varchar(255) DEFAULT NULL,
  `NoPengunjung` varchar(50) DEFAULT NULL,
  PRIMARY KEY (`ID`),
  KEY `groupguesses_locations` (`Location_ID`),
  KEY `groupguesses_tujuankunjungan_fk` (`TujuanKunjungan_ID`),
  KEY `groupguesses_createby` (`CreateBy`),
  KEY `groupguesses_updateby` (`UpdateBy`),
  KEY `groupguesses_loclib_idx` (`LocationLoans_ID`),
  CONSTRAINT `groupguesses_createby` FOREIGN KEY (`CreateBy`) REFERENCES `users` (`ID`) ON DELETE SET NULL ON UPDATE CASCADE,
  CONSTRAINT `groupguesses_locations` FOREIGN KEY (`Location_ID`) REFERENCES `locations` (`ID`) ON DELETE CASCADE ON UPDATE CASCADE,
  CONSTRAINT `groupguesses_loclib` FOREIGN KEY (`LocationLoans_ID`) REFERENCES `location_library` (`ID`) ON DELETE CASCADE ON UPDATE CASCADE,
  CONSTRAINT `groupguesses_tujuankunjungan_fk` FOREIGN KEY (`TujuanKunjungan_ID`) REFERENCES `tujuan_kunjungan` (`ID`) ON DELETE CASCADE ON UPDATE CASCADE,
  CONSTRAINT `groupguesses_updateby` FOREIGN KEY (`UpdateBy`) REFERENCES `users` (`ID`) ON DELETE SET NULL ON UPDATE CASCADE
) ENGINE=InnoDB DEFAULT CHARSET=latin1;

/*Data for the table `groupguesses` */

/*Table structure for table `historydata` */

CREATE TABLE `historydata` (
  `ID` bigint(20) NOT NULL AUTO_INCREMENT,
  `Action` varchar(10) COLLATE latin1_general_ci NOT NULL,
  `TableName` varchar(45) COLLATE latin1_general_ci NOT NULL,
  `IDRef` varchar(45) COLLATE latin1_general_ci NOT NULL,
  `Note` text COLLATE latin1_general_ci,
  `CreateBy` int(11) DEFAULT NULL,
  `CreateDate` datetime DEFAULT NULL,
  `CreateTerminal` varchar(100) COLLATE latin1_general_ci DEFAULT NULL,
  `UpdateBy` int(11) DEFAULT NULL,
  `UpdateDate` datetime DEFAULT NULL,
  `UpdateTerminal` varchar(100) COLLATE latin1_general_ci DEFAULT NULL,
  `Member_id` double DEFAULT NULL,
  PRIMARY KEY (`ID`),
  KEY `historydata_createby` (`CreateBy`),
  KEY `historydata_updateby` (`UpdateBy`),
  KEY `historydata_IDX1` (`TableName`,`IDRef`,`Action`),
  KEY `historydata_IDX2` (`TableName`,`Action`,`CreateBy`,`CreateDate`),
  KEY `historydata_createdate` (`CreateDate`),
  KEY `historydata_member_idx` (`Member_id`),
  CONSTRAINT `historydata_createby` FOREIGN KEY (`CreateBy`) REFERENCES `users` (`ID`) ON DELETE SET NULL ON UPDATE CASCADE,
  CONSTRAINT `historydata_member` FOREIGN KEY (`Member_id`) REFERENCES `members` (`ID`) ON DELETE SET NULL ON UPDATE CASCADE,
  CONSTRAINT `historydata_updateby` FOREIGN KEY (`UpdateBy`) REFERENCES `users` (`ID`) ON DELETE SET NULL ON UPDATE CASCADE
) ENGINE=InnoDB DEFAULT CHARSET=latin1 COLLATE=latin1_general_ci;

/*Data for the table `historydata` */

/*Table structure for table `holidays` */

CREATE TABLE `holidays` (
  `ID` int(11) NOT NULL AUTO_INCREMENT,
  `Dates` datetime NOT NULL,
  `Names` varchar(255) NOT NULL,
  `CreateBy` int(11) DEFAULT NULL,
  `CreateDate` datetime DEFAULT NULL,
  `CreateTerminal` varchar(100) DEFAULT NULL,
  `UpdateBy` int(11) DEFAULT NULL,
  `UpdateDate` datetime DEFAULT NULL,
  `UpdateTerminal` varchar(100) DEFAULT NULL,
  PRIMARY KEY (`ID`),
  KEY `holidays_createby` (`CreateBy`),
  KEY `holidays_updateby` (`UpdateBy`),
  CONSTRAINT `holidays_createby` FOREIGN KEY (`CreateBy`) REFERENCES `users` (`ID`) ON DELETE SET NULL ON UPDATE CASCADE,
  CONSTRAINT `holidays_updateby` FOREIGN KEY (`UpdateBy`) REFERENCES `users` (`ID`) ON DELETE SET NULL ON UPDATE CASCADE
) ENGINE=InnoDB DEFAULT CHARSET=latin1;

/*Data for the table `holidays` */

/*Table structure for table `inbox` */

CREATE TABLE `inbox` (
  `UpdatedInDB` timestamp NOT NULL DEFAULT CURRENT_TIMESTAMP ON UPDATE CURRENT_TIMESTAMP,
  `ReceivingDateTime` timestamp NOT NULL DEFAULT '0000-00-00 00:00:00',
  `Text` text NOT NULL,
  `SenderNumber` varchar(20) NOT NULL DEFAULT '',
  `Coding` enum('Default_No_Compression','Unicode_No_Compression','8bit','Default_Compression','Unicode_Compression') NOT NULL DEFAULT 'Default_No_Compression',
  `UDH` text NOT NULL,
  `SMSCNumber` varchar(20) NOT NULL DEFAULT '',
  `Class` int(11) NOT NULL DEFAULT '-1',
  `TextDecoded` text NOT NULL,
  `ID` int(10) unsigned NOT NULL AUTO_INCREMENT,
  `RecipientID` text NOT NULL,
  `Processed` enum('false','true') NOT NULL DEFAULT 'false',
  PRIMARY KEY (`ID`)
) ENGINE=MyISAM DEFAULT CHARSET=utf8;

/*Data for the table `inbox` */

/*Table structure for table `jenis_anggota` */

CREATE TABLE `jenis_anggota` (
  `id` int(11) NOT NULL AUTO_INCREMENT,
  `jenisanggota` varchar(50) COLLATE latin1_general_ci NOT NULL,
  `MasaBerlakuAnggota` int(11) DEFAULT '365',
  `CreateBy` int(11) DEFAULT NULL,
  `CreateDate` datetime DEFAULT NULL,
  `CreateTerminal` varchar(100) COLLATE latin1_general_ci DEFAULT NULL,
  `UpdateBy` int(11) DEFAULT NULL,
  `UpdateDate` datetime DEFAULT NULL,
  `UpdateTerminal` varchar(100) COLLATE latin1_general_ci DEFAULT NULL,
  `BiayaPendaftaran` decimal(10,0) DEFAULT '0',
  `BiayaPerpanjangan` decimal(10,0) DEFAULT '0',
  `UploadDokumenKeanggotaanOnline` bit(1) DEFAULT b'0',
  `MaxPinjamKoleksi` int(11) DEFAULT '1000',
  `MaxLoanDays` int(11) DEFAULT '0',
  `DendaType` varchar(45) COLLATE latin1_general_ci DEFAULT 'Konstan',
  `DendaTenorJumlah` double DEFAULT '0',
  `DendaTenorSatuan` varchar(45) COLLATE latin1_general_ci DEFAULT 'Hari',
  `DendaPerTenor` decimal(10,0) DEFAULT '0',
  `DendaTenorMultiply` int(11) DEFAULT '1',
  `SuspendMember` bit(1) DEFAULT b'0',
  `WarningLoanDueDay` int(11) DEFAULT '0',
  `SuspendType` varchar(45) COLLATE latin1_general_ci DEFAULT 'Konstan',
  `SuspendTenorJumlah` double DEFAULT '0',
  `SuspendTenorSatuan` varchar(45) COLLATE latin1_general_ci DEFAULT 'Hari',
  `DaySuspend` int(11) DEFAULT '0',
  `SuspendTenorMultiply` int(11) DEFAULT '1',
  `DayPerpanjang` int(11) DEFAULT '0',
  `CountPerpanjang` int(11) DEFAULT '0',
  `KIILastUploadDate` datetime DEFAULT NULL,
  PRIMARY KEY (`id`),
  KEY `jenis_anggota_createby` (`CreateBy`),
  KEY `jenis_anggota_updateby` (`UpdateBy`),
  KEY `jenis_anggota_kii` (`KIILastUploadDate`),
  KEY `jenis_anggota_createdate` (`CreateDate`),
  KEY `jenis_anggota_updatedate` (`UpdateDate`),
  CONSTRAINT `jenis_anggota_createby` FOREIGN KEY (`CreateBy`) REFERENCES `users` (`ID`) ON DELETE SET NULL ON UPDATE CASCADE,
  CONSTRAINT `jenis_anggota_updateby` FOREIGN KEY (`UpdateBy`) REFERENCES `users` (`ID`) ON DELETE SET NULL ON UPDATE CASCADE
) ENGINE=InnoDB AUTO_INCREMENT=15 DEFAULT CHARSET=latin1 COLLATE=latin1_general_ci;

/*Data for the table `jenis_anggota` */

insert  into `jenis_anggota`(`id`,`jenisanggota`,`MasaBerlakuAnggota`,`CreateBy`,`CreateDate`,`CreateTerminal`,`UpdateBy`,`UpdateDate`,`UpdateTerminal`,`BiayaPendaftaran`,`BiayaPerpanjangan`,`UploadDokumenKeanggotaanOnline`,`MaxPinjamKoleksi`,`MaxLoanDays`,`DendaType`,`DendaTenorJumlah`,`DendaTenorSatuan`,`DendaPerTenor`,`DendaTenorMultiply`,`SuspendMember`,`WarningLoanDueDay`,`SuspendType`,`SuspendTenorJumlah`,`SuspendTenorSatuan`,`DaySuspend`,`SuspendTenorMultiply`,`DayPerpanjang`,`CountPerpanjang`,`KIILastUploadDate`) values (2,'Umum',365,NULL,'2015-03-22 06:24:56',NULL,33,'2016-07-14 09:18:47','::1',NULL,NULL,'\0',2,7,'Konstan',0,'Hari',0,0,'\0',1,'Berkelipatan',1,'Hari',1,1,5,2,'2015-10-27 03:05:01'),(12,'Mahasiswa',365,33,'2016-06-06 11:48:54','::1',33,'2016-06-06 11:48:54','::1',NULL,NULL,'',5,14,'Konstan',0,'Hari',NULL,0,'\0',2,'Berkelipatan',1,'Hari',1,1,7,3,NULL),(13,'Pelajar',365,33,'2016-06-06 11:52:50','::1',33,'2016-06-06 11:52:50','::1',NULL,NULL,'\0',3,7,'Konstan',0,'Hari',NULL,0,'\0',1,'Berkelipatan',1,'Hari',1,1,5,2,NULL),(14,'Istimewa',NULL,33,'2016-06-06 11:54:11','::1',33,'2016-06-06 11:54:11','::1',NULL,NULL,'\0',10,14,'Konstan',0,'Hari',NULL,0,'\0',1,'Berkelipatan',1,'Minggu',1,1,7,3,NULL);

/*Table structure for table `jenis_denda` */

CREATE TABLE `jenis_denda` (
  `ID` int(11) NOT NULL AUTO_INCREMENT,
  `Code` varchar(50) NOT NULL,
  `Name` varchar(50) NOT NULL,
  `CreateBy` int(11) DEFAULT NULL,
  `CreateDate` datetime DEFAULT NULL,
  `CreateTerminal` varchar(100) DEFAULT NULL,
  `UpdateBy` int(11) DEFAULT NULL,
  `UpdateDate` datetime DEFAULT NULL,
  `UpdateTerminal` varchar(100) DEFAULT NULL,
  PRIMARY KEY (`ID`),
  KEY `jenis_denda_createby` (`CreateBy`),
  KEY `jenis_denda_updateby` (`UpdateBy`),
  CONSTRAINT `jenis_denda_createby` FOREIGN KEY (`CreateBy`) REFERENCES `users` (`ID`) ON DELETE SET NULL ON UPDATE CASCADE,
  CONSTRAINT `jenis_denda_updateby` FOREIGN KEY (`UpdateBy`) REFERENCES `users` (`ID`) ON DELETE SET NULL ON UPDATE CASCADE
) ENGINE=InnoDB AUTO_INCREMENT=7 DEFAULT CHARSET=utf8;

/*Data for the table `jenis_denda` */

insert  into `jenis_denda`(`ID`,`Code`,`Name`,`CreateBy`,`CreateDate`,`CreateTerminal`,`UpdateBy`,`UpdateDate`,`UpdateTerminal`) values (1,'D01','Ganti Koleksi yang Sama',NULL,'2012-11-01 00:49:40','::1',NULL,'2013-06-14 14:49:48','192.168.16.12'),(2,'D02','Ganti Dengan Koleksi Baru',NULL,'2012-11-01 00:49:56','::1',NULL,'2013-06-14 14:49:35','192.168.16.12'),(3,'D03','Ganti Uang',NULL,'2012-11-01 00:50:23','::1',NULL,'2012-11-01 00:50:23','::1'),(5,'D04','Suspend (Skorsing)',NULL,'2013-06-03 11:14:43','192.168.16.26',NULL,'2013-06-14 14:50:09','192.168.16.12'),(6,'D05','Bayar Denda Keterlambatan',NULL,'2013-06-14 14:51:28','192.168.16.12',NULL,'2013-06-14 14:51:28','192.168.16.12');

/*Table structure for table `jenis_kelamin` */

CREATE TABLE `jenis_kelamin` (
  `ID` int(11) NOT NULL AUTO_INCREMENT,
  `Name` varchar(20) NOT NULL,
  `CreateBy` int(11) DEFAULT NULL,
  `CreateDate` datetime DEFAULT NULL,
  `CreateTerminal` varchar(100) DEFAULT NULL,
  `UpdateBy` int(11) DEFAULT NULL,
  `UpdateDate` datetime DEFAULT NULL,
  `UpdateTerminal` varchar(100) DEFAULT NULL,
  PRIMARY KEY (`ID`),
  KEY `jenis_kelamin_createby` (`CreateBy`),
  KEY `jenis_kelamin_updateby` (`UpdateBy`),
  CONSTRAINT `jenis_kelamin_createby` FOREIGN KEY (`CreateBy`) REFERENCES `users` (`ID`) ON DELETE SET NULL ON UPDATE CASCADE,
  CONSTRAINT `jenis_kelamin_updateby` FOREIGN KEY (`UpdateBy`) REFERENCES `users` (`ID`) ON DELETE SET NULL ON UPDATE CASCADE
) ENGINE=InnoDB AUTO_INCREMENT=3 DEFAULT CHARSET=latin1;

/*Data for the table `jenis_kelamin` */

insert  into `jenis_kelamin`(`ID`,`Name`,`CreateBy`,`CreateDate`,`CreateTerminal`,`UpdateBy`,`UpdateDate`,`UpdateTerminal`) values (1,'Laki-laki',NULL,NULL,NULL,NULL,'2016-05-13 11:04:58','192.168.0.1'),(2,'Perempuan',NULL,NULL,NULL,NULL,'2016-05-13 11:05:05','192.168.0.1');

/*Table structure for table `jenis_pelanggaran` */

CREATE TABLE `jenis_pelanggaran` (
  `ID` int(11) NOT NULL AUTO_INCREMENT,
  `JenisPelanggaran` varchar(50) NOT NULL,
  `Keterangan` varchar(255) DEFAULT NULL,
  `CreateBy` int(11) DEFAULT NULL,
  `CreateDate` datetime DEFAULT NULL,
  `CreateTerminal` varchar(100) DEFAULT NULL,
  `UpdateBy` int(11) DEFAULT NULL,
  `UpdateDate` datetime DEFAULT NULL,
  `UpdateTerminal` varchar(100) DEFAULT NULL,
  PRIMARY KEY (`ID`),
  KEY `jenis_pelanggaran_createby` (`CreateBy`),
  KEY `jenis_pelanggaran_updateby` (`UpdateBy`),
  CONSTRAINT `jenis_pelanggaran_createby` FOREIGN KEY (`CreateBy`) REFERENCES `users` (`ID`) ON DELETE SET NULL ON UPDATE CASCADE,
  CONSTRAINT `jenis_pelanggaran_updateby` FOREIGN KEY (`UpdateBy`) REFERENCES `users` (`ID`) ON DELETE SET NULL ON UPDATE CASCADE
) ENGINE=InnoDB AUTO_INCREMENT=13 DEFAULT CHARSET=utf8;

/*Data for the table `jenis_pelanggaran` */

insert  into `jenis_pelanggaran`(`ID`,`JenisPelanggaran`,`Keterangan`,`CreateBy`,`CreateDate`,`CreateTerminal`,`UpdateBy`,`UpdateDate`,`UpdateTerminal`) values (1,'Telat','Telat Pengembalian',NULL,'2012-11-01 00:39:22','::1',NULL,'2013-06-14 14:47:00','192.168.16.12'),(2,'Rusak','Koleksi Rusak',NULL,'2012-11-01 00:39:33','::1',NULL,'2013-06-14 14:47:47','192.168.16.12'),(3,'Hilang','Koleksi Hilang',NULL,'2012-11-01 00:39:43','::1',NULL,'2013-06-14 14:48:21','192.168.16.12'),(12,'Telat + Rusak','Telat Pengembalian dan Koleksi Rusak',NULL,'2013-06-14 14:46:48','192.168.16.12',NULL,'2013-06-14 14:47:59','192.168.16.12');

/*Table structure for table `jenis_permohonan` */

CREATE TABLE `jenis_permohonan` (
  `ID` int(11) NOT NULL AUTO_INCREMENT,
  `Name` varchar(50) NOT NULL,
  `CreateBy` int(11) DEFAULT NULL,
  `CreateDate` datetime DEFAULT NULL,
  `CreateTerminal` varchar(100) DEFAULT NULL,
  `UpdateBy` int(11) DEFAULT NULL,
  `UpdateDate` datetime DEFAULT NULL,
  `UpdateTerminal` varchar(100) DEFAULT NULL,
  PRIMARY KEY (`ID`),
  KEY `jenis_permohonan_createby` (`CreateBy`),
  KEY `jenis_permohonan_updateby` (`UpdateBy`),
  CONSTRAINT `jenis_permohonan_createby` FOREIGN KEY (`CreateBy`) REFERENCES `users` (`ID`) ON DELETE SET NULL ON UPDATE CASCADE,
  CONSTRAINT `jenis_permohonan_updateby` FOREIGN KEY (`UpdateBy`) REFERENCES `users` (`ID`) ON DELETE SET NULL ON UPDATE CASCADE
) ENGINE=InnoDB AUTO_INCREMENT=3 DEFAULT CHARSET=latin1;

/*Data for the table `jenis_permohonan` */

insert  into `jenis_permohonan`(`ID`,`Name`,`CreateBy`,`CreateDate`,`CreateTerminal`,`UpdateBy`,`UpdateDate`,`UpdateTerminal`) values (1,'Baru',NULL,NULL,NULL,NULL,NULL,NULL),(2,'Perpanjangan',NULL,NULL,NULL,NULL,NULL,NULL);

/*Table structure for table `jenis_perpustakaan` */

CREATE TABLE `jenis_perpustakaan` (
  `ID` int(11) NOT NULL AUTO_INCREMENT,
  `Name` varchar(50) NOT NULL,
  `CreateBy` int(11) DEFAULT NULL,
  `CreateDate` datetime DEFAULT NULL,
  `CreateTerminal` varchar(100) DEFAULT NULL,
  `UpdateBy` int(11) DEFAULT NULL,
  `UpdateDate` datetime DEFAULT NULL,
  `UpdateTerminal` varchar(100) DEFAULT NULL,
  PRIMARY KEY (`ID`),
  KEY `jenis_perpustakaan_createby` (`CreateBy`),
  KEY `jenis_perpustakaan_updateby` (`UpdateBy`),
  CONSTRAINT `jenis_perpustakaan_createby` FOREIGN KEY (`CreateBy`) REFERENCES `users` (`ID`) ON DELETE SET NULL ON UPDATE CASCADE,
  CONSTRAINT `jenis_perpustakaan_updateby` FOREIGN KEY (`UpdateBy`) REFERENCES `users` (`ID`) ON DELETE SET NULL ON UPDATE CASCADE
) ENGINE=InnoDB AUTO_INCREMENT=5 DEFAULT CHARSET=latin1;

/*Data for the table `jenis_perpustakaan` */

insert  into `jenis_perpustakaan`(`ID`,`Name`,`CreateBy`,`CreateDate`,`CreateTerminal`,`UpdateBy`,`UpdateDate`,`UpdateTerminal`) values (1,'Perpustakaan Umum',NULL,NULL,NULL,NULL,NULL,NULL),(2,'Perpustakaan Khusus',NULL,NULL,NULL,NULL,NULL,NULL),(3,'Perpustakaan Perguruan Tinggi',NULL,NULL,NULL,NULL,NULL,NULL),(4,'Perpustakaan Sekolah',NULL,NULL,NULL,NULL,NULL,NULL);

/*Table structure for table `judul_koleksi` */

CREATE TABLE `judul_koleksi` (
  `no` int(11) NOT NULL,
  `judul_pernyataan` varchar(255) NOT NULL,
  `ed_cet` varchar(100) DEFAULT NULL,
  `kota` varchar(100) DEFAULT NULL,
  `penerbit` varchar(255) DEFAULT NULL,
  `tahun` int(11) DEFAULT NULL,
  `no_induk` varchar(100) DEFAULT NULL,
  `no_class` varchar(50) DEFAULT NULL,
  `no_panggil` varchar(50) DEFAULT NULL,
  `pengarang` varchar(255) DEFAULT NULL,
  `kolasi` text,
  `catatan` varchar(255) DEFAULT NULL,
  `bibliografi` varchar(255) DEFAULT NULL,
  `indeks` varchar(255) DEFAULT NULL,
  `isbn` varchar(100) DEFAULT NULL,
  `subjek1` varchar(255) DEFAULT NULL,
  `subjek2` varchar(255) DEFAULT NULL,
  `subjek3` varchar(255) DEFAULT NULL,
  `subjek4` varchar(255) DEFAULT NULL,
  `tet1` varchar(255) DEFAULT NULL,
  `tet2` varchar(255) DEFAULT NULL,
  `tet3` varchar(255) DEFAULT NULL,
  `CreateBy` int(11) DEFAULT NULL,
  `CreateDate` datetime DEFAULT NULL,
  `CreateTerminal` varchar(100) DEFAULT NULL,
  `UpdateBy` int(11) DEFAULT NULL,
  `UpdateDate` datetime DEFAULT NULL,
  `UpdateTerminal` varchar(100) DEFAULT NULL,
  KEY `judul_koleksi_createby` (`CreateBy`),
  KEY `judul_koleksi_updateby` (`UpdateBy`),
  CONSTRAINT `judul_koleksi_createby` FOREIGN KEY (`CreateBy`) REFERENCES `users` (`ID`) ON DELETE SET NULL ON UPDATE CASCADE,
  CONSTRAINT `judul_koleksi_updateby` FOREIGN KEY (`UpdateBy`) REFERENCES `users` (`ID`) ON DELETE SET NULL ON UPDATE CASCADE
) ENGINE=InnoDB DEFAULT CHARSET=utf8;

/*Data for the table `judul_koleksi` */

/*Table structure for table `kabupaten` */

CREATE TABLE `kabupaten` (
  `ID` int(11) unsigned NOT NULL AUTO_INCREMENT,
  `NamaKab` varchar(50) NOT NULL,
  `PropinsiID` int(5) NOT NULL,
  `CreateBy` int(11) DEFAULT NULL,
  `CreateDate` datetime DEFAULT NULL,
  `CreateTerminal` varchar(100) DEFAULT NULL,
  `UpdateBy` int(11) DEFAULT NULL,
  `UpdateDate` datetime DEFAULT NULL,
  `UpdateTerminal` varchar(100) DEFAULT NULL,
  PRIMARY KEY (`ID`),
  KEY `kabupaten_nama` (`NamaKab`),
  KEY `kabupaten_propinsi` (`PropinsiID`),
  KEY `kabupaten_createby` (`CreateBy`),
  KEY `kabupaten_updateby` (`UpdateBy`),
  CONSTRAINT `kabupaten_createby` FOREIGN KEY (`CreateBy`) REFERENCES `users` (`ID`) ON DELETE SET NULL ON UPDATE CASCADE,
  CONSTRAINT `kabupaten_propinsi` FOREIGN KEY (`PropinsiID`) REFERENCES `propinsi` (`ID`) ON DELETE CASCADE ON UPDATE CASCADE,
  CONSTRAINT `kabupaten_updateby` FOREIGN KEY (`UpdateBy`) REFERENCES `users` (`ID`) ON DELETE SET NULL ON UPDATE CASCADE
) ENGINE=InnoDB AUTO_INCREMENT=499 DEFAULT CHARSET=latin1;

/*Data for the table `kabupaten` */

insert  into `kabupaten`(`ID`,`NamaKab`,`PropinsiID`,`CreateBy`,`CreateDate`,`CreateTerminal`,`UpdateBy`,`UpdateDate`,`UpdateTerminal`) values (1,'Kabupaten Aceh Barat',1,NULL,'2013-03-17 19:16:00','SEVENTHSKY-PC',NULL,'2013-03-17 19:16:00','SEVENTHSKY-PC'),(2,'Kabupaten Aceh Barat Daya',1,NULL,'2013-03-17 19:16:00','SEVENTHSKY-PC',NULL,'2013-03-17 19:16:00','SEVENTHSKY-PC'),(3,'Kabupaten Aceh Besar',1,NULL,'2013-03-17 19:16:00','SEVENTHSKY-PC',NULL,'2013-03-17 19:16:00','SEVENTHSKY-PC'),(4,'Kabupaten Aceh Jaya',1,NULL,'2013-03-17 19:16:00','SEVENTHSKY-PC',NULL,'2013-03-17 19:16:00','SEVENTHSKY-PC'),(5,'Kabupaten Aceh Selatan',1,NULL,'2013-03-17 19:16:00','SEVENTHSKY-PC',NULL,'2013-03-17 19:16:00','SEVENTHSKY-PC'),(6,'Kabupaten Aceh Singkil',1,NULL,'2013-03-17 19:16:00','SEVENTHSKY-PC',NULL,'2013-03-17 19:16:00','SEVENTHSKY-PC'),(7,'Kabupaten Aceh Tamiang',1,NULL,'2013-03-17 19:16:00','SEVENTHSKY-PC',NULL,'2013-03-17 19:16:00','SEVENTHSKY-PC'),(8,'Kabupaten Aceh Tengah',1,NULL,'2013-03-17 19:16:00','SEVENTHSKY-PC',NULL,'2013-03-17 19:16:00','SEVENTHSKY-PC'),(9,'Kabupaten Aceh Tenggara',1,NULL,'2013-03-17 19:16:00','SEVENTHSKY-PC',NULL,'2013-03-17 19:16:00','SEVENTHSKY-PC'),(10,'Kabupaten Aceh Timur',1,NULL,'2013-03-17 19:16:00','SEVENTHSKY-PC',NULL,'2013-03-17 19:16:00','SEVENTHSKY-PC'),(11,'Kabupaten Aceh Utara',1,NULL,'2013-03-17 19:16:00','SEVENTHSKY-PC',NULL,'2013-03-17 19:16:00','SEVENTHSKY-PC'),(12,'Kabupaten Bener Meriah',1,NULL,'2013-03-17 19:16:00','SEVENTHSKY-PC',NULL,'2013-03-17 19:16:00','SEVENTHSKY-PC'),(13,'Kabupaten Bireuen',1,NULL,'2013-03-17 19:16:00','SEVENTHSKY-PC',NULL,'2013-03-17 19:16:00','SEVENTHSKY-PC'),(14,'Kabupaten Gayo Lues',1,NULL,'2013-03-17 19:16:00','SEVENTHSKY-PC',NULL,'2013-03-17 19:16:00','SEVENTHSKY-PC'),(15,'Kabupaten Nagan Raya',1,NULL,'2013-03-17 19:16:00','SEVENTHSKY-PC',NULL,'2013-03-17 19:16:00','SEVENTHSKY-PC'),(16,'Kabupaten Pidie',1,NULL,'2013-03-17 19:16:00','SEVENTHSKY-PC',NULL,'2013-03-17 19:16:00','SEVENTHSKY-PC'),(17,'Kabupaten Pidie Jaya',1,NULL,'2013-03-17 19:16:00','SEVENTHSKY-PC',NULL,'2013-03-17 19:16:00','SEVENTHSKY-PC'),(18,'Kabupaten Simeulue',1,NULL,'2013-03-17 19:16:00','SEVENTHSKY-PC',NULL,'2013-03-17 19:16:00','SEVENTHSKY-PC'),(19,'Kota Banda Aceh',1,NULL,'2013-03-17 19:16:00','SEVENTHSKY-PC',NULL,'2013-03-17 19:16:00','SEVENTHSKY-PC'),(20,'Kota Langsa',1,NULL,'2013-03-17 19:16:00','SEVENTHSKY-PC',NULL,'2013-03-17 19:16:00','SEVENTHSKY-PC'),(21,'Kota Lhokseumawe',1,NULL,'2013-03-17 19:16:00','SEVENTHSKY-PC',NULL,'2013-03-17 19:16:00','SEVENTHSKY-PC'),(22,'Kota Sabang',1,NULL,'2013-03-17 19:16:00','SEVENTHSKY-PC',NULL,'2013-03-17 19:16:00','SEVENTHSKY-PC'),(23,'Kota Subulussalam',1,NULL,'2013-03-17 19:16:00','SEVENTHSKY-PC',NULL,'2013-03-17 19:16:00','SEVENTHSKY-PC'),(24,'Kabupaten Asahan',2,NULL,'2013-03-17 19:16:00','SEVENTHSKY-PC',NULL,'2013-03-17 19:16:00','SEVENTHSKY-PC'),(25,'Kabupaten Batu Bara',2,NULL,'2013-03-17 19:16:00','SEVENTHSKY-PC',NULL,'2013-03-17 19:16:00','SEVENTHSKY-PC'),(26,'Kabupaten Dairi',2,NULL,'2013-03-17 19:16:00','SEVENTHSKY-PC',NULL,'2013-03-17 19:16:00','SEVENTHSKY-PC'),(27,'Kabupaten Deli Serdang',2,NULL,'2013-03-17 19:16:00','SEVENTHSKY-PC',NULL,'2013-03-17 19:16:00','SEVENTHSKY-PC'),(28,'Kabupaten Humbang Hasundutan',2,NULL,'2013-03-17 19:16:00','SEVENTHSKY-PC',NULL,'2013-03-17 19:16:00','SEVENTHSKY-PC'),(29,'Kabupaten Karo',2,NULL,'2013-03-17 19:16:00','SEVENTHSKY-PC',NULL,'2013-03-17 19:16:00','SEVENTHSKY-PC'),(30,'Kabupaten Labuhanbatu',2,NULL,'2013-03-17 19:16:00','SEVENTHSKY-PC',NULL,'2013-03-17 19:16:00','SEVENTHSKY-PC'),(31,'Kabupaten Labuhanbatu Selatan',2,NULL,'2013-03-17 19:16:00','SEVENTHSKY-PC',NULL,'2013-03-17 19:16:00','SEVENTHSKY-PC'),(32,'Kabupaten Labuhanbatu Utara',2,NULL,'2013-03-17 19:16:00','SEVENTHSKY-PC',NULL,'2013-03-17 19:16:00','SEVENTHSKY-PC'),(33,'Kabupaten Langkat',2,NULL,'2013-03-17 19:16:00','SEVENTHSKY-PC',NULL,'2013-03-17 19:16:00','SEVENTHSKY-PC'),(34,'Kabupaten Mandailing Natal',2,NULL,'2013-03-17 19:16:00','SEVENTHSKY-PC',NULL,'2013-03-17 19:16:00','SEVENTHSKY-PC'),(35,'Kabupaten Nias',2,NULL,'2013-03-17 19:16:00','SEVENTHSKY-PC',NULL,'2013-03-17 19:16:00','SEVENTHSKY-PC'),(36,'Kabupaten Nias Barat',2,NULL,'2013-03-17 19:16:00','SEVENTHSKY-PC',NULL,'2013-03-17 19:16:00','SEVENTHSKY-PC'),(37,'Kabupaten Nias Selatan',2,NULL,'2013-03-17 19:16:00','SEVENTHSKY-PC',NULL,'2013-03-17 19:16:00','SEVENTHSKY-PC'),(38,'Kabupaten Nias Utara',2,NULL,'2013-03-17 19:16:00','SEVENTHSKY-PC',NULL,'2013-03-17 19:16:00','SEVENTHSKY-PC'),(39,'Kabupaten Padang Lawas',2,NULL,'2013-03-17 19:16:00','SEVENTHSKY-PC',NULL,'2013-03-17 19:16:00','SEVENTHSKY-PC'),(40,'Kabupaten Padang Lawas Utara',2,NULL,'2013-03-17 19:16:00','SEVENTHSKY-PC',NULL,'2013-03-17 19:16:00','SEVENTHSKY-PC'),(41,'Kabupaten Pakpak Bharat',2,NULL,'2013-03-17 19:16:00','SEVENTHSKY-PC',NULL,'2013-03-17 19:16:00','SEVENTHSKY-PC'),(42,'Kabupaten Samosir',2,NULL,'2013-03-17 19:16:00','SEVENTHSKY-PC',NULL,'2013-03-17 19:16:00','SEVENTHSKY-PC'),(43,'Kabupaten Serdang Bedagai',2,NULL,'2013-03-17 19:16:00','SEVENTHSKY-PC',NULL,'2013-03-17 19:16:00','SEVENTHSKY-PC'),(44,'Kabupaten Simalungun',2,NULL,'2013-03-17 19:16:00','SEVENTHSKY-PC',NULL,'2013-03-17 19:16:00','SEVENTHSKY-PC'),(45,'Kabupaten Tapanuli Selatan',2,NULL,'2013-03-17 19:16:00','SEVENTHSKY-PC',NULL,'2013-03-17 19:16:00','SEVENTHSKY-PC'),(46,'Kabupaten Tapanuli Tengah',2,NULL,'2013-03-17 19:16:00','SEVENTHSKY-PC',NULL,'2013-03-17 19:16:00','SEVENTHSKY-PC'),(47,'Kabupaten Tapanuli Utara',2,NULL,'2013-03-17 19:16:00','SEVENTHSKY-PC',NULL,'2013-03-17 19:16:00','SEVENTHSKY-PC'),(48,'Kabupaten Toba Samosir',2,NULL,'2013-03-17 19:16:00','SEVENTHSKY-PC',NULL,'2013-03-17 19:16:00','SEVENTHSKY-PC'),(49,'Kota Binjai',2,NULL,'2013-03-17 19:16:00','SEVENTHSKY-PC',NULL,'2013-03-17 19:16:00','SEVENTHSKY-PC'),(50,'Kota Gunung Sitoli',2,NULL,'2013-03-17 19:16:00','SEVENTHSKY-PC',NULL,'2013-03-17 19:16:00','SEVENTHSKY-PC'),(51,'Kota Medan',2,NULL,'2013-03-17 19:16:00','SEVENTHSKY-PC',NULL,'2013-03-17 19:16:00','SEVENTHSKY-PC'),(52,'Kota Padang Sidempuan',2,NULL,'2013-03-17 19:16:00','SEVENTHSKY-PC',NULL,'2013-03-17 19:16:00','SEVENTHSKY-PC'),(53,'Kota Pematangsiantar',2,NULL,'2013-03-17 19:16:00','SEVENTHSKY-PC',NULL,'2013-03-17 19:16:00','SEVENTHSKY-PC'),(54,'Kota Sibolga',2,NULL,'2013-03-17 19:16:00','SEVENTHSKY-PC',NULL,'2013-03-17 19:16:00','SEVENTHSKY-PC'),(55,'Kota Tanjung Balai',2,NULL,'2013-03-17 19:16:00','SEVENTHSKY-PC',NULL,'2013-03-17 19:16:00','SEVENTHSKY-PC'),(56,'Kota Tebing Tinggi',2,NULL,'2013-03-17 19:16:00','SEVENTHSKY-PC',NULL,'2013-03-17 19:16:00','SEVENTHSKY-PC'),(57,'Kabupaten Bengkulu Selatan',3,NULL,'2013-03-17 19:16:00','SEVENTHSKY-PC',NULL,'2013-03-17 19:16:00','SEVENTHSKY-PC'),(58,'Kabupaten Bengkulu Tengah',3,NULL,'2013-03-17 19:16:00','SEVENTHSKY-PC',NULL,'2013-03-17 19:16:00','SEVENTHSKY-PC'),(59,'Kabupaten Bengkulu Utara',3,NULL,'2013-03-17 19:16:00','SEVENTHSKY-PC',NULL,'2013-03-17 19:16:00','SEVENTHSKY-PC'),(60,'Kabupaten Benteng',3,NULL,'2013-03-17 19:16:00','SEVENTHSKY-PC',NULL,'2013-03-17 19:16:00','SEVENTHSKY-PC'),(61,'Kabupaten Kaur',3,NULL,'2013-03-17 19:16:00','SEVENTHSKY-PC',NULL,'2013-03-17 19:16:00','SEVENTHSKY-PC'),(62,'Kabupaten Kepahiang',3,NULL,'2013-03-17 19:16:00','SEVENTHSKY-PC',NULL,'2013-03-17 19:16:00','SEVENTHSKY-PC'),(63,'Kabupaten Lebong',3,NULL,'2013-03-17 19:16:00','SEVENTHSKY-PC',NULL,'2013-03-17 19:16:00','SEVENTHSKY-PC'),(64,'Kabupaten Mukomuko',3,NULL,'2013-03-17 19:16:00','SEVENTHSKY-PC',NULL,'2013-03-17 19:16:00','SEVENTHSKY-PC'),(65,'Kabupaten Rejang Lebong',3,NULL,'2013-03-17 19:16:00','SEVENTHSKY-PC',NULL,'2013-03-17 19:16:00','SEVENTHSKY-PC'),(66,'Kabupaten Seluma',3,NULL,'2013-03-17 19:16:00','SEVENTHSKY-PC',NULL,'2013-03-17 19:16:00','SEVENTHSKY-PC'),(67,'Kota Bengkulu',3,NULL,'2013-03-17 19:16:00','SEVENTHSKY-PC',NULL,'2013-03-17 19:16:00','SEVENTHSKY-PC'),(68,'Kabupaten Batang Hari',4,NULL,'2013-03-17 19:16:00','SEVENTHSKY-PC',NULL,'2013-03-17 19:16:00','SEVENTHSKY-PC'),(69,'Kabupaten Bungo',4,NULL,'2013-03-17 19:16:00','SEVENTHSKY-PC',NULL,'2013-03-17 19:16:00','SEVENTHSKY-PC'),(70,'Kabupaten Kerinci',4,NULL,'2013-03-17 19:16:00','SEVENTHSKY-PC',NULL,'2013-03-17 19:16:00','SEVENTHSKY-PC'),(71,'Kabupaten Merangin',4,NULL,'2013-03-17 19:16:00','SEVENTHSKY-PC',NULL,'2013-03-17 19:16:00','SEVENTHSKY-PC'),(72,'Kabupaten Muaro Jambi',4,NULL,'2013-03-17 19:16:00','SEVENTHSKY-PC',NULL,'2013-03-17 19:16:00','SEVENTHSKY-PC'),(73,'Kabupaten Sarolangun',4,NULL,'2013-03-17 19:16:00','SEVENTHSKY-PC',NULL,'2013-03-17 19:16:00','SEVENTHSKY-PC'),(74,'Kabupaten Tanjung Jabung Barat',4,NULL,'2013-03-17 19:16:00','SEVENTHSKY-PC',NULL,'2013-03-17 19:16:00','SEVENTHSKY-PC'),(75,'Kabupaten Tanjung Jabung Timur',4,NULL,'2013-03-17 19:16:00','SEVENTHSKY-PC',NULL,'2013-03-17 19:16:00','SEVENTHSKY-PC'),(76,'Kabupaten Tebo',4,NULL,'2013-03-17 19:16:00','SEVENTHSKY-PC',NULL,'2013-03-17 19:16:00','SEVENTHSKY-PC'),(77,'Kota Jambi',4,NULL,'2013-03-17 19:16:00','SEVENTHSKY-PC',NULL,'2013-03-17 19:16:00','SEVENTHSKY-PC'),(78,'Kota Sungai Penuh',4,NULL,'2013-03-17 19:16:00','SEVENTHSKY-PC',NULL,'2013-03-17 19:16:00','SEVENTHSKY-PC'),(79,'Kabupaten Bengkalis',5,NULL,'2013-03-17 19:16:00','SEVENTHSKY-PC',NULL,'2013-03-17 19:16:00','SEVENTHSKY-PC'),(80,'Kabupaten Indragiri Hilir',5,NULL,'2013-03-17 19:16:00','SEVENTHSKY-PC',NULL,'2013-03-17 19:16:00','SEVENTHSKY-PC'),(81,'Kabupaten Indragiri Hulu',5,NULL,'2013-03-17 19:16:00','SEVENTHSKY-PC',NULL,'2013-03-17 19:16:00','SEVENTHSKY-PC'),(82,'Kabupaten Kampar',5,NULL,'2013-03-17 19:16:00','SEVENTHSKY-PC',NULL,'2013-03-17 19:16:00','SEVENTHSKY-PC'),(83,'Kabupaten Kuantan Singingi',5,NULL,'2013-03-17 19:16:00','SEVENTHSKY-PC',NULL,'2013-03-17 19:16:00','SEVENTHSKY-PC'),(84,'Kabupaten Pelalawan',5,NULL,'2013-03-17 19:16:00','SEVENTHSKY-PC',NULL,'2013-03-17 19:16:00','SEVENTHSKY-PC'),(85,'Kabupaten Rokan Hilir',5,NULL,'2013-03-17 19:16:00','SEVENTHSKY-PC',NULL,'2013-03-17 19:16:00','SEVENTHSKY-PC'),(86,'Kabupaten Rokan Hulu',5,NULL,'2013-03-17 19:16:00','SEVENTHSKY-PC',NULL,'2013-03-17 19:16:00','SEVENTHSKY-PC'),(87,'Kabupaten Siak',5,NULL,'2013-03-17 19:16:00','SEVENTHSKY-PC',NULL,'2013-03-17 19:16:00','SEVENTHSKY-PC'),(88,'Kota Pekanbaru',5,NULL,'2013-03-17 19:16:00','SEVENTHSKY-PC',NULL,'2013-03-17 19:16:00','SEVENTHSKY-PC'),(89,'Kota Dumai',5,NULL,'2013-03-17 19:16:00','SEVENTHSKY-PC',NULL,'2013-03-17 19:16:00','SEVENTHSKY-PC'),(90,'Kabupaten Kepulauan Meranti',5,NULL,'2013-03-17 19:16:00','SEVENTHSKY-PC',NULL,'2013-03-17 19:16:00','SEVENTHSKY-PC'),(91,'Kabupaten Agam',6,NULL,'2013-03-17 19:16:00','SEVENTHSKY-PC',NULL,'2013-03-17 19:16:00','SEVENTHSKY-PC'),(92,'Kabupaten Dharmasraya',6,NULL,'2013-03-17 19:16:00','SEVENTHSKY-PC',NULL,'2013-03-17 19:16:00','SEVENTHSKY-PC'),(93,'Kabupaten Kepulauan Mentawai',6,NULL,'2013-03-17 19:16:00','SEVENTHSKY-PC',NULL,'2013-03-17 19:16:00','SEVENTHSKY-PC'),(94,'Kabupaten Lima Puluh Kota',6,NULL,'2013-03-17 19:16:00','SEVENTHSKY-PC',NULL,'2013-03-17 19:16:00','SEVENTHSKY-PC'),(95,'Kabupaten Padang Pariaman',6,NULL,'2013-03-17 19:16:00','SEVENTHSKY-PC',NULL,'2013-03-17 19:16:00','SEVENTHSKY-PC'),(96,'Kabupaten Pasaman',6,NULL,'2013-03-17 19:16:00','SEVENTHSKY-PC',NULL,'2013-03-17 19:16:00','SEVENTHSKY-PC'),(97,'Kabupaten Pasaman Barat',6,NULL,'2013-03-17 19:16:00','SEVENTHSKY-PC',NULL,'2013-03-17 19:16:00','SEVENTHSKY-PC'),(98,'Kabupaten Pesisir Selatan',6,NULL,'2013-03-17 19:16:00','SEVENTHSKY-PC',NULL,'2013-03-17 19:16:00','SEVENTHSKY-PC'),(99,'Kabupaten Sijunjung',6,NULL,'2013-03-17 19:16:00','SEVENTHSKY-PC',NULL,'2013-03-17 19:16:00','SEVENTHSKY-PC'),(100,'Kabupaten Solok',6,NULL,'2013-03-17 19:16:00','SEVENTHSKY-PC',NULL,'2013-03-17 19:16:00','SEVENTHSKY-PC'),(101,'Kabupaten Solok Selatan',6,NULL,'2013-03-17 19:16:00','SEVENTHSKY-PC',NULL,'2013-03-17 19:16:00','SEVENTHSKY-PC'),(102,'Kabupaten Tanah Datar',6,NULL,'2013-03-17 19:16:00','SEVENTHSKY-PC',NULL,'2013-03-17 19:16:00','SEVENTHSKY-PC'),(103,'Kota Bukittinggi',6,NULL,'2013-03-17 19:16:00','SEVENTHSKY-PC',NULL,'2013-03-17 19:16:00','SEVENTHSKY-PC'),(104,'Kota Padang',6,NULL,'2013-03-17 19:16:00','SEVENTHSKY-PC',NULL,'2013-03-17 19:16:00','SEVENTHSKY-PC'),(105,'Kota Padangpanjang',6,NULL,'2013-03-17 19:16:00','SEVENTHSKY-PC',NULL,'2013-03-17 19:16:00','SEVENTHSKY-PC'),(106,'Kota Pariaman',6,NULL,'2013-03-17 19:16:00','SEVENTHSKY-PC',NULL,'2013-03-17 19:16:00','SEVENTHSKY-PC'),(107,'Kota Payakumbuh',6,NULL,'2013-03-17 19:16:00','SEVENTHSKY-PC',NULL,'2013-03-17 19:16:00','SEVENTHSKY-PC'),(108,'Kota Sawahlunto',6,NULL,'2013-03-17 19:16:00','SEVENTHSKY-PC',NULL,'2013-03-17 19:16:00','SEVENTHSKY-PC'),(109,'Kota Solok',6,NULL,'2013-03-17 19:16:00','SEVENTHSKY-PC',NULL,'2013-03-17 19:16:00','SEVENTHSKY-PC'),(110,'Kabupaten Banyuasin',7,NULL,'2013-03-17 19:16:00','SEVENTHSKY-PC',NULL,'2013-03-17 19:16:00','SEVENTHSKY-PC'),(111,'Kabupaten Empat Lawang',7,NULL,'2013-03-17 19:16:00','SEVENTHSKY-PC',NULL,'2013-03-17 19:16:00','SEVENTHSKY-PC'),(112,'Kabupaten Lahat',7,NULL,'2013-03-17 19:16:00','SEVENTHSKY-PC',NULL,'2013-03-17 19:16:00','SEVENTHSKY-PC'),(113,'Kabupaten Muara Enim',7,NULL,'2013-03-17 19:16:00','SEVENTHSKY-PC',NULL,'2013-03-17 19:16:00','SEVENTHSKY-PC'),(114,'Kabupaten Musi Banyuasin',7,NULL,'2013-03-17 19:16:00','SEVENTHSKY-PC',NULL,'2013-03-17 19:16:00','SEVENTHSKY-PC'),(115,'Kabupaten Musi Rawas',7,NULL,'2013-03-17 19:16:00','SEVENTHSKY-PC',NULL,'2013-03-17 19:16:00','SEVENTHSKY-PC'),(116,'Kabupaten Ogan Ilir',7,NULL,'2013-03-17 19:16:00','SEVENTHSKY-PC',NULL,'2013-03-17 19:16:00','SEVENTHSKY-PC'),(117,'Kabupaten Ogan Komering Ilir',7,NULL,'2013-03-17 19:16:00','SEVENTHSKY-PC',NULL,'2013-03-17 19:16:00','SEVENTHSKY-PC'),(118,'Kabupaten Ogan Komering Ulu',7,NULL,'2013-03-17 19:16:00','SEVENTHSKY-PC',NULL,'2013-03-17 19:16:00','SEVENTHSKY-PC'),(119,'Kabupaten Ogan Komering Ulu Selatan',7,NULL,'2013-03-17 19:16:00','SEVENTHSKY-PC',NULL,'2013-03-17 19:16:00','SEVENTHSKY-PC'),(120,'Kabupaten Ogan Komering Ulu Timur',7,NULL,'2013-03-17 19:16:00','SEVENTHSKY-PC',NULL,'2013-03-17 19:16:00','SEVENTHSKY-PC'),(121,'Kota Lubuklinggau',7,NULL,'2013-03-17 19:16:00','SEVENTHSKY-PC',NULL,'2013-03-17 19:16:00','SEVENTHSKY-PC'),(122,'Kota Pagar Alam',7,NULL,'2013-03-17 19:16:00','SEVENTHSKY-PC',NULL,'2013-03-17 19:16:00','SEVENTHSKY-PC'),(123,'Kota Palembang',7,NULL,'2013-03-17 19:16:00','SEVENTHSKY-PC',NULL,'2013-03-17 19:16:00','SEVENTHSKY-PC'),(124,'Kota Prabumulih',7,NULL,'2013-03-17 19:16:00','SEVENTHSKY-PC',NULL,'2013-03-17 19:16:00','SEVENTHSKY-PC'),(125,'Kabupaten Lampung Barat',8,NULL,'2013-03-17 19:16:00','SEVENTHSKY-PC',NULL,'2013-03-17 19:16:00','SEVENTHSKY-PC'),(126,'Kabupaten Lampung Selatan',8,NULL,'2013-03-17 19:16:00','SEVENTHSKY-PC',NULL,'2013-03-17 19:16:00','SEVENTHSKY-PC'),(127,'Kabupaten Lampung Tengah',8,NULL,'2013-03-17 19:16:00','SEVENTHSKY-PC',NULL,'2013-03-17 19:16:00','SEVENTHSKY-PC'),(128,'Kabupaten Lampung Timur',8,NULL,'2013-03-17 19:16:00','SEVENTHSKY-PC',NULL,'2013-03-17 19:16:00','SEVENTHSKY-PC'),(129,'Kabupaten Lampung Utara',8,NULL,'2013-03-17 19:16:00','SEVENTHSKY-PC',NULL,'2013-03-17 19:16:00','SEVENTHSKY-PC'),(130,'Kabupaten Mesuji',8,NULL,'2013-03-17 19:16:00','SEVENTHSKY-PC',NULL,'2013-03-17 19:16:00','SEVENTHSKY-PC'),(131,'Kabupaten Pesawaran',8,NULL,'2013-03-17 19:16:00','SEVENTHSKY-PC',NULL,'2013-03-17 19:16:00','SEVENTHSKY-PC'),(132,'Kabupaten Pringsewu',8,NULL,'2013-03-17 19:16:00','SEVENTHSKY-PC',NULL,'2013-03-17 19:16:00','SEVENTHSKY-PC'),(133,'Kabupaten Tanggamus',8,NULL,'2013-03-17 19:16:00','SEVENTHSKY-PC',NULL,'2013-03-17 19:16:00','SEVENTHSKY-PC'),(134,'Kabupaten Tulang Bawang',8,NULL,'2013-03-17 19:16:00','SEVENTHSKY-PC',NULL,'2013-03-17 19:16:00','SEVENTHSKY-PC'),(135,'Kabupaten Tulang Bawang Barat',8,NULL,'2013-03-17 19:16:00','SEVENTHSKY-PC',NULL,'2013-03-17 19:16:00','SEVENTHSKY-PC'),(136,'Kabupaten Way Kanan',8,NULL,'2013-03-17 19:16:00','SEVENTHSKY-PC',NULL,'2013-03-17 19:16:00','SEVENTHSKY-PC'),(137,'Kota Bandar Lampung',8,NULL,'2013-03-17 19:16:00','SEVENTHSKY-PC',NULL,'2013-03-17 19:16:00','SEVENTHSKY-PC'),(138,'Kota Metro',8,NULL,'2013-03-17 19:16:00','SEVENTHSKY-PC',NULL,'2013-03-17 19:16:00','SEVENTHSKY-PC'),(139,'Kabupaten Bangka',9,NULL,'2013-03-17 19:16:00','SEVENTHSKY-PC',NULL,'2013-03-17 19:16:00','SEVENTHSKY-PC'),(140,'Kabupaten Bangka Barat',9,NULL,'2013-03-17 19:16:00','SEVENTHSKY-PC',NULL,'2013-03-17 19:16:00','SEVENTHSKY-PC'),(141,'Kabupaten Bangka Selatan',9,NULL,'2013-03-17 19:16:00','SEVENTHSKY-PC',NULL,'2013-03-17 19:16:00','SEVENTHSKY-PC'),(142,'Kabupaten Bangka Tengah',9,NULL,'2013-03-17 19:16:00','SEVENTHSKY-PC',NULL,'2013-03-17 19:16:00','SEVENTHSKY-PC'),(143,'Kabupaten Belitung',9,NULL,'2013-03-17 19:16:00','SEVENTHSKY-PC',NULL,'2013-03-17 19:16:00','SEVENTHSKY-PC'),(144,'Kabupaten Belitung Timur',9,NULL,'2013-03-17 19:16:00','SEVENTHSKY-PC',NULL,'2013-03-17 19:16:00','SEVENTHSKY-PC'),(145,'Kota Pangkal Pinang',9,NULL,'2013-03-17 19:16:00','SEVENTHSKY-PC',NULL,'2013-03-17 19:16:00','SEVENTHSKY-PC'),(146,'Kabupaten Bintan',10,NULL,'2013-03-17 19:16:00','SEVENTHSKY-PC',NULL,'2013-03-17 19:16:00','SEVENTHSKY-PC'),(147,'Kabupaten Karimun',10,NULL,'2013-03-17 19:16:00','SEVENTHSKY-PC',NULL,'2013-03-17 19:16:00','SEVENTHSKY-PC'),(148,'Kabupaten Kepulauan Anambas',10,NULL,'2013-03-17 19:16:00','SEVENTHSKY-PC',NULL,'2013-03-17 19:16:00','SEVENTHSKY-PC'),(149,'Kabupaten Lingga',10,NULL,'2013-03-17 19:16:00','SEVENTHSKY-PC',NULL,'2013-03-17 19:16:00','SEVENTHSKY-PC'),(150,'Kabupaten Natuna',10,NULL,'2013-03-17 19:16:00','SEVENTHSKY-PC',NULL,'2013-03-17 19:16:00','SEVENTHSKY-PC'),(151,'Kota Batam',10,NULL,'2013-03-17 19:16:00','SEVENTHSKY-PC',NULL,'2013-03-17 19:16:00','SEVENTHSKY-PC'),(152,'Kota Tanjung Pinang',10,NULL,'2013-03-17 19:16:00','SEVENTHSKY-PC',NULL,'2013-03-17 19:16:00','SEVENTHSKY-PC'),(153,'Kabupaten Lebak',11,NULL,'2013-03-17 19:16:00','SEVENTHSKY-PC',NULL,'2013-03-17 19:16:00','SEVENTHSKY-PC'),(154,'Kabupaten Pandeglang',11,NULL,'2013-03-17 19:16:00','SEVENTHSKY-PC',NULL,'2013-03-17 19:16:00','SEVENTHSKY-PC'),(155,'Kabupaten Serang',11,NULL,'2013-03-17 19:16:00','SEVENTHSKY-PC',NULL,'2013-03-17 19:16:00','SEVENTHSKY-PC'),(156,'Kabupaten Tangerang',11,NULL,'2013-03-17 19:16:00','SEVENTHSKY-PC',NULL,'2013-03-17 19:16:00','SEVENTHSKY-PC'),(157,'Kota Cilegon',11,NULL,'2013-03-17 19:16:00','SEVENTHSKY-PC',NULL,'2013-03-17 19:16:00','SEVENTHSKY-PC'),(158,'Kota Serang',11,NULL,'2013-03-17 19:16:00','SEVENTHSKY-PC',NULL,'2013-03-17 19:16:00','SEVENTHSKY-PC'),(159,'Kota Tangerang',11,NULL,'2013-03-17 19:16:00','SEVENTHSKY-PC',NULL,'2013-03-17 19:16:00','SEVENTHSKY-PC'),(160,'Kota Tangerang Selatan',11,NULL,'2013-03-17 19:16:00','SEVENTHSKY-PC',NULL,'2013-03-17 19:16:00','SEVENTHSKY-PC'),(161,'Kabupaten Bandung',12,NULL,'2013-03-17 19:16:00','SEVENTHSKY-PC',NULL,'2013-03-17 19:16:00','SEVENTHSKY-PC'),(162,'Kabupaten Bandung Barat',12,NULL,'2013-03-17 19:16:00','SEVENTHSKY-PC',NULL,'2013-03-17 19:16:00','SEVENTHSKY-PC'),(163,'Kabupaten Bekasi',12,NULL,'2013-03-17 19:16:00','SEVENTHSKY-PC',NULL,'2013-03-17 19:16:00','SEVENTHSKY-PC'),(164,'Kabupaten Bogor',12,NULL,'2013-03-17 19:16:00','SEVENTHSKY-PC',NULL,'2013-03-17 19:16:00','SEVENTHSKY-PC'),(165,'Kabupaten Ciamis',12,NULL,'2013-03-17 19:16:00','SEVENTHSKY-PC',NULL,'2013-03-17 19:16:00','SEVENTHSKY-PC'),(166,'Kabupaten Cianjur',12,NULL,'2013-03-17 19:16:00','SEVENTHSKY-PC',NULL,'2013-03-17 19:16:00','SEVENTHSKY-PC'),(167,'Kabupaten Cirebon',12,NULL,'2013-03-17 19:16:00','SEVENTHSKY-PC',NULL,'2013-03-17 19:16:00','SEVENTHSKY-PC'),(168,'Kabupaten Garut',12,NULL,'2013-03-17 19:16:00','SEVENTHSKY-PC',NULL,'2013-03-17 19:16:00','SEVENTHSKY-PC'),(169,'Kabupaten Indramayu',12,NULL,'2013-03-17 19:16:00','SEVENTHSKY-PC',NULL,'2013-03-17 19:16:00','SEVENTHSKY-PC'),(170,'Kabupaten Karawang',12,NULL,'2013-03-17 19:16:00','SEVENTHSKY-PC',NULL,'2013-03-17 19:16:00','SEVENTHSKY-PC'),(171,'Kabupaten Kuningan',12,NULL,'2013-03-17 19:16:00','SEVENTHSKY-PC',NULL,'2013-03-17 19:16:00','SEVENTHSKY-PC'),(172,'Kabupaten Majalengka',12,NULL,'2013-03-17 19:16:00','SEVENTHSKY-PC',NULL,'2013-03-17 19:16:00','SEVENTHSKY-PC'),(173,'Kabupaten Purwakarta',12,NULL,'2013-03-17 19:16:00','SEVENTHSKY-PC',NULL,'2013-03-17 19:16:00','SEVENTHSKY-PC'),(174,'Kabupaten Subang',12,NULL,'2013-03-17 19:16:00','SEVENTHSKY-PC',NULL,'2013-03-17 19:16:00','SEVENTHSKY-PC'),(175,'Kabupaten Sukabumi',12,NULL,'2013-03-17 19:16:00','SEVENTHSKY-PC',NULL,'2013-03-17 19:16:00','SEVENTHSKY-PC'),(176,'Kabupaten Sumedang',12,NULL,'2013-03-17 19:16:00','SEVENTHSKY-PC',NULL,'2013-03-17 19:16:00','SEVENTHSKY-PC'),(177,'Kabupaten Tasikmalaya',12,NULL,'2013-03-17 19:16:00','SEVENTHSKY-PC',NULL,'2013-03-17 19:16:00','SEVENTHSKY-PC'),(178,'Kota Bandung',12,NULL,'2013-03-17 19:16:00','SEVENTHSKY-PC',NULL,'2013-03-17 19:16:00','SEVENTHSKY-PC'),(179,'Kota Banjar',12,NULL,'2013-03-17 19:16:00','SEVENTHSKY-PC',NULL,'2013-03-17 19:16:00','SEVENTHSKY-PC'),(180,'Kota Bekasi',12,NULL,'2013-03-17 19:16:00','SEVENTHSKY-PC',NULL,'2013-03-17 19:16:00','SEVENTHSKY-PC'),(181,'Kota Bogor',12,NULL,'2013-03-17 19:16:00','SEVENTHSKY-PC',NULL,'2013-03-17 19:16:00','SEVENTHSKY-PC'),(182,'Kota Cimahi',12,NULL,'2013-03-17 19:16:00','SEVENTHSKY-PC',NULL,'2013-03-17 19:16:00','SEVENTHSKY-PC'),(183,'Kota Cirebon',12,NULL,'2013-03-17 19:16:00','SEVENTHSKY-PC',NULL,'2013-03-17 19:16:00','SEVENTHSKY-PC'),(184,'Kota Depok',12,NULL,'2013-03-17 19:16:00','SEVENTHSKY-PC',NULL,'2013-03-17 19:16:00','SEVENTHSKY-PC'),(185,'Kota Sukabumi',12,NULL,'2013-03-17 19:16:00','SEVENTHSKY-PC',NULL,'2013-03-17 19:16:00','SEVENTHSKY-PC'),(186,'Kota Tasikmalaya',12,NULL,'2013-03-17 19:16:00','SEVENTHSKY-PC',NULL,'2013-03-17 19:16:00','SEVENTHSKY-PC'),(187,'Kabupaten Administrasi Kepulauan Seribu',13,NULL,'2013-03-17 19:16:00','SEVENTHSKY-PC',NULL,'2013-03-17 19:16:00','SEVENTHSKY-PC'),(188,'Kota Jakarta Barat',13,NULL,'2013-03-17 19:16:00','SEVENTHSKY-PC',NULL,'2013-03-17 19:16:00','SEVENTHSKY-PC'),(189,'Kota Jakarta Pusat',13,NULL,'2013-03-17 19:16:00','SEVENTHSKY-PC',NULL,'2013-03-17 19:16:00','SEVENTHSKY-PC'),(190,'Kota Jakarta Selatan',13,NULL,'2013-03-17 19:16:00','SEVENTHSKY-PC',NULL,'2013-03-17 19:16:00','SEVENTHSKY-PC'),(191,'Kota Jakarta Timur',13,NULL,'2013-03-17 19:16:00','SEVENTHSKY-PC',NULL,'2013-03-17 19:16:00','SEVENTHSKY-PC'),(192,'Kota Jakarta Utara',13,NULL,'2013-03-17 19:16:00','SEVENTHSKY-PC',NULL,'2013-03-17 19:16:00','SEVENTHSKY-PC'),(193,'Kabupaten Banjarnegara',14,NULL,'2013-03-17 19:16:00','SEVENTHSKY-PC',NULL,'2013-03-17 19:16:00','SEVENTHSKY-PC'),(194,'Kabupaten Banyumas',14,NULL,'2013-03-17 19:16:00','SEVENTHSKY-PC',NULL,'2013-03-17 19:16:00','SEVENTHSKY-PC'),(195,'Kabupaten Batang',14,NULL,'2013-03-17 19:16:00','SEVENTHSKY-PC',NULL,'2013-03-17 19:16:00','SEVENTHSKY-PC'),(196,'Kabupaten Blora',14,NULL,'2013-03-17 19:16:00','SEVENTHSKY-PC',NULL,'2013-03-17 19:16:00','SEVENTHSKY-PC'),(197,'Kabupaten Boyolali',14,NULL,'2013-03-17 19:16:00','SEVENTHSKY-PC',NULL,'2013-03-17 19:16:00','SEVENTHSKY-PC'),(198,'Kabupaten Brebes',14,NULL,'2013-03-17 19:16:00','SEVENTHSKY-PC',NULL,'2013-03-17 19:16:00','SEVENTHSKY-PC'),(199,'Kabupaten Cilacap',14,NULL,'2013-03-17 19:16:00','SEVENTHSKY-PC',NULL,'2013-03-17 19:16:00','SEVENTHSKY-PC'),(200,'Kabupaten Demak',14,NULL,'2013-03-17 19:16:00','SEVENTHSKY-PC',NULL,'2013-03-17 19:16:00','SEVENTHSKY-PC'),(201,'Kabupaten Grobogan',14,NULL,'2013-03-17 19:16:00','SEVENTHSKY-PC',NULL,'2013-03-17 19:16:00','SEVENTHSKY-PC'),(202,'Kabupaten Jepara',14,NULL,'2013-03-17 19:16:00','SEVENTHSKY-PC',NULL,'2013-03-17 19:16:00','SEVENTHSKY-PC'),(203,'Kabupaten Karanganyar',14,NULL,'2013-03-17 19:16:00','SEVENTHSKY-PC',NULL,'2013-03-17 19:16:00','SEVENTHSKY-PC'),(204,'Kabupaten Kebumen',14,NULL,'2013-03-17 19:16:00','SEVENTHSKY-PC',NULL,'2013-03-17 19:16:00','SEVENTHSKY-PC'),(205,'Kabupaten Kendal',14,NULL,'2013-03-17 19:16:00','SEVENTHSKY-PC',NULL,'2013-03-17 19:16:00','SEVENTHSKY-PC'),(206,'Kabupaten Klaten',14,NULL,'2013-03-17 19:16:00','SEVENTHSKY-PC',NULL,'2013-03-17 19:16:00','SEVENTHSKY-PC'),(207,'Kabupaten Kudus',14,NULL,'2013-03-17 19:16:00','SEVENTHSKY-PC',NULL,'2013-03-17 19:16:00','SEVENTHSKY-PC'),(208,'Kabupaten Magelang',14,NULL,'2013-03-17 19:16:00','SEVENTHSKY-PC',NULL,'2013-03-17 19:16:00','SEVENTHSKY-PC'),(209,'Kabupaten Pati',14,NULL,'2013-03-17 19:16:00','SEVENTHSKY-PC',NULL,'2013-03-17 19:16:00','SEVENTHSKY-PC'),(210,'Kabupaten Pekalongan',14,NULL,'2013-03-17 19:16:00','SEVENTHSKY-PC',NULL,'2013-03-17 19:16:00','SEVENTHSKY-PC'),(211,'Kabupaten Pemalang',14,NULL,'2013-03-17 19:16:00','SEVENTHSKY-PC',NULL,'2013-03-17 19:16:00','SEVENTHSKY-PC'),(212,'Kabupaten Purbalingga',14,NULL,'2013-03-17 19:16:00','SEVENTHSKY-PC',NULL,'2013-03-17 19:16:00','SEVENTHSKY-PC'),(213,'Kabupaten Purworejo',14,NULL,'2013-03-17 19:16:00','SEVENTHSKY-PC',NULL,'2013-03-17 19:16:00','SEVENTHSKY-PC'),(214,'Kabupaten Rembang',14,NULL,'2013-03-17 19:16:00','SEVENTHSKY-PC',NULL,'2013-03-17 19:16:00','SEVENTHSKY-PC'),(215,'Kabupaten Semarang',14,NULL,'2013-03-17 19:16:00','SEVENTHSKY-PC',NULL,'2013-03-17 19:16:00','SEVENTHSKY-PC'),(216,'Kabupaten Sragen',14,NULL,'2013-03-17 19:16:00','SEVENTHSKY-PC',NULL,'2013-03-17 19:16:00','SEVENTHSKY-PC'),(217,'Kabupaten Sukoharjo',14,NULL,'2013-03-17 19:16:00','SEVENTHSKY-PC',NULL,'2013-03-17 19:16:00','SEVENTHSKY-PC'),(218,'Kabupaten Tegal',14,NULL,'2013-03-17 19:16:00','SEVENTHSKY-PC',NULL,'2013-03-17 19:16:00','SEVENTHSKY-PC'),(219,'Kabupaten Temanggung',14,NULL,'2013-03-17 19:16:00','SEVENTHSKY-PC',NULL,'2013-03-17 19:16:00','SEVENTHSKY-PC'),(220,'Kabupaten Wonogiri',14,NULL,'2013-03-17 19:16:00','SEVENTHSKY-PC',NULL,'2013-03-17 19:16:00','SEVENTHSKY-PC'),(221,'Kabupaten Wonosobo',14,NULL,'2013-03-17 19:16:00','SEVENTHSKY-PC',NULL,'2013-03-17 19:16:00','SEVENTHSKY-PC'),(222,'Kota Magelang',14,NULL,'2013-03-17 19:16:00','SEVENTHSKY-PC',NULL,'2013-03-17 19:16:00','SEVENTHSKY-PC'),(223,'Kota Pekalongan',14,NULL,'2013-03-17 19:16:00','SEVENTHSKY-PC',NULL,'2013-03-17 19:16:00','SEVENTHSKY-PC'),(224,'Kota Salatiga',14,NULL,'2013-03-17 19:16:00','SEVENTHSKY-PC',NULL,'2013-03-17 19:16:00','SEVENTHSKY-PC'),(225,'Kota Semarang',14,NULL,'2013-03-17 19:16:00','SEVENTHSKY-PC',NULL,'2013-03-17 19:16:00','SEVENTHSKY-PC'),(226,'Kota Surakarta',14,NULL,'2013-03-17 19:16:00','SEVENTHSKY-PC',NULL,'2013-03-17 19:16:00','SEVENTHSKY-PC'),(227,'Kota Tegal',14,NULL,'2013-03-17 19:16:00','SEVENTHSKY-PC',NULL,'2013-03-17 19:16:00','SEVENTHSKY-PC'),(228,'Kabupaten Bangkalan',15,NULL,'2013-03-17 19:16:00','SEVENTHSKY-PC',NULL,'2013-03-17 19:16:00','SEVENTHSKY-PC'),(229,'Kabupaten Banyuwangi',15,NULL,'2013-03-17 19:16:00','SEVENTHSKY-PC',NULL,'2013-03-17 19:16:00','SEVENTHSKY-PC'),(230,'Kabupaten Blitar',15,NULL,'2013-03-17 19:16:00','SEVENTHSKY-PC',NULL,'2013-03-17 19:16:00','SEVENTHSKY-PC'),(231,'Kabupaten Bojonegoro',15,NULL,'2013-03-17 19:16:00','SEVENTHSKY-PC',NULL,'2013-03-17 19:16:00','SEVENTHSKY-PC'),(232,'Kabupaten Bondowoso',15,NULL,'2013-03-17 19:16:00','SEVENTHSKY-PC',NULL,'2013-03-17 19:16:00','SEVENTHSKY-PC'),(233,'Kabupaten Gresik',15,NULL,'2013-03-17 19:16:00','SEVENTHSKY-PC',NULL,'2013-03-17 19:16:00','SEVENTHSKY-PC'),(234,'Kabupaten Jember',15,NULL,'2013-03-17 19:16:00','SEVENTHSKY-PC',NULL,'2013-03-17 19:16:00','SEVENTHSKY-PC'),(235,'Kabupaten Jombang',15,NULL,'2013-03-17 19:16:00','SEVENTHSKY-PC',NULL,'2013-03-17 19:16:00','SEVENTHSKY-PC'),(236,'Kabupaten Kediri',15,NULL,'2013-03-17 19:16:00','SEVENTHSKY-PC',NULL,'2013-03-17 19:16:00','SEVENTHSKY-PC'),(237,'Kabupaten Lamongan',15,NULL,'2013-03-17 19:16:00','SEVENTHSKY-PC',NULL,'2013-03-17 19:16:00','SEVENTHSKY-PC'),(238,'Kabupaten Lumajang',15,NULL,'2013-03-17 19:16:00','SEVENTHSKY-PC',NULL,'2013-03-17 19:16:00','SEVENTHSKY-PC'),(239,'Kabupaten Madiun',15,NULL,'2013-03-17 19:16:00','SEVENTHSKY-PC',NULL,'2013-03-17 19:16:00','SEVENTHSKY-PC'),(240,'Kabupaten Magetan',15,NULL,'2013-03-17 19:16:00','SEVENTHSKY-PC',NULL,'2013-03-17 19:16:00','SEVENTHSKY-PC'),(241,'Kabupaten Malang',15,NULL,'2013-03-17 19:16:00','SEVENTHSKY-PC',NULL,'2013-03-17 19:16:00','SEVENTHSKY-PC'),(242,'Kabupaten Mojokerto',15,NULL,'2013-03-17 19:16:00','SEVENTHSKY-PC',NULL,'2013-03-17 19:16:00','SEVENTHSKY-PC'),(243,'Kabupaten Nganjuk',15,NULL,'2013-03-17 19:16:00','SEVENTHSKY-PC',NULL,'2013-03-17 19:16:00','SEVENTHSKY-PC'),(244,'Kabupaten Ngawi',15,NULL,'2013-03-17 19:16:00','SEVENTHSKY-PC',NULL,'2013-03-17 19:16:00','SEVENTHSKY-PC'),(245,'Kabupaten Pacitan',15,NULL,'2013-03-17 19:16:00','SEVENTHSKY-PC',NULL,'2013-03-17 19:16:00','SEVENTHSKY-PC'),(246,'Kabupaten Pamekasan',15,NULL,'2013-03-17 19:16:00','SEVENTHSKY-PC',NULL,'2013-03-17 19:16:00','SEVENTHSKY-PC'),(247,'Kabupaten Pasuruan',15,NULL,'2013-03-17 19:16:00','SEVENTHSKY-PC',NULL,'2013-03-17 19:16:00','SEVENTHSKY-PC'),(248,'Kabupaten Ponorogo',15,NULL,'2013-03-17 19:16:00','SEVENTHSKY-PC',NULL,'2013-03-17 19:16:00','SEVENTHSKY-PC'),(249,'Kabupaten Probolinggo',15,NULL,'2013-03-17 19:16:00','SEVENTHSKY-PC',NULL,'2013-03-17 19:16:00','SEVENTHSKY-PC'),(250,'Kabupaten Sampang',15,NULL,'2013-03-17 19:16:00','SEVENTHSKY-PC',NULL,'2013-03-17 19:16:00','SEVENTHSKY-PC'),(251,'Kabupaten Sidoarjo',15,NULL,'2013-03-17 19:16:00','SEVENTHSKY-PC',NULL,'2013-03-17 19:16:00','SEVENTHSKY-PC'),(252,'Kabupaten Situbondo',15,NULL,'2013-03-17 19:16:00','SEVENTHSKY-PC',NULL,'2013-03-17 19:16:00','SEVENTHSKY-PC'),(253,'Kabupaten Sumenep',15,NULL,'2013-03-17 19:16:00','SEVENTHSKY-PC',NULL,'2013-03-17 19:16:00','SEVENTHSKY-PC'),(254,'Kabupaten Trenggalek',15,NULL,'2013-03-17 19:16:00','SEVENTHSKY-PC',NULL,'2013-03-17 19:16:00','SEVENTHSKY-PC'),(255,'Kabupaten Tuban',15,NULL,'2013-03-17 19:16:00','SEVENTHSKY-PC',NULL,'2013-03-17 19:16:00','SEVENTHSKY-PC'),(256,'Kabupaten Tulungagung',15,NULL,'2013-03-17 19:16:00','SEVENTHSKY-PC',NULL,'2013-03-17 19:16:00','SEVENTHSKY-PC'),(257,'Kota Batu',15,NULL,'2013-03-17 19:16:00','SEVENTHSKY-PC',NULL,'2013-03-17 19:16:00','SEVENTHSKY-PC'),(258,'Kota Blitar',15,NULL,'2013-03-17 19:16:00','SEVENTHSKY-PC',NULL,'2013-03-17 19:16:00','SEVENTHSKY-PC'),(259,'Kota Kediri',15,NULL,'2013-03-17 19:16:00','SEVENTHSKY-PC',NULL,'2013-03-17 19:16:00','SEVENTHSKY-PC'),(260,'Kota Madiun',15,NULL,'2013-03-17 19:16:00','SEVENTHSKY-PC',NULL,'2013-03-17 19:16:00','SEVENTHSKY-PC'),(261,'Kota Malang',15,NULL,'2013-03-17 19:16:00','SEVENTHSKY-PC',NULL,'2013-03-17 19:16:00','SEVENTHSKY-PC'),(262,'Kota Mojokerto',15,NULL,'2013-03-17 19:16:00','SEVENTHSKY-PC',NULL,'2013-03-17 19:16:00','SEVENTHSKY-PC'),(263,'Kota Pasuruan',15,NULL,'2013-03-17 19:16:00','SEVENTHSKY-PC',NULL,'2013-03-17 19:16:00','SEVENTHSKY-PC'),(264,'Kota Probolinggo',15,NULL,'2013-03-17 19:16:00','SEVENTHSKY-PC',NULL,'2013-03-17 19:16:00','SEVENTHSKY-PC'),(265,'Kota Surabaya',15,NULL,'2013-03-17 19:16:00','SEVENTHSKY-PC',NULL,'2013-03-17 19:16:00','SEVENTHSKY-PC'),(266,'Kabupaten Bantul',16,NULL,'2013-03-17 19:16:00','SEVENTHSKY-PC',NULL,'2013-03-17 19:16:00','SEVENTHSKY-PC'),(267,'Kabupaten Gunung Kidul',16,NULL,'2013-03-17 19:16:00','SEVENTHSKY-PC',NULL,'2013-03-17 19:16:00','SEVENTHSKY-PC'),(268,'Kabupaten Kulon Progo',16,NULL,'2013-03-17 19:16:00','SEVENTHSKY-PC',NULL,'2013-03-17 19:16:00','SEVENTHSKY-PC'),(269,'Kabupaten Sleman',16,NULL,'2013-03-17 19:16:00','SEVENTHSKY-PC',NULL,'2013-03-17 19:16:00','SEVENTHSKY-PC'),(270,'Kota Yogyakarta',16,NULL,'2013-03-17 19:16:00','SEVENTHSKY-PC',NULL,'2013-03-17 19:16:00','SEVENTHSKY-PC'),(271,'Kabupaten Badung',17,NULL,'2013-03-17 19:16:00','SEVENTHSKY-PC',NULL,'2013-03-17 19:16:00','SEVENTHSKY-PC'),(272,'Kabupaten Bangli',17,NULL,'2013-03-17 19:16:00','SEVENTHSKY-PC',NULL,'2013-03-17 19:16:00','SEVENTHSKY-PC'),(273,'Kabupaten Buleleng',17,NULL,'2013-03-17 19:16:00','SEVENTHSKY-PC',NULL,'2013-03-17 19:16:00','SEVENTHSKY-PC'),(274,'Kabupaten Gianyar',17,NULL,'2013-03-17 19:16:00','SEVENTHSKY-PC',NULL,'2013-03-17 19:16:00','SEVENTHSKY-PC'),(275,'Kabupaten Jembrana',17,NULL,'2013-03-17 19:16:00','SEVENTHSKY-PC',NULL,'2013-03-17 19:16:00','SEVENTHSKY-PC'),(276,'Kabupaten Karangasem',17,NULL,'2013-03-17 19:16:00','SEVENTHSKY-PC',NULL,'2013-03-17 19:16:00','SEVENTHSKY-PC'),(277,'Kabupaten Klungkung',17,NULL,'2013-03-17 19:16:00','SEVENTHSKY-PC',NULL,'2013-03-17 19:16:00','SEVENTHSKY-PC'),(278,'Kabupaten Tabanan',17,NULL,'2013-03-17 19:16:00','SEVENTHSKY-PC',NULL,'2013-03-17 19:16:00','SEVENTHSKY-PC'),(279,'Kota Denpasar',17,NULL,'2013-03-17 19:16:00','SEVENTHSKY-PC',NULL,'2013-03-17 19:16:00','SEVENTHSKY-PC'),(280,'Kabupaten Bima',18,NULL,'2013-03-17 19:16:00','SEVENTHSKY-PC',NULL,'2013-03-17 19:16:00','SEVENTHSKY-PC'),(281,'Kabupaten Dompu',18,NULL,'2013-03-17 19:16:00','SEVENTHSKY-PC',NULL,'2013-03-17 19:16:00','SEVENTHSKY-PC'),(282,'Kabupaten Lombok Barat',18,NULL,'2013-03-17 19:16:00','SEVENTHSKY-PC',NULL,'2013-03-17 19:16:00','SEVENTHSKY-PC'),(283,'Kabupaten Lombok Tengah',18,NULL,'2013-03-17 19:16:00','SEVENTHSKY-PC',NULL,'2013-03-17 19:16:00','SEVENTHSKY-PC'),(284,'Kabupaten Lombok Timur',18,NULL,'2013-03-17 19:16:00','SEVENTHSKY-PC',NULL,'2013-03-17 19:16:00','SEVENTHSKY-PC'),(285,'Kabupaten Lombok Utara',18,NULL,'2013-03-17 19:16:00','SEVENTHSKY-PC',NULL,'2013-03-17 19:16:00','SEVENTHSKY-PC'),(286,'Kabupaten Sumbawa',18,NULL,'2013-03-17 19:16:00','SEVENTHSKY-PC',NULL,'2013-03-17 19:16:00','SEVENTHSKY-PC'),(287,'Kabupaten Sumbawa Barat',18,NULL,'2013-03-17 19:16:00','SEVENTHSKY-PC',NULL,'2013-03-17 19:16:00','SEVENTHSKY-PC'),(288,'Kota Bima',18,NULL,'2013-03-17 19:16:00','SEVENTHSKY-PC',NULL,'2013-03-17 19:16:00','SEVENTHSKY-PC'),(289,'Kota Mataram',18,NULL,'2013-03-17 19:16:00','SEVENTHSKY-PC',NULL,'2013-03-17 19:16:00','SEVENTHSKY-PC'),(290,'Kabupaten Kupang',19,NULL,'2013-03-17 19:16:00','SEVENTHSKY-PC',NULL,'2013-03-17 19:16:00','SEVENTHSKY-PC'),(291,'Kabupaten Timor Tengah Selatan',19,NULL,'2013-03-17 19:16:00','SEVENTHSKY-PC',NULL,'2013-03-17 19:16:00','SEVENTHSKY-PC'),(292,'Kabupaten Timor Tengah Utara',19,NULL,'2013-03-17 19:16:00','SEVENTHSKY-PC',NULL,'2013-03-17 19:16:00','SEVENTHSKY-PC'),(293,'Kabupaten Belu',19,NULL,'2013-03-17 19:16:00','SEVENTHSKY-PC',NULL,'2013-03-17 19:16:00','SEVENTHSKY-PC'),(294,'Kabupaten Alor',19,NULL,'2013-03-17 19:16:00','SEVENTHSKY-PC',NULL,'2013-03-17 19:16:00','SEVENTHSKY-PC'),(295,'Kabupaten Flores Timur',19,NULL,'2013-03-17 19:16:00','SEVENTHSKY-PC',NULL,'2013-03-17 19:16:00','SEVENTHSKY-PC'),(296,'Kabupaten Sikka',19,NULL,'2013-03-17 19:16:00','SEVENTHSKY-PC',NULL,'2013-03-17 19:16:00','SEVENTHSKY-PC'),(297,'Kabupaten Ende',19,NULL,'2013-03-17 19:16:00','SEVENTHSKY-PC',NULL,'2013-03-17 19:16:00','SEVENTHSKY-PC'),(298,'Kabupaten Ngada',19,NULL,'2013-03-17 19:16:00','SEVENTHSKY-PC',NULL,'2013-03-17 19:16:00','SEVENTHSKY-PC'),(299,'Kabupaten Manggarai',19,NULL,'2013-03-17 19:16:00','SEVENTHSKY-PC',NULL,'2013-03-17 19:16:00','SEVENTHSKY-PC'),(300,'Kabupaten Sumba Timur',19,NULL,'2013-03-17 19:16:00','SEVENTHSKY-PC',NULL,'2013-03-17 19:16:00','SEVENTHSKY-PC'),(301,'Kabupaten Sumba Barat',19,NULL,'2013-03-17 19:16:00','SEVENTHSKY-PC',NULL,'2013-03-17 19:16:00','SEVENTHSKY-PC'),(302,'Kabupaten Lembata',19,NULL,'2013-03-17 19:16:00','SEVENTHSKY-PC',NULL,'2013-03-17 19:16:00','SEVENTHSKY-PC'),(303,'Kabupaten Rote Ndao',19,NULL,'2013-03-17 19:16:00','SEVENTHSKY-PC',NULL,'2013-03-17 19:16:00','SEVENTHSKY-PC'),(304,'Kabupaten Manggarai Barat',19,NULL,'2013-03-17 19:16:00','SEVENTHSKY-PC',NULL,'2013-03-17 19:16:00','SEVENTHSKY-PC'),(305,'Kabupaten Nagekeo',19,NULL,'2013-03-17 19:16:00','SEVENTHSKY-PC',NULL,'2013-03-17 19:16:00','SEVENTHSKY-PC'),(306,'Kabupaten Sumba Tengah',19,NULL,'2013-03-17 19:16:00','SEVENTHSKY-PC',NULL,'2013-03-17 19:16:00','SEVENTHSKY-PC'),(307,'Kabupaten Sumba Barat Daya',19,NULL,'2013-03-17 19:16:00','SEVENTHSKY-PC',NULL,'2013-03-17 19:16:00','SEVENTHSKY-PC'),(308,'Kabupaten Manggarai Timur',19,NULL,'2013-03-17 19:16:00','SEVENTHSKY-PC',NULL,'2013-03-17 19:16:00','SEVENTHSKY-PC'),(309,'Kabupaten Sabu Raijua',19,NULL,'2013-03-17 19:16:00','SEVENTHSKY-PC',NULL,'2013-03-17 19:16:00','SEVENTHSKY-PC'),(310,'Kota Kupang',19,NULL,'2013-03-17 19:16:00','SEVENTHSKY-PC',NULL,'2013-03-17 19:16:00','SEVENTHSKY-PC'),(311,'Kabupaten Bengkayang',20,NULL,'2013-03-17 19:16:00','SEVENTHSKY-PC',NULL,'2013-03-17 19:16:00','SEVENTHSKY-PC'),(312,'Kabupaten Kapuas Hulu',20,NULL,'2013-03-17 19:16:00','SEVENTHSKY-PC',NULL,'2013-03-17 19:16:00','SEVENTHSKY-PC'),(313,'Kabupaten Kayong Utara',20,NULL,'2013-03-17 19:16:00','SEVENTHSKY-PC',NULL,'2013-03-17 19:16:00','SEVENTHSKY-PC'),(314,'Kabupaten Ketapang',20,NULL,'2013-03-17 19:16:00','SEVENTHSKY-PC',NULL,'2013-03-17 19:16:00','SEVENTHSKY-PC'),(315,'Kabupaten Kubu Raya',20,NULL,'2013-03-17 19:16:00','SEVENTHSKY-PC',NULL,'2013-03-17 19:16:00','SEVENTHSKY-PC'),(316,'Kabupaten Landak',20,NULL,'2013-03-17 19:16:00','SEVENTHSKY-PC',NULL,'2013-03-17 19:16:00','SEVENTHSKY-PC'),(317,'Kabupaten Melawi',20,NULL,'2013-03-17 19:16:00','SEVENTHSKY-PC',NULL,'2013-03-17 19:16:00','SEVENTHSKY-PC'),(318,'Kabupaten Pontianak',20,NULL,'2013-03-17 19:16:00','SEVENTHSKY-PC',NULL,'2013-03-17 19:16:00','SEVENTHSKY-PC'),(319,'Kabupaten Sambas',20,NULL,'2013-03-17 19:16:00','SEVENTHSKY-PC',NULL,'2013-03-17 19:16:00','SEVENTHSKY-PC'),(320,'Kabupaten Sanggau',20,NULL,'2013-03-17 19:16:00','SEVENTHSKY-PC',NULL,'2013-03-17 19:16:00','SEVENTHSKY-PC'),(321,'Kabupaten Sekadau',20,NULL,'2013-03-17 19:16:00','SEVENTHSKY-PC',NULL,'2013-03-17 19:16:00','SEVENTHSKY-PC'),(322,'Kabupaten Sintang',20,NULL,'2013-03-17 19:16:00','SEVENTHSKY-PC',NULL,'2013-03-17 19:16:00','SEVENTHSKY-PC'),(323,'Kota Pontianak',20,NULL,'2013-03-17 19:16:00','SEVENTHSKY-PC',NULL,'2013-03-17 19:16:00','SEVENTHSKY-PC'),(324,'Kota Singkawang',20,NULL,'2013-03-17 19:16:00','SEVENTHSKY-PC',NULL,'2013-03-17 19:16:00','SEVENTHSKY-PC'),(325,'Kabupaten Balangan',21,NULL,'2013-03-17 19:16:00','SEVENTHSKY-PC',NULL,'2013-03-17 19:16:00','SEVENTHSKY-PC'),(326,'Kabupaten Banjar',21,NULL,'2013-03-17 19:16:00','SEVENTHSKY-PC',NULL,'2013-03-17 19:16:00','SEVENTHSKY-PC'),(327,'Kabupaten Barito Kuala',21,NULL,'2013-03-17 19:16:00','SEVENTHSKY-PC',NULL,'2013-03-17 19:16:00','SEVENTHSKY-PC'),(328,'Kabupaten Hulu Sungai Selatan',21,NULL,'2013-03-17 19:16:00','SEVENTHSKY-PC',NULL,'2013-03-17 19:16:00','SEVENTHSKY-PC'),(329,'Kabupaten Hulu Sungai Tengah',21,NULL,'2013-03-17 19:16:00','SEVENTHSKY-PC',NULL,'2013-03-17 19:16:00','SEVENTHSKY-PC'),(330,'Kabupaten Hulu Sungai Utara',21,NULL,'2013-03-17 19:16:00','SEVENTHSKY-PC',NULL,'2013-03-17 19:16:00','SEVENTHSKY-PC'),(331,'Kabupaten Kotabaru',21,NULL,'2013-03-17 19:16:00','SEVENTHSKY-PC',NULL,'2013-03-17 19:16:00','SEVENTHSKY-PC'),(332,'Kabupaten Tabalong',21,NULL,'2013-03-17 19:16:00','SEVENTHSKY-PC',NULL,'2013-03-17 19:16:00','SEVENTHSKY-PC'),(333,'Kabupaten Tanah Bumbu',21,NULL,'2013-03-17 19:16:00','SEVENTHSKY-PC',NULL,'2013-03-17 19:16:00','SEVENTHSKY-PC'),(334,'Kabupaten Tanah Laut',21,NULL,'2013-03-17 19:16:00','SEVENTHSKY-PC',NULL,'2013-03-17 19:16:00','SEVENTHSKY-PC'),(335,'Kabupaten Tapin',21,NULL,'2013-03-17 19:16:00','SEVENTHSKY-PC',NULL,'2013-03-17 19:16:00','SEVENTHSKY-PC'),(336,'Kota Banjarbaru',21,NULL,'2013-03-17 19:16:00','SEVENTHSKY-PC',NULL,'2013-03-17 19:16:00','SEVENTHSKY-PC'),(337,'Kota Banjarmasin',21,NULL,'2013-03-17 19:16:00','SEVENTHSKY-PC',NULL,'2013-03-17 19:16:00','SEVENTHSKY-PC'),(338,'Kabupaten Barito Selatan',22,NULL,'2013-03-17 19:16:00','SEVENTHSKY-PC',NULL,'2013-03-17 19:16:00','SEVENTHSKY-PC'),(339,'Kabupaten Barito Timur',22,NULL,'2013-03-17 19:16:00','SEVENTHSKY-PC',NULL,'2013-03-17 19:16:00','SEVENTHSKY-PC'),(340,'Kabupaten Barito Utara',22,NULL,'2013-03-17 19:16:00','SEVENTHSKY-PC',NULL,'2013-03-17 19:16:00','SEVENTHSKY-PC'),(341,'Kabupaten Gunung Mas',22,NULL,'2013-03-17 19:16:00','SEVENTHSKY-PC',NULL,'2013-03-17 19:16:00','SEVENTHSKY-PC'),(342,'Kabupaten Kapuas',22,NULL,'2013-03-17 19:16:00','SEVENTHSKY-PC',NULL,'2013-03-17 19:16:00','SEVENTHSKY-PC'),(343,'Kabupaten Katingan',22,NULL,'2013-03-17 19:16:00','SEVENTHSKY-PC',NULL,'2013-03-17 19:16:00','SEVENTHSKY-PC'),(344,'Kabupaten Kotawaringin Barat',22,NULL,'2013-03-17 19:16:00','SEVENTHSKY-PC',NULL,'2013-03-17 19:16:00','SEVENTHSKY-PC'),(345,'Kabupaten Kotawaringin Timur',22,NULL,'2013-03-17 19:16:00','SEVENTHSKY-PC',NULL,'2013-03-17 19:16:00','SEVENTHSKY-PC'),(346,'Kabupaten Lamandau',22,NULL,'2013-03-17 19:16:00','SEVENTHSKY-PC',NULL,'2013-03-17 19:16:00','SEVENTHSKY-PC'),(347,'Kabupaten Murung Raya',22,NULL,'2013-03-17 19:16:00','SEVENTHSKY-PC',NULL,'2013-03-17 19:16:00','SEVENTHSKY-PC'),(348,'Kabupaten Pulang Pisau',22,NULL,'2013-03-17 19:16:00','SEVENTHSKY-PC',NULL,'2013-03-17 19:16:00','SEVENTHSKY-PC'),(349,'Kabupaten Sukamara',22,NULL,'2013-03-17 19:16:00','SEVENTHSKY-PC',NULL,'2013-03-17 19:16:00','SEVENTHSKY-PC'),(350,'Kabupaten Seruyan',22,NULL,'2013-03-17 19:16:00','SEVENTHSKY-PC',NULL,'2013-03-17 19:16:00','SEVENTHSKY-PC'),(351,'Kota Palangka Raya',22,NULL,'2013-03-17 19:16:00','SEVENTHSKY-PC',NULL,'2013-03-17 19:16:00','SEVENTHSKY-PC'),(352,'Kabupaten Berau',23,NULL,'2013-03-17 19:16:00','SEVENTHSKY-PC',NULL,'2013-03-17 19:16:00','SEVENTHSKY-PC'),(353,'Kabupaten Bulungan',23,NULL,'2013-03-17 19:16:00','SEVENTHSKY-PC',NULL,'2013-03-17 19:16:00','SEVENTHSKY-PC'),(354,'Kabupaten Kutai Barat',23,NULL,'2013-03-17 19:16:00','SEVENTHSKY-PC',NULL,'2013-03-17 19:16:00','SEVENTHSKY-PC'),(355,'Kabupaten Kutai Kartanegara',23,NULL,'2013-03-17 19:16:00','SEVENTHSKY-PC',NULL,'2013-03-17 19:16:00','SEVENTHSKY-PC'),(356,'Kabupaten Kutai Timur',23,NULL,'2013-03-17 19:16:00','SEVENTHSKY-PC',NULL,'2013-03-17 19:16:00','SEVENTHSKY-PC'),(357,'Kabupaten Malinau',23,NULL,'2013-03-17 19:16:00','SEVENTHSKY-PC',NULL,'2013-03-17 19:16:00','SEVENTHSKY-PC'),(358,'Kabupaten Nunukan',23,NULL,'2013-03-17 19:16:00','SEVENTHSKY-PC',NULL,'2013-03-17 19:16:00','SEVENTHSKY-PC'),(359,'Kabupaten Paser',23,NULL,'2013-03-17 19:16:00','SEVENTHSKY-PC',NULL,'2013-03-17 19:16:00','SEVENTHSKY-PC'),(360,'Kabupaten Penajam Paser Utara',23,NULL,'2013-03-17 19:16:00','SEVENTHSKY-PC',NULL,'2013-03-17 19:16:00','SEVENTHSKY-PC'),(361,'Kabupaten Tana Tidung',23,NULL,'2013-03-17 19:16:00','SEVENTHSKY-PC',NULL,'2013-03-17 19:16:00','SEVENTHSKY-PC'),(362,'Kota Balikpapan',23,NULL,'2013-03-17 19:16:00','SEVENTHSKY-PC',NULL,'2013-03-17 19:16:00','SEVENTHSKY-PC'),(363,'Kota Bontang',23,NULL,'2013-03-17 19:16:00','SEVENTHSKY-PC',NULL,'2013-03-17 19:16:00','SEVENTHSKY-PC'),(364,'Kota Samarinda',23,NULL,'2013-03-17 19:16:00','SEVENTHSKY-PC',NULL,'2013-03-17 19:16:00','SEVENTHSKY-PC'),(365,'Kota Tarakan',23,NULL,'2013-03-17 19:16:00','SEVENTHSKY-PC',NULL,'2013-03-17 19:16:00','SEVENTHSKY-PC'),(366,'Kabupaten Boalemo',24,NULL,'2013-03-17 19:16:00','SEVENTHSKY-PC',NULL,'2013-03-17 19:16:00','SEVENTHSKY-PC'),(367,'Kabupaten Bone Bolango',24,NULL,'2013-03-17 19:16:00','SEVENTHSKY-PC',NULL,'2013-03-17 19:16:00','SEVENTHSKY-PC'),(368,'Kabupaten Gorontalo',24,NULL,'2013-03-17 19:16:00','SEVENTHSKY-PC',NULL,'2013-03-17 19:16:00','SEVENTHSKY-PC'),(369,'Kabupaten Gorontalo Utara',24,NULL,'2013-03-17 19:16:00','SEVENTHSKY-PC',NULL,'2013-03-17 19:16:00','SEVENTHSKY-PC'),(370,'Kabupaten Pohuwato',24,NULL,'2013-03-17 19:16:00','SEVENTHSKY-PC',NULL,'2013-03-17 19:16:00','SEVENTHSKY-PC'),(371,'Kota Gorontalo',24,NULL,'2013-03-17 19:16:00','SEVENTHSKY-PC',NULL,'2013-03-17 19:16:00','SEVENTHSKY-PC'),(372,'Kabupaten Bantaeng',25,NULL,'2013-03-17 19:16:00','SEVENTHSKY-PC',NULL,'2013-03-17 19:16:00','SEVENTHSKY-PC'),(373,'Kabupaten Barru',25,NULL,'2013-03-17 19:16:00','SEVENTHSKY-PC',NULL,'2013-03-17 19:16:00','SEVENTHSKY-PC'),(374,'Kabupaten Bone',25,NULL,'2013-03-17 19:16:00','SEVENTHSKY-PC',NULL,'2013-03-17 19:16:00','SEVENTHSKY-PC'),(375,'Kabupaten Bulukumba',25,NULL,'2013-03-17 19:16:00','SEVENTHSKY-PC',NULL,'2013-03-17 19:16:00','SEVENTHSKY-PC'),(376,'Kabupaten Enrekang',25,NULL,'2013-03-17 19:16:00','SEVENTHSKY-PC',NULL,'2013-03-17 19:16:00','SEVENTHSKY-PC'),(377,'Kabupaten Gowa',25,NULL,'2013-03-17 19:16:00','SEVENTHSKY-PC',NULL,'2013-03-17 19:16:00','SEVENTHSKY-PC'),(378,'Kabupaten Jeneponto',25,NULL,'2013-03-17 19:16:00','SEVENTHSKY-PC',NULL,'2013-03-17 19:16:00','SEVENTHSKY-PC'),(379,'Kabupaten Kepulauan Selayar',25,NULL,'2013-03-17 19:16:00','SEVENTHSKY-PC',NULL,'2013-03-17 19:16:00','SEVENTHSKY-PC'),(380,'Kabupaten Luwu',25,NULL,'2013-03-17 19:16:00','SEVENTHSKY-PC',NULL,'2013-03-17 19:16:00','SEVENTHSKY-PC'),(381,'Kabupaten Luwu Timur',25,NULL,'2013-03-17 19:16:00','SEVENTHSKY-PC',NULL,'2013-03-17 19:16:00','SEVENTHSKY-PC'),(382,'Kabupaten Luwu Utara',25,NULL,'2013-03-17 19:16:00','SEVENTHSKY-PC',NULL,'2013-03-17 19:16:00','SEVENTHSKY-PC'),(383,'Kabupaten Maros',25,NULL,'2013-03-17 19:16:00','SEVENTHSKY-PC',NULL,'2013-03-17 19:16:00','SEVENTHSKY-PC'),(384,'Kabupaten Pangkajene dan Kepulauan',25,NULL,'2013-03-17 19:16:00','SEVENTHSKY-PC',NULL,'2013-03-17 19:16:00','SEVENTHSKY-PC'),(385,'Kabupaten Pinrang',25,NULL,'2013-03-17 19:16:00','SEVENTHSKY-PC',NULL,'2013-03-17 19:16:00','SEVENTHSKY-PC'),(386,'Kabupaten Sidenreng Rappang',25,NULL,'2013-03-17 19:16:00','SEVENTHSKY-PC',NULL,'2013-03-17 19:16:00','SEVENTHSKY-PC'),(387,'Kabupaten Sinjai',25,NULL,'2013-03-17 19:16:00','SEVENTHSKY-PC',NULL,'2013-03-17 19:16:00','SEVENTHSKY-PC'),(388,'Kabupaten Soppeng',25,NULL,'2013-03-17 19:16:00','SEVENTHSKY-PC',NULL,'2013-03-17 19:16:00','SEVENTHSKY-PC'),(389,'Kabupaten Takalar',25,NULL,'2013-03-17 19:16:00','SEVENTHSKY-PC',NULL,'2013-03-17 19:16:00','SEVENTHSKY-PC'),(390,'Kabupaten Tana Toraja',25,NULL,'2013-03-17 19:16:00','SEVENTHSKY-PC',NULL,'2013-03-17 19:16:00','SEVENTHSKY-PC'),(391,'Kabupaten Toraja Utara',25,NULL,'2013-03-17 19:16:00','SEVENTHSKY-PC',NULL,'2013-03-17 19:16:00','SEVENTHSKY-PC'),(392,'Kabupaten Wajo',25,NULL,'2013-03-17 19:16:00','SEVENTHSKY-PC',NULL,'2013-03-17 19:16:00','SEVENTHSKY-PC'),(393,'Kota Makassar',25,NULL,'2013-03-17 19:16:00','SEVENTHSKY-PC',NULL,'2013-03-17 19:16:00','SEVENTHSKY-PC'),(394,'Kota Palopo',25,NULL,'2013-03-17 19:16:00','SEVENTHSKY-PC',NULL,'2013-03-17 19:16:00','SEVENTHSKY-PC'),(395,'Kota Parepare',25,NULL,'2013-03-17 19:16:00','SEVENTHSKY-PC',NULL,'2013-03-17 19:16:00','SEVENTHSKY-PC'),(396,'Kabupaten Bombana',26,NULL,'2013-03-17 19:16:00','SEVENTHSKY-PC',NULL,'2013-03-17 19:16:00','SEVENTHSKY-PC'),(397,'Kabupaten Buton',26,NULL,'2013-03-17 19:16:00','SEVENTHSKY-PC',NULL,'2013-03-17 19:16:00','SEVENTHSKY-PC'),(398,'Kabupaten Buton Utara',26,NULL,'2013-03-17 19:16:00','SEVENTHSKY-PC',NULL,'2013-03-17 19:16:00','SEVENTHSKY-PC'),(399,'Kabupaten Kolaka',26,NULL,'2013-03-17 19:16:00','SEVENTHSKY-PC',NULL,'2013-03-17 19:16:00','SEVENTHSKY-PC'),(400,'Kabupaten Kolaka Utara',26,NULL,'2013-03-17 19:16:00','SEVENTHSKY-PC',NULL,'2013-03-17 19:16:00','SEVENTHSKY-PC'),(401,'Kabupaten Konawe',26,NULL,'2013-03-17 19:16:00','SEVENTHSKY-PC',NULL,'2013-03-17 19:16:00','SEVENTHSKY-PC'),(402,'Kabupaten Konawe Selatan',26,NULL,'2013-03-17 19:16:00','SEVENTHSKY-PC',NULL,'2013-03-17 19:16:00','SEVENTHSKY-PC'),(403,'Kabupaten Konawe Utara',26,NULL,'2013-03-17 19:16:00','SEVENTHSKY-PC',NULL,'2013-03-17 19:16:00','SEVENTHSKY-PC'),(404,'Kabupaten Muna',26,NULL,'2013-03-17 19:16:00','SEVENTHSKY-PC',NULL,'2013-03-17 19:16:00','SEVENTHSKY-PC'),(405,'Kabupaten Wakatobi',26,NULL,'2013-03-17 19:16:00','SEVENTHSKY-PC',NULL,'2013-03-17 19:16:00','SEVENTHSKY-PC'),(406,'Kota Bau-Bau',26,NULL,'2013-03-17 19:16:00','SEVENTHSKY-PC',NULL,'2013-03-17 19:16:00','SEVENTHSKY-PC'),(407,'Kota Kendari',26,NULL,'2013-03-17 19:16:00','SEVENTHSKY-PC',NULL,'2013-03-17 19:16:00','SEVENTHSKY-PC'),(408,'Kabupaten Banggai',27,NULL,'2013-03-17 19:16:00','SEVENTHSKY-PC',NULL,'2013-03-17 19:16:00','SEVENTHSKY-PC'),(409,'Kabupaten Banggai Kepulauan',27,NULL,'2013-03-17 19:16:00','SEVENTHSKY-PC',NULL,'2013-03-17 19:16:00','SEVENTHSKY-PC'),(410,'Kabupaten Buol',27,NULL,'2013-03-17 19:16:00','SEVENTHSKY-PC',NULL,'2013-03-17 19:16:00','SEVENTHSKY-PC'),(411,'Kabupaten Donggala',27,NULL,'2013-03-17 19:16:00','SEVENTHSKY-PC',NULL,'2013-03-17 19:16:00','SEVENTHSKY-PC'),(412,'Kabupaten Morowali',27,NULL,'2013-03-17 19:16:00','SEVENTHSKY-PC',NULL,'2013-03-17 19:16:00','SEVENTHSKY-PC'),(413,'Kabupaten Parigi Moutong',27,NULL,'2013-03-17 19:16:00','SEVENTHSKY-PC',NULL,'2013-03-17 19:16:00','SEVENTHSKY-PC'),(414,'Kabupaten Poso',27,NULL,'2013-03-17 19:16:00','SEVENTHSKY-PC',NULL,'2013-03-17 19:16:00','SEVENTHSKY-PC'),(415,'Kabupaten Tojo Una-Una',27,NULL,'2013-03-17 19:16:00','SEVENTHSKY-PC',NULL,'2013-03-17 19:16:00','SEVENTHSKY-PC'),(416,'Kabupaten Toli-Toli',27,NULL,'2013-03-17 19:16:00','SEVENTHSKY-PC',NULL,'2013-03-17 19:16:00','SEVENTHSKY-PC'),(417,'Kabupaten Sigi',27,NULL,'2013-03-17 19:16:00','SEVENTHSKY-PC',NULL,'2013-03-17 19:16:00','SEVENTHSKY-PC'),(418,'Kota Palu',27,NULL,'2013-03-17 19:16:00','SEVENTHSKY-PC',NULL,'2013-03-17 19:16:00','SEVENTHSKY-PC'),(419,'Kabupaten Bolaang Mongondow',28,NULL,'2013-03-17 19:16:00','SEVENTHSKY-PC',NULL,'2013-03-17 19:16:00','SEVENTHSKY-PC'),(420,'Kabupaten Bolaang Mongondow Selatan',28,NULL,'2013-03-17 19:16:00','SEVENTHSKY-PC',NULL,'2013-03-17 19:16:00','SEVENTHSKY-PC'),(421,'Kabupaten Bolaang Mongondow Timur',28,NULL,'2013-03-17 19:16:00','SEVENTHSKY-PC',NULL,'2013-03-17 19:16:00','SEVENTHSKY-PC'),(422,'Kabupaten Bolaang Mongondow Utara',28,NULL,'2013-03-17 19:16:00','SEVENTHSKY-PC',NULL,'2013-03-17 19:16:00','SEVENTHSKY-PC'),(423,'Kabupaten Kepulauan Sangihe',28,NULL,'2013-03-17 19:16:00','SEVENTHSKY-PC',NULL,'2013-03-17 19:16:00','SEVENTHSKY-PC'),(424,'Kabupaten Kepulauan Siau Tagulandang Biaro',28,NULL,'2013-03-17 19:16:00','SEVENTHSKY-PC',NULL,'2013-03-17 19:16:00','SEVENTHSKY-PC'),(425,'Kabupaten Kepulauan Talaud',28,NULL,'2013-03-17 19:16:00','SEVENTHSKY-PC',NULL,'2013-03-17 19:16:00','SEVENTHSKY-PC'),(426,'Kabupaten Minahasa',28,NULL,'2013-03-17 19:16:00','SEVENTHSKY-PC',NULL,'2013-03-17 19:16:00','SEVENTHSKY-PC'),(427,'Kabupaten Minahasa Selatan',28,NULL,'2013-03-17 19:16:00','SEVENTHSKY-PC',NULL,'2013-03-17 19:16:00','SEVENTHSKY-PC'),(428,'Kabupaten Minahasa Tenggara',28,NULL,'2013-03-17 19:16:00','SEVENTHSKY-PC',NULL,'2013-03-17 19:16:00','SEVENTHSKY-PC'),(429,'Kabupaten Minahasa Utara',28,NULL,'2013-03-17 19:16:00','SEVENTHSKY-PC',NULL,'2013-03-17 19:16:00','SEVENTHSKY-PC'),(430,'Kota Bitung',28,NULL,'2013-03-17 19:16:00','SEVENTHSKY-PC',NULL,'2013-03-17 19:16:00','SEVENTHSKY-PC'),(431,'Kota Kotamobagu',28,NULL,'2013-03-17 19:16:00','SEVENTHSKY-PC',NULL,'2013-03-17 19:16:00','SEVENTHSKY-PC'),(432,'Kota Manado',28,NULL,'2013-03-17 19:16:00','SEVENTHSKY-PC',NULL,'2013-03-17 19:16:00','SEVENTHSKY-PC'),(433,'Kota Tomohon',28,NULL,'2013-03-17 19:16:00','SEVENTHSKY-PC',NULL,'2013-03-17 19:16:00','SEVENTHSKY-PC'),(434,'Kabupaten Majene',29,NULL,'2013-03-17 19:16:00','SEVENTHSKY-PC',NULL,'2013-03-17 19:16:00','SEVENTHSKY-PC'),(435,'Kabupaten Mamasa',29,NULL,'2013-03-17 19:16:00','SEVENTHSKY-PC',NULL,'2013-03-17 19:16:00','SEVENTHSKY-PC'),(436,'Kabupaten Mamuju',29,NULL,'2013-03-17 19:16:00','SEVENTHSKY-PC',NULL,'2013-03-17 19:16:00','SEVENTHSKY-PC'),(437,'Kabupaten Mamuju Utara',29,NULL,'2013-03-17 19:16:00','SEVENTHSKY-PC',NULL,'2013-03-17 19:16:00','SEVENTHSKY-PC'),(438,'Kabupaten Polewali Mandar',29,NULL,'2013-03-17 19:16:00','SEVENTHSKY-PC',NULL,'2013-03-17 19:16:00','SEVENTHSKY-PC'),(439,'Kabupaten Buru',30,NULL,'2013-03-17 19:16:00','SEVENTHSKY-PC',NULL,'2013-03-17 19:16:00','SEVENTHSKY-PC'),(440,'Kabupaten Buru Selatan',30,NULL,'2013-03-17 19:16:00','SEVENTHSKY-PC',NULL,'2013-03-17 19:16:00','SEVENTHSKY-PC'),(441,'Kabupaten Kepulauan Aru',30,NULL,'2013-03-17 19:16:00','SEVENTHSKY-PC',NULL,'2013-03-17 19:16:00','SEVENTHSKY-PC'),(442,'Kabupaten Maluku Barat Daya',30,NULL,'2013-03-17 19:16:00','SEVENTHSKY-PC',NULL,'2013-03-17 19:16:00','SEVENTHSKY-PC'),(443,'Kabupaten Maluku Tengah',30,NULL,'2013-03-17 19:16:00','SEVENTHSKY-PC',NULL,'2013-03-17 19:16:00','SEVENTHSKY-PC'),(444,'Kabupaten Maluku Tenggara',30,NULL,'2013-03-17 19:16:00','SEVENTHSKY-PC',NULL,'2013-03-17 19:16:00','SEVENTHSKY-PC'),(445,'Kabupaten Maluku Tenggara Barat',30,NULL,'2013-03-17 19:16:00','SEVENTHSKY-PC',NULL,'2013-03-17 19:16:00','SEVENTHSKY-PC'),(446,'Kabupaten Seram Bagian Barat',30,NULL,'2013-03-17 19:16:00','SEVENTHSKY-PC',NULL,'2013-03-17 19:16:00','SEVENTHSKY-PC'),(447,'Kabupaten Seram Bagian Timur',30,NULL,'2013-03-17 19:16:00','SEVENTHSKY-PC',NULL,'2013-03-17 19:16:00','SEVENTHSKY-PC'),(448,'Kota Ambon',30,NULL,'2013-03-17 19:16:00','SEVENTHSKY-PC',NULL,'2013-03-17 19:16:00','SEVENTHSKY-PC'),(449,'Kota Tual',30,NULL,'2013-03-17 19:16:00','SEVENTHSKY-PC',NULL,'2013-03-17 19:16:00','SEVENTHSKY-PC'),(450,'Kabupaten Halmahera Barat',31,NULL,'2013-03-17 19:16:00','SEVENTHSKY-PC',NULL,'2013-03-17 19:16:00','SEVENTHSKY-PC'),(451,'Kabupaten Halmahera Tengah',31,NULL,'2013-03-17 19:16:00','SEVENTHSKY-PC',NULL,'2013-03-17 19:16:00','SEVENTHSKY-PC'),(452,'Kabupaten Halmahera Utara',31,NULL,'2013-03-17 19:16:00','SEVENTHSKY-PC',NULL,'2013-03-17 19:16:00','SEVENTHSKY-PC'),(453,'Kabupaten Halmahera Selatan',31,NULL,'2013-03-17 19:16:00','SEVENTHSKY-PC',NULL,'2013-03-17 19:16:00','SEVENTHSKY-PC'),(454,'Kabupaten Kepulauan Sula',31,NULL,'2013-03-17 19:16:00','SEVENTHSKY-PC',NULL,'2013-03-17 19:16:00','SEVENTHSKY-PC'),(455,'Kabupaten Halmahera Timur',31,NULL,'2013-03-17 19:16:00','SEVENTHSKY-PC',NULL,'2013-03-17 19:16:00','SEVENTHSKY-PC'),(456,'Kabupaten Pulau Morotai',31,NULL,'2013-03-17 19:16:00','SEVENTHSKY-PC',NULL,'2013-03-17 19:16:00','SEVENTHSKY-PC'),(457,'Kota Ternate',31,NULL,'2013-03-17 19:16:00','SEVENTHSKY-PC',NULL,'2013-03-17 19:16:00','SEVENTHSKY-PC'),(458,'Kota Tidore Kepulauan',31,NULL,'2013-03-17 19:16:00','SEVENTHSKY-PC',NULL,'2013-03-17 19:16:00','SEVENTHSKY-PC'),(459,'Kabupaten Asmat',32,NULL,'2013-03-17 19:16:00','SEVENTHSKY-PC',NULL,'2013-03-17 19:16:00','SEVENTHSKY-PC'),(460,'Kabupaten Biak Numfor',32,NULL,'2013-03-17 19:16:00','SEVENTHSKY-PC',NULL,'2013-03-17 19:16:00','SEVENTHSKY-PC'),(461,'Kabupaten Boven Digoel',32,NULL,'2013-03-17 19:16:00','SEVENTHSKY-PC',NULL,'2013-03-17 19:16:00','SEVENTHSKY-PC'),(462,'Kabupaten Deiyai',32,NULL,'2013-03-17 19:16:00','SEVENTHSKY-PC',NULL,'2013-03-17 19:16:00','SEVENTHSKY-PC'),(463,'Kabupaten Dogiyai',32,NULL,'2013-03-17 19:16:00','SEVENTHSKY-PC',NULL,'2013-03-17 19:16:00','SEVENTHSKY-PC'),(464,'Kabupaten Intan Jaya',32,NULL,'2013-03-17 19:16:00','SEVENTHSKY-PC',NULL,'2013-03-17 19:16:00','SEVENTHSKY-PC'),(465,'Kabupaten Jayapura',32,NULL,'2013-03-17 19:16:00','SEVENTHSKY-PC',NULL,'2013-03-17 19:16:00','SEVENTHSKY-PC'),(466,'Kabupaten Jayawijaya',32,NULL,'2013-03-17 19:16:00','SEVENTHSKY-PC',NULL,'2013-03-17 19:16:00','SEVENTHSKY-PC'),(467,'Kabupaten Keerom',32,NULL,'2013-03-17 19:16:00','SEVENTHSKY-PC',NULL,'2013-03-17 19:16:00','SEVENTHSKY-PC'),(468,'Kabupaten Kepulauan Yapen',32,NULL,'2013-03-17 19:16:00','SEVENTHSKY-PC',NULL,'2013-03-17 19:16:00','SEVENTHSKY-PC'),(469,'Kabupaten Lanny Jaya',32,NULL,'2013-03-17 19:16:00','SEVENTHSKY-PC',NULL,'2013-03-17 19:16:00','SEVENTHSKY-PC'),(470,'Kabupaten Mamberamo Raya',32,NULL,'2013-03-17 19:16:00','SEVENTHSKY-PC',NULL,'2013-03-17 19:16:00','SEVENTHSKY-PC'),(471,'Kabupaten Mamberamo Tengah',32,NULL,'2013-03-17 19:16:00','SEVENTHSKY-PC',NULL,'2013-03-17 19:16:00','SEVENTHSKY-PC'),(472,'Kabupaten Mappi',32,NULL,'2013-03-17 19:16:00','SEVENTHSKY-PC',NULL,'2013-03-17 19:16:00','SEVENTHSKY-PC'),(473,'Kabupaten Merauke',32,NULL,'2013-03-17 19:16:00','SEVENTHSKY-PC',NULL,'2013-03-17 19:16:00','SEVENTHSKY-PC'),(474,'Kabupaten Mimika',32,NULL,'2013-03-17 19:16:00','SEVENTHSKY-PC',NULL,'2013-03-17 19:16:00','SEVENTHSKY-PC'),(475,'Kabupaten Nabire',32,NULL,'2013-03-17 19:16:00','SEVENTHSKY-PC',NULL,'2013-03-17 19:16:00','SEVENTHSKY-PC'),(476,'Kabupaten Nduga',32,NULL,'2013-03-17 19:16:00','SEVENTHSKY-PC',NULL,'2013-03-17 19:16:00','SEVENTHSKY-PC'),(477,'Kabupaten Paniai',32,NULL,'2013-03-17 19:16:00','SEVENTHSKY-PC',NULL,'2013-03-17 19:16:00','SEVENTHSKY-PC'),(478,'Kabupaten Pegunungan Bintang',32,NULL,'2013-03-17 19:16:00','SEVENTHSKY-PC',NULL,'2013-03-17 19:16:00','SEVENTHSKY-PC'),(479,'Kabupaten Puncak',32,NULL,'2013-03-17 19:16:00','SEVENTHSKY-PC',NULL,'2013-03-17 19:16:00','SEVENTHSKY-PC'),(480,'Kabupaten Puncak Jaya',32,NULL,'2013-03-17 19:16:00','SEVENTHSKY-PC',NULL,'2013-03-17 19:16:00','SEVENTHSKY-PC'),(481,'Kabupaten Sarmi',32,NULL,'2013-03-17 19:16:00','SEVENTHSKY-PC',NULL,'2013-03-17 19:16:00','SEVENTHSKY-PC'),(482,'Kabupaten Supiori',32,NULL,'2013-03-17 19:16:00','SEVENTHSKY-PC',NULL,'2013-03-17 19:16:00','SEVENTHSKY-PC'),(483,'Kabupaten Tolikara',32,NULL,'2013-03-17 19:16:00','SEVENTHSKY-PC',NULL,'2013-03-17 19:16:00','SEVENTHSKY-PC'),(484,'Kabupaten Waropen',32,NULL,'2013-03-17 19:16:00','SEVENTHSKY-PC',NULL,'2013-03-17 19:16:00','SEVENTHSKY-PC'),(485,'Kabupaten Yahukimo',32,NULL,'2013-03-17 19:16:00','SEVENTHSKY-PC',NULL,'2013-03-17 19:16:00','SEVENTHSKY-PC'),(486,'Kabupaten Yalimo',32,NULL,'2013-03-17 19:16:00','SEVENTHSKY-PC',NULL,'2013-03-17 19:16:00','SEVENTHSKY-PC'),(487,'Kota Jayapura',32,NULL,'2013-03-17 19:16:00','SEVENTHSKY-PC',NULL,'2013-03-17 19:16:00','SEVENTHSKY-PC'),(488,'Kabupaten Fakfak',33,NULL,'2013-03-17 19:16:00','SEVENTHSKY-PC',NULL,'2013-03-17 19:16:00','SEVENTHSKY-PC'),(489,'Kabupaten Kaimana',33,NULL,'2013-03-17 19:16:00','SEVENTHSKY-PC',NULL,'2013-03-17 19:16:00','SEVENTHSKY-PC'),(490,'Kabupaten Manokwari',33,NULL,'2013-03-17 19:16:00','SEVENTHSKY-PC',NULL,'2013-03-17 19:16:00','SEVENTHSKY-PC'),(491,'Kabupaten Maybrat',33,NULL,'2013-03-17 19:16:00','SEVENTHSKY-PC',NULL,'2013-03-17 19:16:00','SEVENTHSKY-PC'),(492,'Kabupaten Raja Ampat',33,NULL,'2013-03-17 19:16:00','SEVENTHSKY-PC',NULL,'2013-03-17 19:16:00','SEVENTHSKY-PC'),(493,'Kabupaten Sorong',33,NULL,'2013-03-17 19:16:00','SEVENTHSKY-PC',NULL,'2013-03-17 19:16:00','SEVENTHSKY-PC'),(494,'Kabupaten Sorong Selatan',33,NULL,'2013-03-17 19:16:00','SEVENTHSKY-PC',NULL,'2013-03-17 19:16:00','SEVENTHSKY-PC'),(495,'Kabupaten Tambrauw',33,NULL,'2013-03-17 19:16:00','SEVENTHSKY-PC',NULL,'2013-03-17 19:16:00','SEVENTHSKY-PC'),(496,'Kabupaten Teluk Bintuni',33,NULL,'2013-03-17 19:16:00','SEVENTHSKY-PC',NULL,'2013-03-17 19:16:00','SEVENTHSKY-PC'),(497,'Kabupaten Teluk Wondama',33,NULL,'2013-03-17 19:16:00','SEVENTHSKY-PC',NULL,'2013-03-17 19:16:00','SEVENTHSKY-PC'),(498,'Kota Sorong',33,NULL,'2013-03-17 19:16:00','SEVENTHSKY-PC',NULL,'2013-03-17 19:16:00','SEVENTHSKY-PC');

/*Table structure for table `kata_sandang` */

CREATE TABLE `kata_sandang` (
  `ID` int(11) NOT NULL AUTO_INCREMENT,
  `Tag` varchar(3) NOT NULL,
  `Name` varchar(100) NOT NULL,
  `JumlahKarakter` int(11) DEFAULT '1',
  `CreateBy` int(11) DEFAULT NULL,
  `CreateDate` datetime DEFAULT NULL,
  `CreateTerminal` varchar(100) DEFAULT NULL,
  `UpdateBy` int(11) DEFAULT NULL,
  `UpdateDate` datetime DEFAULT NULL,
  `UpdateTerminal` varchar(100) DEFAULT NULL,
  PRIMARY KEY (`ID`),
  KEY `kata_sandang_tag` (`Tag`),
  KEY `kata_sandang_name` (`Name`),
  KEY `kata_sandang_createby` (`CreateBy`),
  KEY `kata_sandang_updateby` (`UpdateBy`),
  CONSTRAINT `kata_sandang_createby` FOREIGN KEY (`CreateBy`) REFERENCES `users` (`ID`) ON DELETE SET NULL ON UPDATE CASCADE,
  CONSTRAINT `kata_sandang_updateby` FOREIGN KEY (`UpdateBy`) REFERENCES `users` (`ID`) ON DELETE SET NULL ON UPDATE CASCADE
) ENGINE=InnoDB AUTO_INCREMENT=10 DEFAULT CHARSET=latin1;

/*Data for the table `kata_sandang` */

insert  into `kata_sandang`(`ID`,`Tag`,`Name`,`JumlahKarakter`,`CreateBy`,`CreateDate`,`CreateTerminal`,`UpdateBy`,`UpdateDate`,`UpdateTerminal`) values (1,'245','1 karakter (misalnya: a)',1,NULL,NULL,NULL,NULL,'2015-12-15 23:23:55','::1'),(2,'245','2 karakter (Contoh: an, si, dsb)',2,NULL,NULL,NULL,NULL,'2015-12-15 23:24:21','::1'),(3,'245','3 karakter (contoh: the)',3,NULL,NULL,NULL,NULL,'2015-12-15 23:24:32','::1'),(4,'245','4 karakter (contoh: sang)',4,NULL,NULL,NULL,NULL,'2015-12-15 23:24:40','::1'),(5,'245','5 karakter',5,NULL,NULL,NULL,NULL,'2015-12-15 23:24:48','::1'),(6,'245','6 karakter',6,NULL,NULL,NULL,NULL,'2015-12-15 23:24:56','::1'),(7,'245','7 karakter',7,NULL,NULL,NULL,NULL,'2015-12-15 23:25:03','::1'),(8,'245','8 karakter',8,NULL,NULL,NULL,NULL,'2015-12-15 23:25:10','::1'),(9,'245','9 karakter',9,NULL,NULL,NULL,NULL,'2015-12-15 23:25:16','::1');

/*Table structure for table `kelas_siswa` */

CREATE TABLE `kelas_siswa` (
  `id` int(11) NOT NULL AUTO_INCREMENT,
  `namakelassiswa` varchar(50) COLLATE latin1_general_ci NOT NULL,
  `CreateBy` int(11) DEFAULT NULL,
  `CreateDate` datetime DEFAULT NULL,
  `CreateTerminal` varchar(100) COLLATE latin1_general_ci DEFAULT NULL,
  `UpdateBy` int(11) DEFAULT NULL,
  `UpdateDate` datetime DEFAULT NULL,
  `UpdateTerminal` varchar(100) COLLATE latin1_general_ci DEFAULT NULL,
  `KIILastUploadDate` datetime DEFAULT NULL,
  PRIMARY KEY (`id`),
  KEY `kelas_siswa_createby` (`CreateBy`),
  KEY `kelas_siswa_updateby` (`UpdateBy`),
  KEY `kelas_siswa_kii` (`KIILastUploadDate`),
  KEY `kelas_siswa_createdate` (`CreateDate`),
  KEY `kelas_siswa_updatedate` (`UpdateDate`),
  CONSTRAINT `kelas_siswa_createby` FOREIGN KEY (`CreateBy`) REFERENCES `users` (`ID`) ON DELETE SET NULL ON UPDATE CASCADE,
  CONSTRAINT `kelas_siswa_updateby` FOREIGN KEY (`UpdateBy`) REFERENCES `users` (`ID`) ON DELETE SET NULL ON UPDATE CASCADE
) ENGINE=InnoDB DEFAULT CHARSET=latin1 COLLATE=latin1_general_ci;

/*Data for the table `kelas_siswa` */

/*Table structure for table `kelompok_pelanggaran` */

CREATE TABLE `kelompok_pelanggaran` (
  `ID` int(11) NOT NULL AUTO_INCREMENT,
  `Name` varchar(50) NOT NULL,
  `Jumlah` int(11) DEFAULT '0' COMMENT 'JumlahPelanggaran',
  `Warna` varchar(50) DEFAULT NULL,
  `CreateBy` int(11) DEFAULT NULL,
  `CreateDate` datetime DEFAULT NULL,
  `CreateTerminal` varchar(100) DEFAULT NULL,
  `UpdateBy` int(11) DEFAULT NULL,
  `UpdateDate` datetime DEFAULT NULL,
  `UpdateTerminal` varchar(100) DEFAULT NULL,
  `SuspendMember` tinyint(3) unsigned DEFAULT '0',
  PRIMARY KEY (`ID`),
  KEY `kelompok_pelanggaran_createby` (`CreateBy`),
  KEY `kelompok_pelanggaran_updateby` (`UpdateBy`),
  CONSTRAINT `kelompok_pelanggaran_createby` FOREIGN KEY (`CreateBy`) REFERENCES `users` (`ID`) ON DELETE SET NULL ON UPDATE CASCADE,
  CONSTRAINT `kelompok_pelanggaran_updateby` FOREIGN KEY (`UpdateBy`) REFERENCES `users` (`ID`) ON DELETE SET NULL ON UPDATE CASCADE
) ENGINE=InnoDB DEFAULT CHARSET=utf8;

/*Data for the table `kelompok_pelanggaran` */

/*Table structure for table `keranjang_anggota` */

CREATE TABLE `keranjang_anggota` (
  `ID` int(11) NOT NULL AUTO_INCREMENT,
  `Member_id` double NOT NULL,
  `CreateBy` int(11) DEFAULT NULL,
  `CreateDate` datetime DEFAULT NULL,
  `CreateTerminal` varchar(100) DEFAULT NULL,
  `UpdateBy` int(11) DEFAULT NULL,
  `UpdateDate` datetime DEFAULT NULL,
  `UpdateTerminal` varchar(100) DEFAULT NULL,
  PRIMARY KEY (`ID`),
  KEY `keranjang_anggota_createby` (`CreateBy`),
  KEY `keranjang_anggota_updateby` (`UpdateBy`),
  KEY `keranjang_anggota_createdate` (`CreateDate`),
  KEY `keranjang_anggota_updatedate` (`UpdateDate`),
  KEY `keranjang_anggota_member_idx` (`Member_id`),
  CONSTRAINT `keranjang_anggota_createby` FOREIGN KEY (`CreateBy`) REFERENCES `users` (`ID`) ON DELETE SET NULL ON UPDATE CASCADE,
  CONSTRAINT `keranjang_anggota_members` FOREIGN KEY (`Member_id`) REFERENCES `members` (`ID`) ON DELETE CASCADE ON UPDATE CASCADE,
  CONSTRAINT `keranjang_anggota_updateby` FOREIGN KEY (`UpdateBy`) REFERENCES `users` (`ID`) ON DELETE SET NULL ON UPDATE CASCADE
) ENGINE=InnoDB DEFAULT CHARSET=latin1;

/*Data for the table `keranjang_anggota` */

/*Table structure for table `keranjang_katalog` */

CREATE TABLE `keranjang_katalog` (
  `ID` int(11) NOT NULL AUTO_INCREMENT,
  `Catalog_id` double NOT NULL,
  `CreateBy` int(11) DEFAULT NULL,
  `CreateDate` datetime DEFAULT NULL,
  `CreateTerminal` varchar(100) DEFAULT NULL,
  `UpdateBy` int(11) DEFAULT NULL,
  `UpdateDate` datetime DEFAULT NULL,
  `UpdateTerminal` varchar(100) DEFAULT NULL,
  PRIMARY KEY (`ID`),
  KEY `keranjang_katalog_createby` (`CreateBy`),
  KEY `keranjang_katalog_updateby` (`UpdateBy`),
  KEY `keranjang_katalog_createdate` (`CreateDate`),
  KEY `keranjang_katalog_updatedate` (`UpdateDate`),
  KEY `keranjang_katalog_catalog_idx` (`Catalog_id`),
  CONSTRAINT `keranjang_katalog_catalogs` FOREIGN KEY (`Catalog_id`) REFERENCES `catalogs` (`ID`) ON DELETE CASCADE ON UPDATE CASCADE,
  CONSTRAINT `keranjang_katalog_createby` FOREIGN KEY (`CreateBy`) REFERENCES `users` (`ID`) ON DELETE SET NULL ON UPDATE CASCADE,
  CONSTRAINT `keranjang_katalog_updateby` FOREIGN KEY (`UpdateBy`) REFERENCES `users` (`ID`) ON DELETE SET NULL ON UPDATE CASCADE
) ENGINE=InnoDB DEFAULT CHARSET=latin1;

/*Data for the table `keranjang_katalog` */

/*Table structure for table `keranjang_koleksi` */

CREATE TABLE `keranjang_koleksi` (
  `ID` int(11) NOT NULL AUTO_INCREMENT,
  `Collection_id` double NOT NULL,
  `CreateBy` int(11) DEFAULT NULL,
  `CreateDate` datetime DEFAULT NULL,
  `CreateTerminal` varchar(100) DEFAULT NULL,
  `UpdateBy` int(11) DEFAULT NULL,
  `UpdateDate` datetime DEFAULT NULL,
  `UpdateTerminal` varchar(100) DEFAULT NULL,
  PRIMARY KEY (`ID`),
  KEY `keranjang_koleksi_createby` (`CreateBy`),
  KEY `keranjang_koleksi_updateby` (`UpdateBy`),
  KEY `keranjang_koleksi_createdate` (`CreateDate`),
  KEY `keranjang_koleksi_updatedate` (`UpdateDate`),
  KEY `keranjang_koleksi_collection_idx` (`Collection_id`),
  CONSTRAINT `keranjang_koleksi_collection` FOREIGN KEY (`Collection_id`) REFERENCES `collections` (`ID`) ON DELETE CASCADE ON UPDATE CASCADE,
  CONSTRAINT `keranjang_koleksi_createby` FOREIGN KEY (`CreateBy`) REFERENCES `users` (`ID`) ON DELETE SET NULL ON UPDATE CASCADE,
  CONSTRAINT `keranjang_koleksi_updateby` FOREIGN KEY (`UpdateBy`) REFERENCES `users` (`ID`) ON DELETE SET NULL ON UPDATE CASCADE
) ENGINE=InnoDB DEFAULT CHARSET=latin1;

/*Data for the table `keranjang_koleksi` */

/*Table structure for table `kriteria_koleksi` */

CREATE TABLE `kriteria_koleksi` (
  `ID` int(11) NOT NULL AUTO_INCREMENT,
  `jns_kriteria` varchar(255) NOT NULL,
  `catalog_id` double DEFAULT NULL,
  `title` varchar(255) DEFAULT NULL,
  `author` varchar(255) DEFAULT NULL,
  `alamat_image` varchar(500) DEFAULT NULL,
  `CreateBy` int(11) DEFAULT NULL,
  `CreateDate` datetime DEFAULT NULL,
  `CreateTerminal` varchar(100) DEFAULT NULL,
  `UpdateBy` int(11) DEFAULT NULL,
  `UpdateDate` datetime DEFAULT NULL,
  `UpdateTerminal` varchar(100) DEFAULT NULL,
  `PublishYear` varchar(25) DEFAULT NULL,
  `Jumlah` int(11) DEFAULT NULL,
  `worksheet_name` varchar(100) DEFAULT NULL,
  `isLKD` varchar(10) DEFAULT NULL,
  PRIMARY KEY (`ID`),
  KEY `kriteria_koleksi_idx1` (`catalog_id`),
  KEY `kriteria_koleksi_createby_idx` (`CreateBy`),
  KEY `kriteria_koleksi_updateby_idx` (`UpdateBy`),
  CONSTRAINT `kriteria_koleksi_catalogby` FOREIGN KEY (`catalog_id`) REFERENCES `catalogs` (`ID`) ON DELETE CASCADE ON UPDATE CASCADE,
  CONSTRAINT `kriteria_koleksi_createby` FOREIGN KEY (`CreateBy`) REFERENCES `users` (`ID`) ON DELETE CASCADE ON UPDATE CASCADE,
  CONSTRAINT `kriteria_koleksi_updateby` FOREIGN KEY (`UpdateBy`) REFERENCES `users` (`ID`) ON DELETE CASCADE ON UPDATE CASCADE
) ENGINE=InnoDB DEFAULT CHARSET=latin1;

/*Data for the table `kriteria_koleksi` */

/*Table structure for table `letter` */

CREATE TABLE `letter` (
  `ID` int(11) NOT NULL AUTO_INCREMENT,
  `TYPE_OF_DELIVERY` varchar(21) DEFAULT NULL,
  `LETTER_DATE` date DEFAULT NULL,
  `LETTER_NUMBER` varchar(35) DEFAULT NULL,
  `ACCEPT_DATE` date DEFAULT NULL,
  `SENDER` varchar(155) DEFAULT NULL,
  `PHONE` int(11) DEFAULT NULL,
  `INTENDED_TO` varchar(155) DEFAULT NULL,
  `IS_PRINTED` int(4) DEFAULT NULL,
  `CreateDate` datetime DEFAULT NULL,
  `CreateBy` int(11) DEFAULT NULL,
  `CreateTerminal` varchar(111) DEFAULT NULL,
  `UpdateDate` datetime DEFAULT NULL,
  `UpdateBy` int(11) DEFAULT NULL,
  `UpdateTerminal` varchar(111) DEFAULT NULL,
  `PUBLISHER_ID` int(11) DEFAULT NULL,
  `LETTER_NUMBER_UT` varchar(45) DEFAULT NULL,
  `IS_SENDEDEMAIL` int(4) DEFAULT NULL,
  `IS_NOTE` int(4) DEFAULT NULL,
  `LANG` varchar(20) DEFAULT NULL,
  PRIMARY KEY (`ID`),
  KEY `(ID)deposit_ws` (`PUBLISHER_ID`),
  KEY `letter_createby` (`CreateBy`),
  KEY `letter_updateby` (`UpdateBy`),
  CONSTRAINT `(ID)deposit_ws` FOREIGN KEY (`PUBLISHER_ID`) REFERENCES `deposit_ws` (`ID`) ON DELETE SET NULL ON UPDATE CASCADE,
  CONSTRAINT `letter_createby` FOREIGN KEY (`CreateBy`) REFERENCES `users` (`ID`) ON DELETE SET NULL ON UPDATE CASCADE,
  CONSTRAINT `letter_updateby` FOREIGN KEY (`UpdateBy`) REFERENCES `users` (`ID`) ON DELETE SET NULL ON UPDATE CASCADE
) ENGINE=InnoDB DEFAULT CHARSET=latin1;

/*Data for the table `letter` */

/*Table structure for table `letter_detail` */

CREATE TABLE `letter_detail` (
  `ID` int(11) NOT NULL AUTO_INCREMENT,
  `SUB_TYPE_COLLECTION` int(11) DEFAULT NULL,
  `TITLE` varchar(255) DEFAULT NULL,
  `QUANTITY` int(11) DEFAULT NULL,
  `COPY` int(11) DEFAULT NULL,
  `PRICE` varchar(100) DEFAULT NULL,
  `LETTER_ID` int(111) DEFAULT NULL,
  `COLLECTION_TYPE_ID` int(11) DEFAULT NULL,
  `REMARK` varchar(255) DEFAULT NULL,
  `AUTHOR` varchar(155) DEFAULT NULL,
  `PUBLISHER` varchar(50) DEFAULT NULL,
  `PUBLISHER_ADDRESS` varchar(255) DEFAULT NULL,
  `ISBN` varchar(25) DEFAULT NULL,
  `PUBLISH_YEAR` varchar(15) DEFAULT NULL,
  `PUBLISHER_CITY` varchar(25) DEFAULT NULL,
  `ISBN_STATUS` varchar(55) DEFAULT NULL,
  `KD_PENERBIT_DTL` varchar(25) DEFAULT NULL,
  PRIMARY KEY (`ID`),
  KEY `(ID)letter` (`LETTER_ID`),
  KEY `(ID)collectiomedias` (`SUB_TYPE_COLLECTION`),
  CONSTRAINT `(ID)collectiomedias` FOREIGN KEY (`SUB_TYPE_COLLECTION`) REFERENCES `collectionmedias` (`ID`) ON DELETE SET NULL ON UPDATE CASCADE,
  CONSTRAINT `(ID)letter` FOREIGN KEY (`LETTER_ID`) REFERENCES `letter` (`ID`) ON DELETE CASCADE ON UPDATE CASCADE
) ENGINE=InnoDB DEFAULT CHARSET=latin1;

/*Data for the table `letter_detail` */

/*Table structure for table `library` */

CREATE TABLE `library` (
  `ID` int(11) NOT NULL AUTO_INCREMENT,
  `NAME` varchar(50) NOT NULL,
  `URL` varchar(255) DEFAULT NULL,
  `PORT` varchar(10) DEFAULT NULL,
  `DATABASENAME` varchar(50) DEFAULT NULL,
  `RECORDSYNTAX` varchar(20) DEFAULT NULL,
  `FULLNAME` varchar(255) DEFAULT NULL,
  `PROTOCOL` varchar(45) DEFAULT NULL,
  `CreateBy` int(11) DEFAULT NULL,
  `CreateDate` datetime DEFAULT NULL,
  `CreateTerminal` varchar(100) DEFAULT NULL,
  `UpdateBy` int(11) DEFAULT NULL,
  `UpdateDate` datetime DEFAULT NULL,
  `UpdateTerminal` varchar(100) DEFAULT NULL,
  PRIMARY KEY (`ID`),
  KEY `library_createby` (`CreateBy`),
  KEY `library_updateby` (`UpdateBy`),
  CONSTRAINT `library_createby` FOREIGN KEY (`CreateBy`) REFERENCES `users` (`ID`) ON DELETE SET NULL ON UPDATE CASCADE,
  CONSTRAINT `library_updateby` FOREIGN KEY (`UpdateBy`) REFERENCES `users` (`ID`) ON DELETE SET NULL ON UPDATE CASCADE
) ENGINE=InnoDB AUTO_INCREMENT=6 DEFAULT CHARSET=latin1;

/*Data for the table `library` */

insert  into `library`(`ID`,`NAME`,`URL`,`PORT`,`DATABASENAME`,`RECORDSYNTAX`,`FULLNAME`,`PROTOCOL`,`CreateBy`,`CreateDate`,`CreateTerminal`,`UpdateBy`,`UpdateDate`,`UpdateTerminal`) values (1,'LOC','z3950.loc.gov','7090','Voyager','USMARC','Library of Congress','z3950',NULL,NULL,NULL,NULL,'2015-10-07 19:23:39','::1'),(5,'OPACPusnas','http://opac.perpusnas.go.id/sru.aspx','-','-','unknown','Perpusnas','SRU',NULL,'2015-10-07 19:20:29','::1',33,'2016-06-06 11:01:17','::1');

/*Table structure for table `librarysearchcriteria` */

CREATE TABLE `librarysearchcriteria` (
  `ID` int(11) NOT NULL AUTO_INCREMENT,
  `LIBRARYID` int(11) NOT NULL,
  `CRITERIANAME` varchar(50) NOT NULL,
  `CreateBy` int(11) DEFAULT NULL,
  `CreateDate` datetime DEFAULT NULL,
  `CreateTerminal` varchar(100) DEFAULT NULL,
  `UpdateBy` int(11) DEFAULT NULL,
  `UpdateDate` datetime DEFAULT NULL,
  `UpdateTerminal` varchar(100) DEFAULT NULL,
  PRIMARY KEY (`ID`),
  KEY `librarysearchcriteria_library` (`LIBRARYID`),
  KEY `librarysearchcriteria_createby` (`CreateBy`),
  KEY `librarysearchcriteria_updateby` (`UpdateBy`),
  CONSTRAINT `librarysearchcriteria_createby` FOREIGN KEY (`CreateBy`) REFERENCES `users` (`ID`) ON DELETE SET NULL ON UPDATE CASCADE,
  CONSTRAINT `librarysearchcriteria_library` FOREIGN KEY (`LIBRARYID`) REFERENCES `library` (`ID`) ON DELETE CASCADE ON UPDATE CASCADE,
  CONSTRAINT `librarysearchcriteria_updateby` FOREIGN KEY (`UpdateBy`) REFERENCES `users` (`ID`) ON DELETE SET NULL ON UPDATE CASCADE
) ENGINE=InnoDB AUTO_INCREMENT=26 DEFAULT CHARSET=latin1;

/*Data for the table `librarysearchcriteria` */

insert  into `librarysearchcriteria`(`ID`,`LIBRARYID`,`CRITERIANAME`,`CreateBy`,`CreateDate`,`CreateTerminal`,`UpdateBy`,`UpdateDate`,`UpdateTerminal`) values (1,1,'Title',NULL,NULL,NULL,NULL,NULL,NULL),(2,1,'Author',NULL,NULL,NULL,NULL,NULL,NULL),(3,1,'Publisher',NULL,NULL,NULL,NULL,NULL,NULL),(4,1,'Subject',NULL,NULL,NULL,NULL,NULL,NULL),(19,5,'Title',33,'2016-06-06 11:01:18','::1',33,'2016-06-06 11:01:18','::1'),(20,5,'Author',33,'2016-06-06 11:01:18','::1',33,'2016-06-06 11:01:18','::1'),(21,5,'PublishLocation',33,'2016-06-06 11:01:18','::1',33,'2016-06-06 11:01:18','::1'),(22,5,'Publisher',33,'2016-06-06 11:01:18','::1',33,'2016-06-06 11:01:18','::1'),(23,5,'Subject',33,'2016-06-06 11:01:18','::1',33,'2016-06-06 11:01:18','::1'),(24,5,'ISBN',33,'2016-06-06 11:01:18','::1',33,'2016-06-06 11:01:18','::1'),(25,5,'ISSN',33,'2016-06-06 11:01:18','::1',33,'2016-06-06 11:01:18','::1');

/*Table structure for table `location_library` */

CREATE TABLE `location_library` (
  `ID` int(11) NOT NULL AUTO_INCREMENT,
  `Code` varchar(50) NOT NULL,
  `Name` varchar(255) NOT NULL,
  `Address` varchar(255) DEFAULT NULL,
  `CreateBy` int(11) DEFAULT NULL,
  `CreateDate` datetime DEFAULT NULL,
  `CreateTerminal` varchar(100) DEFAULT NULL,
  `UpdateBy` int(11) DEFAULT NULL,
  `UpdateDate` datetime DEFAULT NULL,
  `UpdateTerminal` varchar(100) DEFAULT NULL,
  `KIILastUploadDate` datetime DEFAULT NULL,
  PRIMARY KEY (`ID`),
  KEY `location_library_createby` (`CreateBy`),
  KEY `location_library_updateby` (`UpdateBy`),
  KEY `location_library_kii` (`KIILastUploadDate`),
  KEY `location_library_createdate` (`CreateDate`),
  KEY `location_library_updatedate` (`UpdateDate`),
  CONSTRAINT `location_library_createby` FOREIGN KEY (`CreateBy`) REFERENCES `users` (`ID`) ON DELETE SET NULL ON UPDATE CASCADE,
  CONSTRAINT `location_library_updateby` FOREIGN KEY (`UpdateBy`) REFERENCES `users` (`ID`) ON DELETE SET NULL ON UPDATE CASCADE
) ENGINE=InnoDB AUTO_INCREMENT=6 DEFAULT CHARSET=latin1;

/*Data for the table `location_library` */

insert  into `location_library`(`ID`,`Code`,`Name`,`Address`,`CreateBy`,`CreateDate`,`CreateTerminal`,`UpdateBy`,`UpdateDate`,`UpdateTerminal`,`KIILastUploadDate`) values (1,'PUSAT','Perpustakaan Pusat','Perpustakaan Pusat',NULL,'2012-09-12 13:56:31','DeniPC',33,'2016-06-06 10:49:24','::1','2015-10-27 03:13:28'),(5,'PUSLING01','Perpustakaan Keliling 01','Perpustakaan Keliling 01',NULL,'2012-09-12 00:00:00','DeniPC',33,'2016-06-06 10:49:08','::1',NULL);

/*Table structure for table `location_library_default` */

CREATE TABLE `location_library_default` (
  `ID` int(11) NOT NULL AUTO_INCREMENT,
  `Location_Library_id` int(11) DEFAULT NULL,
  `JenisAnggota_id` int(11) DEFAULT NULL,
  `CreateBy` int(11) DEFAULT NULL,
  `CreateDate` datetime DEFAULT NULL,
  `CreateTeminal` varchar(100) DEFAULT NULL,
  `UpdateBy` int(11) DEFAULT NULL,
  `UpdateDate` datetime DEFAULT NULL,
  `UpdateTerminal` varchar(100) DEFAULT NULL,
  PRIMARY KEY (`ID`),
  KEY `location_library_default_loc` (`Location_Library_id`),
  KEY `location_library_default_jenis_anggota` (`JenisAnggota_id`),
  KEY `location_library_default_createby` (`CreateBy`),
  KEY `location_library_default_updateby` (`UpdateBy`),
  CONSTRAINT `location_library_default_createby` FOREIGN KEY (`CreateBy`) REFERENCES `users` (`ID`) ON DELETE SET NULL ON UPDATE CASCADE,
  CONSTRAINT `location_library_default_jenis_anggota` FOREIGN KEY (`JenisAnggota_id`) REFERENCES `jenis_anggota` (`id`) ON DELETE CASCADE ON UPDATE CASCADE,
  CONSTRAINT `location_library_default_loc` FOREIGN KEY (`Location_Library_id`) REFERENCES `location_library` (`ID`) ON DELETE CASCADE ON UPDATE CASCADE,
  CONSTRAINT `location_library_default_updateby` FOREIGN KEY (`UpdateBy`) REFERENCES `users` (`ID`) ON DELETE SET NULL ON UPDATE CASCADE
) ENGINE=InnoDB AUTO_INCREMENT=17 DEFAULT CHARSET=latin1;

/*Data for the table `location_library_default` */

insert  into `location_library_default`(`ID`,`Location_Library_id`,`JenisAnggota_id`,`CreateBy`,`CreateDate`,`CreateTeminal`,`UpdateBy`,`UpdateDate`,`UpdateTerminal`) values (11,1,2,33,'2016-06-06 11:50:02','::1',33,'2016-06-06 11:50:02','::1'),(12,5,2,33,'2016-06-06 11:50:02','::1',33,'2016-06-06 11:50:02','::1'),(13,1,12,33,'2016-06-06 11:50:24','::1',33,'2016-06-06 11:50:24','::1'),(14,5,12,33,'2016-06-06 11:50:24','::1',33,'2016-06-06 11:50:24','::1'),(15,1,14,33,'2016-06-06 11:54:40','::1',33,'2016-06-06 11:54:40','::1'),(16,5,14,33,'2016-06-06 11:54:40','::1',33,'2016-06-06 11:54:40','::1');

/*Table structure for table `locations` */

CREATE TABLE `locations` (
  `ID` int(11) NOT NULL AUTO_INCREMENT,
  `Code` varchar(20) NOT NULL,
  `Name` varchar(255) NOT NULL,
  `Description` varchar(255) DEFAULT NULL,
  `ISPUSTELING` bit(1) DEFAULT b'0',
  `UrlLogo` varchar(100) DEFAULT NULL,
  `IsPrintBarcode` bit(1) DEFAULT b'0',
  `IsGenerateVisitorNumber` bit(1) DEFAULT b'0',
  `IsInformationSought` bit(1) DEFAULT b'0',
  `IsVisitsDestination` bit(1) DEFAULT b'0',
  `LocationLibrary_id` int(11) DEFAULT NULL,
  `CreateBy` int(11) DEFAULT NULL,
  `CreateDate` datetime DEFAULT NULL,
  `CreateTerminal` varchar(100) DEFAULT NULL,
  `UpdateBy` int(11) DEFAULT NULL,
  `UpdateDate` datetime DEFAULT NULL,
  `UpdateTerminal` varchar(100) DEFAULT NULL,
  `KIILastUploadDate` datetime DEFAULT NULL,
  PRIMARY KEY (`ID`),
  KEY `locations_createby` (`CreateBy`),
  KEY `locations_updateby` (`UpdateBy`),
  KEY `locations_kii` (`KIILastUploadDate`),
  KEY `locations_createdate` (`CreateDate`),
  KEY `locations_updatedate` (`UpdateDate`),
  KEY `locations_loclib_idx` (`LocationLibrary_id`),
  CONSTRAINT `locations_createby` FOREIGN KEY (`CreateBy`) REFERENCES `users` (`ID`) ON DELETE SET NULL ON UPDATE CASCADE,
  CONSTRAINT `locations_loclib` FOREIGN KEY (`LocationLibrary_id`) REFERENCES `location_library` (`ID`) ON DELETE CASCADE ON UPDATE CASCADE,
  CONSTRAINT `locations_updateby` FOREIGN KEY (`UpdateBy`) REFERENCES `users` (`ID`) ON DELETE SET NULL ON UPDATE CASCADE
) ENGINE=InnoDB AUTO_INCREMENT=473 DEFAULT CHARSET=latin1;

/*Data for the table `locations` */

insert  into `locations`(`ID`,`Code`,`Name`,`Description`,`ISPUSTELING`,`UrlLogo`,`IsPrintBarcode`,`IsGenerateVisitorNumber`,`IsInformationSought`,`IsVisitsDestination`,`LocationLibrary_id`,`CreateBy`,`CreateDate`,`CreateTerminal`,`UpdateBy`,`UpdateDate`,`UpdateTerminal`,`KIILastUploadDate`) values (466,'0101','Ruang Baca Umum','Ruang baca untuk koleksi umum','\0','/backend/../uploaded_files/logo_ruangan/466.','\0','\0','\0','\0',1,NULL,'2016-02-29 13:26:58','192.168.0.1',33,'2016-06-06 10:45:13','::1',NULL),(468,'0102','Ruang Koleksi Referensi','','\0','/backend/../uploaded_files/logo_ruangan/468.','\0','\0','\0','\0',1,NULL,'2016-03-03 10:17:13','192.168.0.1',33,'2016-06-06 10:45:25','::1',NULL),(472,'0103','Lobby Utama','Ruang lobby masuk perpustakaan','\0','/backend/../uploaded_files/logo_ruangan/472.','','','\0','\0',1,NULL,'2016-04-12 09:47:07','192.168.0.1',33,'2016-06-06 10:46:24','::1',NULL);

/*Table structure for table `lockers` */

CREATE TABLE `lockers` (
  `ID` int(11) NOT NULL AUTO_INCREMENT,
  `No_pinjaman` varchar(255) NOT NULL,
  `no_member` varchar(45) DEFAULT NULL,
  `no_identitas` varchar(50) DEFAULT NULL,
  `jenis_jaminan` varchar(20) DEFAULT NULL,
  `id_jamin_idt` int(11) DEFAULT NULL,
  `id_jamin_uang` int(11) DEFAULT NULL,
  `loker_id` int(11) DEFAULT NULL,
  `tanggal_pinjam` datetime DEFAULT NULL,
  `tanggal_kembali` datetime DEFAULT NULL,
  `id_pelanggaran_locker` int(11) DEFAULT NULL,
  `denda` int(11) DEFAULT NULL,
  `CreateBy` int(11) DEFAULT NULL,
  `CreateDate` datetime DEFAULT NULL,
  `CreateTerminal` varchar(100) DEFAULT NULL,
  `UpdateBy` int(11) DEFAULT NULL,
  `UpdateDate` datetime DEFAULT NULL,
  `UpdateTerminal` varchar(100) DEFAULT NULL,
  PRIMARY KEY (`ID`),
  KEY `fk_lockers_master_loker_idx` (`loker_id`),
  KEY `lockers_createby_idx` (`CreateBy`),
  KEY `lockers_jenisidentitas_idx` (`id_jamin_idt`),
  KEY `lockers_jenisjaminan` (`jenis_jaminan`),
  KEY `lockers_noidentitas` (`no_identitas`),
  KEY `lockers_nopinjama` (`No_pinjaman`),
  KEY `lockers_pelanggaran_idx` (`id_pelanggaran_locker`),
  KEY `lockers_tglkembali` (`tanggal_kembali`),
  KEY `lockers_tglpinjam` (`tanggal_pinjam`),
  KEY `lockers_uangjaminan_idx` (`id_jamin_uang`),
  KEY `lockers_updateby_idx` (`UpdateBy`),
  CONSTRAINT `fk_lockers_master_loker` FOREIGN KEY (`loker_id`) REFERENCES `master_loker` (`ID`) ON DELETE CASCADE ON UPDATE CASCADE,
  CONSTRAINT `lockers_createby` FOREIGN KEY (`CreateBy`) REFERENCES `users` (`ID`) ON DELETE SET NULL ON UPDATE CASCADE,
  CONSTRAINT `lockers_jenisidentitas` FOREIGN KEY (`id_jamin_idt`) REFERENCES `master_jenis_identitas` (`id`) ON DELETE CASCADE ON UPDATE CASCADE,
  CONSTRAINT `lockers_pelanggaran` FOREIGN KEY (`id_pelanggaran_locker`) REFERENCES `master_pelanggaran_locker` (`ID`) ON DELETE CASCADE ON UPDATE CASCADE,
  CONSTRAINT `lockers_uangjaminan` FOREIGN KEY (`id_jamin_uang`) REFERENCES `master_uang_jaminan` (`ID`) ON DELETE CASCADE ON UPDATE CASCADE,
  CONSTRAINT `lockers_updateby` FOREIGN KEY (`UpdateBy`) REFERENCES `users` (`ID`) ON DELETE SET NULL ON UPDATE CASCADE
) ENGINE=InnoDB DEFAULT CHARSET=latin1;

/*Data for the table `lockers` */

/*Table structure for table `logsdownload` */

CREATE TABLE `logsdownload` (
  `id` bigint(30) NOT NULL AUTO_INCREMENT,
  `User_id` varchar(50) DEFAULT NULL,
  `ip` varchar(15) DEFAULT NULL,
  `catalogfilesID` int(11) DEFAULT NULL,
  `isLKD` tinyint(1) DEFAULT '0',
  `waktu` datetime DEFAULT NULL,
  PRIMARY KEY (`id`),
  KEY `fk_logsDownload_1_idx` (`User_id`),
  KEY `fk_logsDownload_catalogfiles_idx` (`catalogfilesID`),
  CONSTRAINT `fk_logsDownload_catalogfiles` FOREIGN KEY (`catalogfilesID`) REFERENCES `catalogfiles` (`ID`) ON DELETE SET NULL ON UPDATE NO ACTION,
  CONSTRAINT `fk_logsDownload_userid` FOREIGN KEY (`User_id`) REFERENCES `members` (`MemberNo`) ON DELETE NO ACTION ON UPDATE NO ACTION
) ENGINE=InnoDB DEFAULT CHARSET=latin1;

/*Data for the table `logsdownload` */

/*Table structure for table `logsdownload_article` */

CREATE TABLE `logsdownload_article` (
  `id` bigint(30) NOT NULL AUTO_INCREMENT,
  `User_id` varchar(50) DEFAULT NULL,
  `ip` varchar(15) DEFAULT NULL,
  `articlefilesID` int(11) DEFAULT NULL,
  `waktu` datetime DEFAULT NULL,
  PRIMARY KEY (`id`),
  KEY `fk_logsDownload_u_idx` (`User_id`),
  KEY `fk_logsDownload_articlefiles_idx` (`articlefilesID`),
  CONSTRAINT `fk_logsDownload_articlefiles` FOREIGN KEY (`articlefilesID`) REFERENCES `serial_articlefiles` (`ID`) ON DELETE SET NULL ON UPDATE NO ACTION,
  CONSTRAINT `fk_logsDownload_memberid` FOREIGN KEY (`User_id`) REFERENCES `members` (`MemberNo`) ON DELETE NO ACTION ON UPDATE NO ACTION
) ENGINE=InnoDB DEFAULT CHARSET=latin1;

/*Data for the table `logsdownload_article` */

/*Table structure for table `mailserver` */

CREATE TABLE `mailserver` (
  `ID` int(11) NOT NULL AUTO_INCREMENT,
  `Modul` varchar(50) NOT NULL,
  `Host` varchar(50) NOT NULL,
  `Port` int(11) NOT NULL,
  `CredentialMail` varchar(50) NOT NULL,
  `CredentialPassword` varchar(50) NOT NULL,
  `EnableSsl` bit(1) DEFAULT b'1',
  `MailFrom` varchar(50) NOT NULL,
  `MailDisplayName` varchar(50) NOT NULL,
  `IsActive` bit(1) DEFAULT b'1',
  `CreateBy` int(11) DEFAULT NULL,
  `CreateDate` datetime DEFAULT NULL,
  `CreateTerminal` varchar(100) DEFAULT NULL,
  `UpdateBy` int(11) DEFAULT NULL,
  `UpdateDate` datetime DEFAULT NULL,
  `UpdateTerminal` varchar(100) DEFAULT NULL,
  PRIMARY KEY (`ID`),
  KEY `mailserver_createby` (`CreateBy`),
  KEY `mailserver_updateby` (`UpdateBy`),
  CONSTRAINT `mailserver_createby` FOREIGN KEY (`CreateBy`) REFERENCES `users` (`ID`) ON DELETE SET NULL ON UPDATE CASCADE,
  CONSTRAINT `mailserver_updateby` FOREIGN KEY (`UpdateBy`) REFERENCES `users` (`ID`) ON DELETE SET NULL ON UPDATE CASCADE
) ENGINE=InnoDB DEFAULT CHARSET=latin1;

/*Data for the table `mailserver` */

/*Table structure for table `masa_berlaku_anggota` */

CREATE TABLE `masa_berlaku_anggota` (
  `id` int(11) NOT NULL AUTO_INCREMENT,
  `jumlah` int(20) NOT NULL,
  `satuan` varchar(50) COLLATE latin1_general_ci NOT NULL,
  `CreateBy` int(11) DEFAULT NULL,
  `CreateDate` datetime DEFAULT NULL,
  `CreateTerminal` varchar(100) COLLATE latin1_general_ci DEFAULT NULL,
  `UpdateBy` int(11) DEFAULT NULL,
  `UpdateDate` datetime DEFAULT NULL,
  `UpdateTerminal` varchar(100) COLLATE latin1_general_ci DEFAULT NULL,
  `KIILastUploadDate` datetime DEFAULT NULL,
  PRIMARY KEY (`id`),
  KEY `masa_berlaku_anggota_createby` (`CreateBy`),
  KEY `masa_berlaku_anggota_updateby` (`UpdateBy`),
  KEY `masa_berlaku_anggota_kii` (`KIILastUploadDate`),
  KEY `masa_berlaku_anggota_createdate` (`CreateDate`),
  KEY `masa_berlaku_anggota_updatedate` (`UpdateDate`),
  CONSTRAINT `masa_berlaku_anggota_createby` FOREIGN KEY (`CreateBy`) REFERENCES `users` (`ID`) ON DELETE SET NULL ON UPDATE CASCADE,
  CONSTRAINT `masa_berlaku_anggota_updateby` FOREIGN KEY (`UpdateBy`) REFERENCES `users` (`ID`) ON DELETE SET NULL ON UPDATE CASCADE
) ENGINE=InnoDB DEFAULT CHARSET=latin1 COLLATE=latin1_general_ci;

/*Data for the table `masa_berlaku_anggota` */

/*Table structure for table `master_counter_barcode` */

CREATE TABLE `master_counter_barcode` (
  `tahun` year(4) DEFAULT NULL,
  `value` int(111) DEFAULT NULL
) ENGINE=InnoDB DEFAULT CHARSET=latin1;

/*Data for the table `master_counter_barcode` */

/*Table structure for table `master_djkn` */

CREATE TABLE `master_djkn` (
  `ID` int(11) NOT NULL AUTO_INCREMENT,
  `Option_id` varchar(20) DEFAULT NULL,
  `Option_Name` varchar(100) DEFAULT NULL,
  `Value` varchar(100) DEFAULT NULL,
  `CreateBy` int(11) DEFAULT NULL,
  `CreateDate` datetime DEFAULT NULL,
  `CreateTerminal` varchar(45) DEFAULT NULL,
  `UpdateBy` int(11) DEFAULT NULL,
  `UpdateDate` datetime DEFAULT NULL,
  `UpdateTerminal` varchar(45) DEFAULT NULL,
  PRIMARY KEY (`ID`),
  KEY `master_djkn_createby_idx` (`CreateBy`),
  KEY `master_djkn_updateby_idx` (`UpdateBy`),
  KEY `master_djkn_option` (`Option_id`),
  CONSTRAINT `master_djkn_createby` FOREIGN KEY (`CreateBy`) REFERENCES `users` (`ID`) ON DELETE SET NULL ON UPDATE CASCADE,
  CONSTRAINT `master_djkn_updateby` FOREIGN KEY (`UpdateBy`) REFERENCES `users` (`ID`) ON DELETE SET NULL ON UPDATE CASCADE
) ENGINE=InnoDB DEFAULT CHARSET=latin1;

/*Data for the table `master_djkn` */

/*Table structure for table `master_edisi_serial` */

CREATE TABLE `master_edisi_serial` (
  `id` double NOT NULL AUTO_INCREMENT,
  `tgl_edisi_serial` date DEFAULT NULL,
  `no_edisi_serial` varchar(111) DEFAULT NULL,
  `Catalog_id` double DEFAULT NULL,
  `CreateBy` int(11) DEFAULT NULL,
  `UpdateBy` int(11) DEFAULT NULL,
  PRIMARY KEY (`id`),
  UNIQUE KEY `unique` (`no_edisi_serial`),
  KEY `edisiSerial_catalog` (`Catalog_id`),
  CONSTRAINT `edisiSerial_catalog` FOREIGN KEY (`Catalog_id`) REFERENCES `catalogs` (`ID`) ON DELETE CASCADE ON UPDATE CASCADE
) ENGINE=InnoDB DEFAULT CHARSET=latin1;

/*Data for the table `master_edisi_serial` */

/*Table structure for table `master_fakultas` */

CREATE TABLE `master_fakultas` (
  `id` int(11) NOT NULL AUTO_INCREMENT,
  `Nama` varchar(255) COLLATE latin1_general_ci NOT NULL,
  `CreateBy` int(11) DEFAULT NULL,
  `CreateDate` datetime DEFAULT NULL,
  `CreateTerminal` varchar(100) COLLATE latin1_general_ci DEFAULT NULL,
  `UpdateBy` int(11) DEFAULT NULL,
  `UpdateDate` datetime DEFAULT NULL,
  `UpdateTerminal` varchar(100) COLLATE latin1_general_ci DEFAULT NULL,
  `KIILastUploadDate` datetime DEFAULT NULL,
  PRIMARY KEY (`id`),
  KEY `master_fakultas_createby` (`CreateBy`),
  KEY `master_fakultas_updateby` (`UpdateBy`),
  KEY `master_fakultas_createdate` (`CreateDate`),
  KEY `master_fakultas_updatedate` (`UpdateDate`),
  KEY `master_fakultas_kii` (`KIILastUploadDate`),
  CONSTRAINT `master_fakultas_createby` FOREIGN KEY (`CreateBy`) REFERENCES `users` (`ID`) ON DELETE SET NULL ON UPDATE CASCADE,
  CONSTRAINT `master_fakultas_updateby` FOREIGN KEY (`UpdateBy`) REFERENCES `users` (`ID`) ON DELETE SET NULL ON UPDATE CASCADE
) ENGINE=InnoDB DEFAULT CHARSET=latin1 COLLATE=latin1_general_ci;

/*Data for the table `master_fakultas` */

/*Table structure for table `master_jam_buka` */

CREATE TABLE `master_jam_buka` (
  `ID` int(11) NOT NULL AUTO_INCREMENT,
  `hari` varchar(50) DEFAULT '0',
  `jam_buka` time DEFAULT '00:00:00',
  `jam_tutup` time DEFAULT '00:00:00',
  `CreateBy` int(11) DEFAULT NULL,
  `CreateDate` datetime DEFAULT NULL,
  `CreateTerminal` varchar(100) DEFAULT NULL,
  `UpdateBy` int(11) DEFAULT NULL,
  `UpdateDate` datetime DEFAULT NULL,
  `UpdateTerminal` varchar(100) DEFAULT NULL,
  PRIMARY KEY (`ID`)
) ENGINE=InnoDB AUTO_INCREMENT=8 DEFAULT CHARSET=latin1;

/*Data for the table `master_jam_buka` */

insert  into `master_jam_buka`(`ID`,`hari`,`jam_buka`,`jam_tutup`,`CreateBy`,`CreateDate`,`CreateTerminal`,`UpdateBy`,`UpdateDate`,`UpdateTerminal`) values (1,'Senin','08:00:00','17:00:00',NULL,NULL,NULL,50,'2016-04-29 16:56:54','192.168.0.1'),(2,'Selasa','08:00:00','17:00:00',NULL,NULL,NULL,50,'2016-04-29 16:57:12','192.168.0.1'),(3,'Rabu','08:00:00','17:00:00',NULL,NULL,NULL,50,'2016-04-29 16:57:29','192.168.0.1'),(4,'Kamis','08:00:00','17:00:00',NULL,NULL,NULL,50,'2016-04-29 16:57:38','192.168.0.1'),(5,'Jumat','08:00:00','17:30:00',NULL,NULL,NULL,50,'2016-04-29 16:57:52','192.168.0.1'),(6,'Sabtu','08:00:00','15:00:00',NULL,NULL,NULL,50,'2016-04-29 16:58:49','192.168.0.1'),(7,'Minggu','08:00:00','12:00:00',NULL,NULL,NULL,50,'2016-04-29 16:58:41','192.168.0.1');

/*Table structure for table `master_jenis_identitas` */

CREATE TABLE `master_jenis_identitas` (
  `id` int(11) NOT NULL AUTO_INCREMENT,
  `Nama` varchar(50) COLLATE latin1_general_ci NOT NULL,
  `CreateBy` int(11) DEFAULT NULL,
  `CreateDate` datetime DEFAULT NULL,
  `CreateTerminal` varchar(100) COLLATE latin1_general_ci DEFAULT NULL,
  `UpdateBy` int(11) DEFAULT NULL,
  `UpdateDate` datetime DEFAULT NULL,
  `UpdateTerminal` varchar(100) COLLATE latin1_general_ci DEFAULT NULL,
  `IsNIK` bit(1) DEFAULT b'0',
  `KIILastUploadDate` datetime DEFAULT NULL,
  PRIMARY KEY (`id`),
  KEY `master_jenis_identitas_createby` (`CreateBy`),
  KEY `master_jenis_identitas_updateby` (`UpdateBy`),
  CONSTRAINT `master_jenis_identitas_createby` FOREIGN KEY (`CreateBy`) REFERENCES `users` (`ID`) ON DELETE SET NULL ON UPDATE CASCADE,
  CONSTRAINT `master_jenis_identitas_updateby` FOREIGN KEY (`UpdateBy`) REFERENCES `users` (`ID`) ON DELETE SET NULL ON UPDATE CASCADE
) ENGINE=InnoDB AUTO_INCREMENT=6 DEFAULT CHARSET=latin1 COLLATE=latin1_general_ci;

/*Data for the table `master_jenis_identitas` */

insert  into `master_jenis_identitas`(`id`,`Nama`,`CreateBy`,`CreateDate`,`CreateTerminal`,`UpdateBy`,`UpdateDate`,`UpdateTerminal`,`IsNIK`,`KIILastUploadDate`) values (1,'KTP / NIK',NULL,'2015-03-22 06:24:56',NULL,NULL,'2015-09-23 00:49:39','::1','','2015-10-27 13:36:55'),(2,'SIM',NULL,'2015-03-22 06:24:56',NULL,NULL,'2015-09-18 03:58:52','::1','\0','2015-10-27 13:36:55'),(3,'KARTU PELAJAR',NULL,'2015-03-22 06:24:56',NULL,NULL,'2015-03-22 06:58:37','::1','\0','2015-10-27 13:36:55'),(4,'KARTU MAHASISWA',NULL,'2015-03-22 06:24:56',NULL,NULL,'2015-03-22 07:01:08','::1','\0','2015-10-27 13:36:55'),(5,'PASPOR',NULL,'2015-03-22 06:24:56',NULL,NULL,'2015-03-22 06:24:56',NULL,'\0','2015-10-27 13:36:55');

/*Table structure for table `master_jenjang_pendidikan` */

CREATE TABLE `master_jenjang_pendidikan` (
  `ID` int(11) NOT NULL AUTO_INCREMENT,
  `jenjang_pendidikan` varchar(255) NOT NULL,
  `CreateBy` int(11) DEFAULT NULL,
  `CreateDate` datetime DEFAULT NULL,
  `CreateTerminal` varchar(100) DEFAULT NULL,
  `UpdateBy` int(11) DEFAULT NULL,
  `UpdateDate` date DEFAULT NULL,
  `UpdateTerminal` varchar(100) DEFAULT NULL,
  PRIMARY KEY (`ID`),
  KEY `masjer_jenjang_pendidikan_create_by` (`CreateBy`),
  KEY `masjer_jenjang_pendidikan_create_date` (`CreateDate`),
  KEY `masjer_jenjang_pendidikan_update_by` (`UpdateBy`),
  KEY `masjer_jenjang_pendidikan_update_date` (`UpdateDate`)
) ENGINE=InnoDB DEFAULT CHARSET=latin1;

/*Data for the table `master_jenjang_pendidikan` */

/*Table structure for table `master_jurusan` */

CREATE TABLE `master_jurusan` (
  `id` int(11) NOT NULL AUTO_INCREMENT,
  `id_fakultas` int(11) DEFAULT NULL,
  `Nama` varchar(255) COLLATE latin1_general_ci NOT NULL,
  `CreateBy` int(11) DEFAULT NULL,
  `CreateDate` datetime DEFAULT NULL,
  `CreateTerminal` varchar(100) COLLATE latin1_general_ci DEFAULT NULL,
  `UpdateBy` int(11) DEFAULT NULL,
  `UpdateDate` datetime DEFAULT NULL,
  `UpdateTerminal` varchar(100) COLLATE latin1_general_ci DEFAULT NULL,
  `KIILastUploadDate` datetime DEFAULT NULL,
  PRIMARY KEY (`id`),
  KEY `master_jurusan_fakultas` (`id_fakultas`),
  KEY `master_jurusan_createby` (`CreateBy`),
  KEY `master_jurusan_updateby` (`UpdateBy`),
  KEY `master_jurusan_kii` (`KIILastUploadDate`),
  KEY `master_jurusan_createdate` (`CreateDate`),
  KEY `master_jurusan_updatedate` (`UpdateDate`),
  CONSTRAINT `master_jurusan_createby` FOREIGN KEY (`CreateBy`) REFERENCES `users` (`ID`) ON DELETE SET NULL ON UPDATE CASCADE,
  CONSTRAINT `master_jurusan_fakultas` FOREIGN KEY (`id_fakultas`) REFERENCES `master_fakultas` (`id`) ON DELETE CASCADE ON UPDATE CASCADE,
  CONSTRAINT `master_jurusan_updateby` FOREIGN KEY (`UpdateBy`) REFERENCES `users` (`ID`) ON DELETE SET NULL ON UPDATE CASCADE
) ENGINE=InnoDB DEFAULT CHARSET=latin1 COLLATE=latin1_general_ci;

/*Data for the table `master_jurusan` */

/*Table structure for table `master_kelas_besar` */

CREATE TABLE `master_kelas_besar` (
  `ID` int(11) NOT NULL AUTO_INCREMENT,
  `kdKelas` varchar(3) NOT NULL,
  `namakelas` varchar(255) NOT NULL,
  `warna` varchar(50) DEFAULT NULL,
  `CreateBy` int(11) DEFAULT NULL,
  `CreateDate` datetime DEFAULT NULL,
  `CreateTerminal` varchar(100) DEFAULT NULL,
  `UpdateBy` int(11) DEFAULT NULL,
  `UpdateDate` datetime DEFAULT NULL,
  `UpdateTerminal` varchar(100) DEFAULT NULL,
  PRIMARY KEY (`ID`),
  KEY `master_kelas_besar_createby` (`CreateBy`),
  KEY `master_kelas_besar_updateby` (`UpdateBy`),
  CONSTRAINT `master_kelas_besar_createby` FOREIGN KEY (`CreateBy`) REFERENCES `users` (`ID`) ON DELETE SET NULL ON UPDATE CASCADE,
  CONSTRAINT `master_kelas_besar_updateby` FOREIGN KEY (`UpdateBy`) REFERENCES `users` (`ID`) ON DELETE SET NULL ON UPDATE CASCADE
) ENGINE=InnoDB AUTO_INCREMENT=11 DEFAULT CHARSET=latin1;

/*Data for the table `master_kelas_besar` */

insert  into `master_kelas_besar`(`ID`,`kdKelas`,`namakelas`,`warna`,`CreateBy`,`CreateDate`,`CreateTerminal`,`UpdateBy`,`UpdateDate`,`UpdateTerminal`) values (1,'000','000 - Karya Umum','#023E9C',NULL,NULL,NULL,NULL,'2015-10-11 20:22:33','::1'),(2,'100','100 - Filsafat dan Psikologi','#F9E103',NULL,NULL,NULL,NULL,'2015-10-11 20:23:27','::1'),(3,'200','200 - Agama','#1CA369',NULL,NULL,NULL,NULL,'2015-10-11 20:24:36','::1'),(4,'300','300 - Ilmu Sosial','#9C3397',NULL,NULL,NULL,NULL,'2015-10-11 20:25:27','::1'),(5,'400','400 - Bahasa','#EA3699',NULL,NULL,NULL,NULL,'2015-10-11 20:25:48','::1'),(6,'500','500 - Ilmu Murni','#1692C8',NULL,NULL,NULL,NULL,'2015-10-11 20:26:14','::1'),(7,'600','600 - Ilmu Terapan','#F09602',NULL,NULL,NULL,NULL,'2015-10-11 20:26:42','::1'),(8,'700','700 - Kesenian dan Olahraga','#E782BA',NULL,NULL,NULL,NULL,'2015-10-11 20:27:05','::1'),(9,'800','800 - Kesusasteraan','#CADB03',NULL,NULL,NULL,NULL,'2015-10-11 20:27:29','::1'),(10,'900','900 - Sejarah dan Geografi','#E90A1F',NULL,NULL,NULL,NULL,'2015-10-11 20:27:49','::1');

/*Table structure for table `master_kependudukan` */

CREATE TABLE `master_kependudukan` (
  `id` int(11) NOT NULL AUTO_INCREMENT,
  `nomorkk` varchar(50) DEFAULT NULL,
  `nik` varchar(50) NOT NULL,
  `namalengkap` varchar(100) NOT NULL,
  `nama_ibu` varchar(100) DEFAULT NULL,
  `al1` varchar(255) DEFAULT NULL,
  `rt` varchar(50) DEFAULT NULL,
  `rw` varchar(50) DEFAULT NULL,
  `kodekec` varchar(50) DEFAULT NULL,
  `kodekel` varchar(50) DEFAULT NULL,
  `nama_kec` varchar(100) DEFAULT NULL,
  `nama_kel` varchar(100) DEFAULT NULL,
  `nama_kab` varchar(100) DEFAULT NULL,
  `nama_prov` varchar(100) DEFAULT NULL,
  `alamat` varchar(255) DEFAULT NULL,
  `lhrtempat` varchar(50) DEFAULT NULL,
  `lhrtanggal` varchar(50) DEFAULT NULL,
  `ttl` varchar(50) DEFAULT NULL,
  `umur` varchar(50) DEFAULT NULL,
  `jk` int(11) DEFAULT NULL,
  `jenis` varchar(50) DEFAULT NULL,
  `status` int(11) DEFAULT NULL,
  `sts` varchar(50) DEFAULT NULL COMMENT 'Status Kawin',
  `hub` varchar(50) DEFAULT NULL,
  `agama` int(50) DEFAULT NULL,
  `agm` varchar(50) DEFAULT NULL,
  `pendidikan` varchar(50) DEFAULT NULL,
  `pekerjaan` varchar(50) DEFAULT NULL,
  `klain_fisik` varchar(50) DEFAULT NULL,
  `aktalhr` varchar(50) DEFAULT NULL,
  `aktakawin` varchar(50) DEFAULT NULL,
  `aktacerai` varchar(50) DEFAULT NULL,
  `nocacat` varchar(50) DEFAULT NULL,
  `CreateBy` int(11) DEFAULT NULL,
  `CreateDate` datetime DEFAULT NULL,
  `CreateTerminal` varchar(100) DEFAULT NULL,
  `UpdateBy` int(11) DEFAULT NULL,
  `UpdateDate` datetime DEFAULT NULL,
  `UpdateTerminal` varchar(100) DEFAULT NULL,
  PRIMARY KEY (`id`),
  KEY `master_kependudukan_createby` (`CreateBy`),
  KEY `master_kependudukan_updateby` (`UpdateBy`),
  KEY `master_kependudukan_nik` (`nik`),
  CONSTRAINT `master_kependudukan_createby` FOREIGN KEY (`CreateBy`) REFERENCES `users` (`ID`) ON DELETE SET NULL ON UPDATE CASCADE,
  CONSTRAINT `master_kependudukan_updateby` FOREIGN KEY (`UpdateBy`) REFERENCES `users` (`ID`) ON DELETE SET NULL ON UPDATE CASCADE
) ENGINE=InnoDB AUTO_INCREMENT=12 DEFAULT CHARSET=latin1;

/*Data for the table `master_kependudukan` */

insert  into `master_kependudukan`(`id`,`nomorkk`,`nik`,`namalengkap`,`nama_ibu`,`al1`,`rt`,`rw`,`kodekec`,`kodekel`,`nama_kec`,`nama_kel`,`nama_kab`,`nama_prov`,`alamat`,`lhrtempat`,`lhrtanggal`,`ttl`,`umur`,`jk`,`jenis`,`status`,`sts`,`hub`,`agama`,`agm`,`pendidikan`,`pekerjaan`,`klain_fisik`,`aktalhr`,`aktakawin`,`aktacerai`,`nocacat`,`CreateBy`,`CreateDate`,`CreateTerminal`,`UpdateBy`,`UpdateDate`,`UpdateTerminal`) values (10,'CONTOH40103057003','CONTOH40103057003','Limas Pratama',NULL,'Jl. Jambu 10','001','001','04','Jambu Dua',NULL,NULL,NULL,NULL,'Jl. Jambu 10 RT : 001 RW : 001 KELURAHAN/DESA Jl. Jambu 10','Bekasi','06/11/1990','Bekasi:06/11/1990','11',1,'P',0,'BELUM KAWIN','4',2,'Katholik','D3','Pegawai Negeri','Tidak Ada','0','0','0','0',NULL,'2015-09-16 17:50:29','::1',NULL,'2016-04-15 12:51:05','192.168.0.1'),(11,'CONTOH40103057003','CONTOH44602470001','SITAMET',NULL,'Jl. Umar Bakri 3','001','08','04','Klender',NULL,NULL,NULL,NULL,'Jl. Umar Bakri 3 RT : 001 RW : 08 KELURAHAN/DESA Jl. Umar Bakri 3','Jakarta','06/02/1975','Jakarta:06/02/1975','42',0,'L',1,'KAWIN','2',2,'Katholik','D3','Peneliti','Tidak Ada','0','0','0','0',NULL,'2015-09-16 17:50:29','::1',NULL,'2016-04-15 12:54:05','192.168.0.1');

/*Table structure for table `master_loker` */

CREATE TABLE `master_loker` (
  `ID` int(11) NOT NULL AUTO_INCREMENT,
  `No` varchar(255) NOT NULL,
  `Name` varchar(255) NOT NULL,
  `locations_id` int(11) DEFAULT NULL,
  `status` varchar(20) DEFAULT NULL,
  `CreateBy` int(11) DEFAULT NULL,
  `CreateDate` datetime DEFAULT NULL,
  `CreateTerminal` varchar(100) DEFAULT NULL,
  `UpdateBy` int(11) DEFAULT NULL,
  `UpdateDate` datetime DEFAULT NULL,
  `UpdateTerminal` varchar(100) DEFAULT NULL,
  PRIMARY KEY (`ID`),
  KEY `master_loker_createby_idx` (`CreateBy`),
  KEY `master_loker_location_idx` (`locations_id`),
  KEY `master_loker_updateby_idx` (`UpdateBy`),
  CONSTRAINT `master_loker_createby` FOREIGN KEY (`CreateBy`) REFERENCES `users` (`ID`) ON DELETE SET NULL ON UPDATE CASCADE,
  CONSTRAINT `master_loker_locations` FOREIGN KEY (`locations_id`) REFERENCES `locations` (`ID`) ON DELETE CASCADE ON UPDATE CASCADE,
  CONSTRAINT `master_loker_updateby` FOREIGN KEY (`UpdateBy`) REFERENCES `users` (`ID`) ON DELETE SET NULL ON UPDATE CASCADE
) ENGINE=InnoDB AUTO_INCREMENT=6 DEFAULT CHARSET=latin1;

/*Data for the table `master_loker` */

insert  into `master_loker`(`ID`,`No`,`Name`,`locations_id`,`status`,`CreateBy`,`CreateDate`,`CreateTerminal`,`UpdateBy`,`UpdateDate`,`UpdateTerminal`) values (1,'001','Locker 001',3,'Out of Order',NULL,NULL,NULL,NULL,'2015-10-20 10:55:06','::1'),(2,'002','Locker 002',2,'used',NULL,NULL,NULL,NULL,'2015-10-18 15:03:09','::1'),(3,'003','Locker 003',1,'ready',NULL,NULL,NULL,NULL,'2015-10-20 16:48:41','::1'),(4,'004','Locker 004',3,'used',NULL,'2015-10-18 15:10:47','::1',NULL,'2015-10-20 13:21:54','::1'),(5,'005','Locker 005',4,'used',NULL,'2015-10-18 17:22:00','::1',NULL,'2015-10-19 22:27:43','::1');

/*Table structure for table `master_pekerjaan` */

CREATE TABLE `master_pekerjaan` (
  `id` int(11) NOT NULL AUTO_INCREMENT,
  `Pekerjaan` varchar(50) COLLATE latin1_general_ci NOT NULL,
  `CreateBy` int(11) DEFAULT NULL,
  `CreateDate` datetime DEFAULT NULL,
  `CreateTerminal` varchar(100) COLLATE latin1_general_ci DEFAULT NULL,
  `UpdateBy` int(11) DEFAULT NULL,
  `UpdateDate` datetime DEFAULT NULL,
  `UpdateTerminal` varchar(100) COLLATE latin1_general_ci DEFAULT NULL,
  `KIILastUploadDate` datetime DEFAULT NULL,
  PRIMARY KEY (`id`),
  KEY `master_pekerjaan_createby` (`CreateBy`),
  KEY `master_pekerjaan_updateby` (`UpdateBy`),
  CONSTRAINT `master_pekerjaan_createby` FOREIGN KEY (`CreateBy`) REFERENCES `users` (`ID`) ON DELETE SET NULL ON UPDATE CASCADE,
  CONSTRAINT `master_pekerjaan_updateby` FOREIGN KEY (`UpdateBy`) REFERENCES `users` (`ID`) ON DELETE SET NULL ON UPDATE CASCADE
) ENGINE=InnoDB AUTO_INCREMENT=12 DEFAULT CHARSET=latin1 COLLATE=latin1_general_ci;

/*Data for the table `master_pekerjaan` */

insert  into `master_pekerjaan`(`id`,`Pekerjaan`,`CreateBy`,`CreateDate`,`CreateTerminal`,`UpdateBy`,`UpdateDate`,`UpdateTerminal`,`KIILastUploadDate`) values (1,'Pegawai Negeri',NULL,'2015-03-22 06:24:56',NULL,NULL,'2015-03-22 06:58:16','::1','2015-10-27 14:40:08'),(2,'Peneliti',NULL,'2015-03-22 06:24:56',NULL,NULL,'2015-03-22 06:57:56','::1','2015-10-27 14:40:08'),(3,'TNI/POLRI',NULL,'2015-03-22 06:24:56',NULL,NULL,'2015-03-22 06:58:37','::1','2015-10-27 14:40:08'),(4,'Pegawai Swasta',NULL,'2015-03-22 06:24:56',NULL,NULL,'2015-03-22 07:01:08','::1','2015-10-27 14:40:08'),(5,'Dosen',NULL,'2015-03-22 06:24:56',NULL,NULL,'2015-03-22 07:01:08',NULL,'2015-10-27 14:40:08'),(6,'Pensiunan',NULL,'2015-03-22 06:24:56',NULL,NULL,'2015-03-22 07:01:08',NULL,'2015-10-27 14:40:08'),(7,'Wiraswasta',NULL,'2015-03-22 06:24:56',NULL,NULL,'2015-03-22 07:01:08',NULL,'2015-10-27 14:40:08'),(8,'Guru',NULL,'2015-03-22 06:24:56',NULL,NULL,'2015-03-22 07:01:08',NULL,'2015-10-27 14:40:08'),(9,'Pelajar',NULL,'2015-03-22 06:24:56',NULL,NULL,'2015-03-22 07:01:08',NULL,'2015-10-27 14:40:08'),(10,'Mahasiswa',NULL,'2015-03-22 06:24:56',NULL,NULL,'2015-03-22 07:01:08',NULL,'2015-10-27 14:40:08'),(11,'Lainnya',NULL,'2016-05-13 10:54:53','192.168.0.1',NULL,'2016-05-13 10:54:53','192.168.0.1',NULL);

/*Table structure for table `master_pelanggaran_locker` */

CREATE TABLE `master_pelanggaran_locker` (
  `ID` int(11) NOT NULL AUTO_INCREMENT,
  `jenis_pelanggaran` varchar(50) DEFAULT NULL,
  `denda` decimal(10,0) DEFAULT NULL,
  `deskripsi` text,
  `CreateBy` varchar(100) DEFAULT NULL,
  `CreateDate` datetime DEFAULT NULL,
  `CreateTerminal` varchar(100) DEFAULT NULL,
  `UpdateBy` varchar(100) DEFAULT NULL,
  `UpdateDate` datetime DEFAULT NULL,
  `UpdateTerminal` varchar(100) DEFAULT NULL,
  PRIMARY KEY (`ID`)
) ENGINE=InnoDB AUTO_INCREMENT=5 DEFAULT CHARSET=latin1;

/*Data for the table `master_pelanggaran_locker` */

insert  into `master_pelanggaran_locker`(`ID`,`jenis_pelanggaran`,`denda`,`deskripsi`,`CreateBy`,`CreateDate`,`CreateTerminal`,`UpdateBy`,`UpdateDate`,`UpdateTerminal`) values (1,'Hilang',10000,'Kunci Hilang','0','2015-10-16 08:56:10','0','46','2015-10-18 19:16:26','::1'),(2,'Rusak',100000,'Kunci Rusak',NULL,'2015-10-16 09:34:35',NULL,NULL,NULL,NULL),(4,'Terlambat',1000,'Terlambat per hari di kenakan denda sebesar 1000','33','2016-04-27 08:04:41','192.168.0.1','33','2016-04-27 08:04:41','192.168.0.1');

/*Table structure for table `master_pendidikan` */

CREATE TABLE `master_pendidikan` (
  `id` int(11) NOT NULL AUTO_INCREMENT,
  `Nama` varchar(50) COLLATE latin1_general_ci NOT NULL,
  `CreateBy` int(11) DEFAULT NULL,
  `CreateDate` datetime DEFAULT NULL,
  `CreateTerminal` varchar(100) COLLATE latin1_general_ci DEFAULT NULL,
  `UpdateBy` int(11) DEFAULT NULL,
  `UpdateDate` datetime DEFAULT NULL,
  `UpdateTerminal` varchar(100) COLLATE latin1_general_ci DEFAULT NULL,
  `KIILastUploadDate` datetime DEFAULT NULL,
  PRIMARY KEY (`id`),
  KEY `master_pendidikan_createby` (`CreateBy`),
  KEY `master_pendidikan_updateby` (`UpdateBy`),
  CONSTRAINT `master_pendidikan_createby` FOREIGN KEY (`CreateBy`) REFERENCES `users` (`ID`) ON DELETE SET NULL ON UPDATE CASCADE,
  CONSTRAINT `master_pendidikan_updateby` FOREIGN KEY (`UpdateBy`) REFERENCES `users` (`ID`) ON DELETE SET NULL ON UPDATE CASCADE
) ENGINE=InnoDB AUTO_INCREMENT=10 DEFAULT CHARSET=latin1 COLLATE=latin1_general_ci;

/*Data for the table `master_pendidikan` */

insert  into `master_pendidikan`(`id`,`Nama`,`CreateBy`,`CreateDate`,`CreateTerminal`,`UpdateBy`,`UpdateDate`,`UpdateTerminal`,`KIILastUploadDate`) values (1,'SD',NULL,'2015-03-22 06:24:56',NULL,NULL,'2015-03-22 06:58:16','::1','2015-10-27 17:42:16'),(2,'SMP',NULL,'2015-03-22 06:24:56',NULL,NULL,'2015-03-22 06:57:56','::1','2015-10-27 17:42:16'),(3,'SMA',NULL,'2015-03-22 06:24:56',NULL,NULL,'2015-03-22 06:58:37','::1','2015-10-27 17:42:16'),(4,'D1',NULL,'2015-03-22 06:24:56',NULL,NULL,'2015-03-22 07:01:08','::1','2015-10-27 17:42:16'),(5,'D2',NULL,'2015-03-22 06:24:56',NULL,NULL,'2015-03-22 06:24:56',NULL,'2015-10-27 17:42:16'),(6,'D3',NULL,'2015-03-22 06:24:56',NULL,NULL,'2015-03-22 06:24:56',NULL,'2015-10-27 17:42:16'),(7,'S1',NULL,'2015-03-22 06:24:56',NULL,NULL,'2015-03-22 06:24:56',NULL,'2015-10-27 17:42:16'),(8,'S2',NULL,'2015-03-22 06:24:56',NULL,NULL,'2015-03-22 06:24:56',NULL,'2015-10-27 17:42:16'),(9,'S3',NULL,'2015-03-22 06:24:56',NULL,NULL,'2016-03-06 22:12:11','192.168.0.1','2015-10-27 17:42:16');

/*Table structure for table `master_program_studi` */

CREATE TABLE `master_program_studi` (
  `id` int(11) NOT NULL AUTO_INCREMENT,
  `id_jurusan` int(11) DEFAULT NULL,
  `Nama` varchar(255) COLLATE latin1_general_ci NOT NULL,
  `CreateBy` int(11) DEFAULT NULL,
  `CreateDate` datetime DEFAULT NULL,
  `CreateTerminal` varchar(100) COLLATE latin1_general_ci DEFAULT NULL,
  `UpdateBy` int(11) DEFAULT NULL,
  `UpdateDate` datetime DEFAULT NULL,
  `UpdateTerminal` varchar(100) COLLATE latin1_general_ci DEFAULT NULL,
  `KIILastUploadDate` datetime DEFAULT NULL,
  PRIMARY KEY (`id`),
  KEY `master_program_studi_createby` (`CreateBy`),
  KEY `master_program_studi_updateby` (`UpdateBy`),
  KEY `master_program_studi_kii` (`KIILastUploadDate`),
  KEY `master_program_studi_jurusan_idx` (`id_jurusan`),
  CONSTRAINT `master_program_studi_createby` FOREIGN KEY (`CreateBy`) REFERENCES `users` (`ID`) ON DELETE SET NULL ON UPDATE CASCADE,
  CONSTRAINT `master_program_studi_jurusan` FOREIGN KEY (`id_jurusan`) REFERENCES `master_jurusan` (`id`) ON DELETE CASCADE ON UPDATE CASCADE,
  CONSTRAINT `master_program_studi_updateby` FOREIGN KEY (`UpdateBy`) REFERENCES `users` (`ID`) ON DELETE SET NULL ON UPDATE CASCADE
) ENGINE=InnoDB DEFAULT CHARSET=latin1 COLLATE=latin1_general_ci;

/*Data for the table `master_program_studi` */

/*Table structure for table `master_range_umur` */

CREATE TABLE `master_range_umur` (
  `id` int(11) NOT NULL AUTO_INCREMENT,
  `umur1` int(11) NOT NULL,
  `umur2` int(11) NOT NULL,
  `Keterangan` varchar(255) COLLATE latin1_general_ci DEFAULT NULL,
  `NoUrut` int(11) DEFAULT '99',
  `CreateBy` int(11) DEFAULT NULL,
  `CreateDate` datetime DEFAULT NULL,
  `CreateTerminal` varchar(100) COLLATE latin1_general_ci DEFAULT NULL,
  `UpdateBy` int(11) DEFAULT NULL,
  `UpdateDate` datetime DEFAULT NULL,
  `UpdateTerminal` varchar(100) COLLATE latin1_general_ci DEFAULT NULL,
  PRIMARY KEY (`id`),
  KEY `master_range_umur_createby` (`CreateBy`),
  KEY `master_range_umur_updateby` (`UpdateBy`),
  CONSTRAINT `master_range_umur_createby` FOREIGN KEY (`CreateBy`) REFERENCES `users` (`ID`) ON DELETE SET NULL ON UPDATE CASCADE,
  CONSTRAINT `master_range_umur_updateby` FOREIGN KEY (`UpdateBy`) REFERENCES `users` (`ID`) ON DELETE SET NULL ON UPDATE CASCADE
) ENGINE=InnoDB AUTO_INCREMENT=10 DEFAULT CHARSET=latin1 COLLATE=latin1_general_ci;

/*Data for the table `master_range_umur` */

insert  into `master_range_umur`(`id`,`umur1`,`umur2`,`Keterangan`,`NoUrut`,`CreateBy`,`CreateDate`,`CreateTerminal`,`UpdateBy`,`UpdateDate`,`UpdateTerminal`) values (1,0,5,'Masa Balita (0 sd 5 tahun)',1,NULL,'2015-02-23 11:13:07',NULL,NULL,'2015-09-11 20:40:09','::1'),(2,6,11,'Masa Kanak-Kanak (6 sd 11 tahun)',2,NULL,'2015-02-23 11:13:07',NULL,NULL,'2015-09-11 20:40:18','::1'),(3,12,16,'Masa Remaja Awal (12-16 tahun)',3,NULL,'2015-02-23 11:13:07',NULL,NULL,'2015-09-11 20:40:26','::1'),(4,17,25,'Masa Remaja Akhir (17-25 tahun)',4,NULL,'2015-02-23 11:13:07',NULL,NULL,'2015-09-11 20:40:34','::1'),(5,26,35,'Masa Dewasa Awal (26-35 tahun)',5,NULL,'2015-02-23 11:13:07',NULL,NULL,'2015-09-11 20:40:42','::1'),(6,36,45,'Masa Dewasa Akhir (36-45 tahun)',6,NULL,'2015-02-23 11:13:07',NULL,NULL,'2015-09-11 20:41:00','::1'),(7,46,55,'Massa Lansia Awal (46-55 tahun)',7,NULL,'2015-02-23 11:13:07',NULL,NULL,'2015-09-11 20:41:09','::1'),(9,56,200,'Masa Manula (56-200 tahun)',9,NULL,'2015-02-23 11:42:59','::1',NULL,'2015-09-11 20:41:26','::1');

/*Table structure for table `master_status_perkawinan` */

CREATE TABLE `master_status_perkawinan` (
  `id` int(11) NOT NULL AUTO_INCREMENT,
  `Nama` varchar(30) COLLATE latin1_general_ci NOT NULL,
  `CreateBy` int(11) DEFAULT NULL,
  `CreateDate` datetime DEFAULT NULL,
  `CreateTerminal` varchar(100) COLLATE latin1_general_ci DEFAULT NULL,
  `UpdateBy` int(11) DEFAULT NULL,
  `UpdateDate` datetime DEFAULT NULL,
  `UpdateTerminal` varchar(100) COLLATE latin1_general_ci DEFAULT NULL,
  PRIMARY KEY (`id`),
  KEY `master_status_perkawinan_createby` (`CreateBy`),
  KEY `master_status_perkawinan_updateby` (`UpdateBy`),
  CONSTRAINT `master_status_perkawinan_createby` FOREIGN KEY (`CreateBy`) REFERENCES `users` (`ID`) ON DELETE SET NULL ON UPDATE CASCADE,
  CONSTRAINT `master_status_perkawinan_updateby` FOREIGN KEY (`UpdateBy`) REFERENCES `users` (`ID`) ON DELETE SET NULL ON UPDATE CASCADE
) ENGINE=InnoDB AUTO_INCREMENT=3 DEFAULT CHARSET=latin1 COLLATE=latin1_general_ci;

/*Data for the table `master_status_perkawinan` */

insert  into `master_status_perkawinan`(`id`,`Nama`,`CreateBy`,`CreateDate`,`CreateTerminal`,`UpdateBy`,`UpdateDate`,`UpdateTerminal`) values (1,'Belum Menikah',NULL,'2015-09-14 08:33:00','DeniPC',NULL,NULL,NULL),(2,'Menikah',NULL,'2015-09-14 08:33:00','DeniPC',NULL,NULL,NULL);

/*Table structure for table `master_uang_jaminan` */

CREATE TABLE `master_uang_jaminan` (
  `ID` int(11) NOT NULL AUTO_INCREMENT,
  `No` varchar(255) NOT NULL,
  `Name` varchar(255) NOT NULL,
  `CreateBy` varchar(100) DEFAULT NULL,
  `CreateDate` datetime DEFAULT NULL,
  `CreateTerminal` varchar(100) DEFAULT NULL,
  `UpdateBy` varchar(100) DEFAULT NULL,
  `UpdateDate` datetime DEFAULT NULL,
  `UpdateTerminal` varchar(100) DEFAULT NULL,
  PRIMARY KEY (`ID`)
) ENGINE=InnoDB DEFAULT CHARSET=latin1;

/*Data for the table `master_uang_jaminan` */

/*Table structure for table `member_fields` */

CREATE TABLE `member_fields` (
  `id` int(11) NOT NULL AUTO_INCREMENT,
  `name` varchar(255) NOT NULL,
  `mandatory` bit(1) DEFAULT b'0',
  `CreateBy` int(11) DEFAULT NULL,
  `CreateDate` datetime DEFAULT NULL,
  `CreateTerminal` varchar(100) DEFAULT NULL,
  `UpdateBy` int(11) DEFAULT NULL,
  `UpdateDate` datetime DEFAULT NULL,
  `UpdateTerminal` varchar(100) DEFAULT NULL,
  PRIMARY KEY (`id`),
  KEY `member_fields_mandatory` (`mandatory`),
  KEY `member_fields_createby` (`CreateBy`),
  KEY `member_fields_updateby` (`UpdateBy`),
  CONSTRAINT `member_fields_createby` FOREIGN KEY (`CreateBy`) REFERENCES `users` (`ID`) ON DELETE SET NULL ON UPDATE CASCADE,
  CONSTRAINT `member_fields_updateby` FOREIGN KEY (`UpdateBy`) REFERENCES `users` (`ID`) ON DELETE SET NULL ON UPDATE CASCADE
) ENGINE=InnoDB AUTO_INCREMENT=49 DEFAULT CHARSET=latin1;

/*Data for the table `member_fields` */

insert  into `member_fields`(`id`,`name`,`mandatory`,`CreateBy`,`CreateDate`,`CreateTerminal`,`UpdateBy`,`UpdateDate`,`UpdateTerminal`) values (1,'No.Anggota','',NULL,NULL,NULL,NULL,NULL,NULL),(2,'Nama','',NULL,NULL,NULL,NULL,NULL,NULL),(3,'Tempat Lahir','',NULL,NULL,NULL,NULL,NULL,NULL),(4,'Tanggal Lahir','',NULL,NULL,NULL,NULL,NULL,NULL),(5,'Alamat Sesuai KTP','',NULL,NULL,NULL,NULL,NULL,NULL),(6,'Kabupaten / Kota','\0',NULL,NULL,NULL,NULL,NULL,NULL),(7,'Propinsi','\0',NULL,NULL,NULL,NULL,NULL,NULL),(8,'Alamat Tempat Tinggal Sekarang','\0',NULL,NULL,NULL,NULL,NULL,NULL),(9,'Kabupaten/Kota Sekarang','\0',NULL,NULL,NULL,NULL,NULL,NULL),(10,'Propinsi Sekarang','\0',NULL,NULL,NULL,NULL,NULL,NULL),(11,'No. HP','\0',NULL,NULL,NULL,NULL,NULL,NULL),(12,'No. Telepon Rumah','\0',NULL,NULL,NULL,NULL,NULL,NULL),(13,'Jenis Identitas','\0',NULL,NULL,NULL,NULL,NULL,NULL),(14,'No. Identitas','',NULL,NULL,NULL,NULL,NULL,NULL),(15,'Jenis Kelamin','\0',NULL,NULL,NULL,NULL,NULL,NULL),(16,'Pekerjaan','\0',NULL,NULL,NULL,NULL,NULL,NULL),(17,'Agama','\0',NULL,NULL,NULL,NULL,NULL,NULL),(18,'Jenis Anggota','\0',NULL,NULL,NULL,NULL,NULL,NULL),(19,'Pendidikan Terakhir','\0',NULL,NULL,NULL,NULL,NULL,NULL),(20,'Status Perkawinan','\0',NULL,NULL,NULL,NULL,NULL,NULL),(21,'Tanggal Pendaftaran','',NULL,NULL,NULL,NULL,NULL,NULL),(22,'Tanggal Berlaku Akhir','',NULL,NULL,NULL,NULL,NULL,NULL),(23,'Jenis Permohonan','',NULL,NULL,NULL,NULL,NULL,NULL),(24,'Status Anggota','',NULL,NULL,NULL,NULL,NULL,NULL),(25,'Ibu Kandung','\0',NULL,NULL,NULL,NULL,NULL,NULL),(26,'Nama Institusi','\0',NULL,NULL,NULL,NULL,NULL,NULL),(27,'Alamat Institusi','\0',NULL,NULL,NULL,NULL,NULL,NULL),(28,'No. Telepon Institusi','\0',NULL,NULL,NULL,NULL,NULL,NULL),(29,'Alamat Email','\0',NULL,NULL,NULL,NULL,NULL,NULL),(30,'Nama Darurat','\0',NULL,NULL,NULL,NULL,NULL,NULL),(31,'Alamat Darurat','\0',NULL,NULL,NULL,NULL,NULL,NULL),(32,'No. Telepon Darurat','\0',NULL,NULL,NULL,NULL,NULL,NULL),(33,'Status Hubungan Darurat','\0',NULL,NULL,NULL,NULL,NULL,NULL),(34,'Tahun Ajaran','\0',NULL,NULL,NULL,NULL,NULL,NULL),(35,'Kelas','\0',NULL,NULL,NULL,NULL,NULL,NULL),(36,'Unit Kerja','\0',NULL,NULL,NULL,NULL,NULL,NULL),(37,'Fakultas','\0',NULL,NULL,NULL,NULL,NULL,NULL),(38,'Jurusan','\0',NULL,NULL,NULL,NULL,NULL,NULL),(39,'Kecamatan','\0',NULL,NULL,NULL,NULL,NULL,NULL),(40,'Kelurahan','\0',NULL,NULL,NULL,NULL,NULL,NULL),(41,'RT','\0',NULL,NULL,NULL,NULL,NULL,NULL),(42,'RW','\0',NULL,NULL,NULL,NULL,NULL,NULL),(43,'KecamatanNow','\0',NULL,NULL,NULL,NULL,NULL,NULL),(44,'KelurahanNow','\0',NULL,NULL,NULL,NULL,NULL,NULL),(45,'RTNow','\0',NULL,NULL,NULL,NULL,NULL,NULL),(46,'RWNow','\0',NULL,NULL,NULL,NULL,NULL,NULL),(47,'Sisa Kuota','\0',NULL,NULL,NULL,NULL,NULL,NULL),(48,'Program Studi','\0',NULL,NULL,NULL,NULL,NULL,NULL);

/*Table structure for table `member_perpanjangan` */

CREATE TABLE `member_perpanjangan` (
  `ID` double NOT NULL AUTO_INCREMENT,
  `Member_id` double DEFAULT NULL,
  `Tanggal` datetime NOT NULL,
  `Biaya` decimal(10,0) DEFAULT '0',
  `IsLunas` bit(1) DEFAULT b'0',
  `Keterangan` varchar(255) DEFAULT NULL,
  `CreateBy` int(11) DEFAULT NULL,
  `CreateDate` datetime DEFAULT NULL,
  `CreateTerminal` varchar(100) DEFAULT NULL,
  `UpdateBy` int(11) DEFAULT NULL,
  `UpdateDate` datetime DEFAULT NULL,
  `UpdateTerminal` varchar(100) DEFAULT NULL,
  PRIMARY KEY (`ID`),
  KEY `member_perpanjangan_member` (`Member_id`),
  KEY `member_perpanjangan_createby` (`CreateBy`),
  KEY `member_perpanjangan_updateby` (`UpdateBy`),
  KEY `member_perpanjangan_createdate` (`CreateDate`),
  KEY `member_perpanjangan_tanggal` (`Tanggal`),
  CONSTRAINT `member_perpanjangan_createby` FOREIGN KEY (`CreateBy`) REFERENCES `users` (`ID`) ON DELETE SET NULL ON UPDATE CASCADE,
  CONSTRAINT `member_perpanjangan_member` FOREIGN KEY (`Member_id`) REFERENCES `members` (`ID`) ON DELETE CASCADE ON UPDATE CASCADE,
  CONSTRAINT `member_perpanjangan_updateby` FOREIGN KEY (`UpdateBy`) REFERENCES `users` (`ID`) ON DELETE SET NULL ON UPDATE CASCADE
) ENGINE=InnoDB DEFAULT CHARSET=latin1;

/*Data for the table `member_perpanjangan` */

/*Table structure for table `memberguesses` */

CREATE TABLE `memberguesses` (
  `ID` int(11) NOT NULL AUTO_INCREMENT,
  `NoAnggota` varchar(50) DEFAULT NULL,
  `Nama` varchar(100) NOT NULL,
  `Status_id` int(11) DEFAULT NULL,
  `MasaBerlaku_id` int(11) DEFAULT NULL,
  `Profesi_id` int(11) DEFAULT NULL,
  `PendidikanTerakhir_id` int(11) DEFAULT NULL,
  `JenisKelamin_id` int(11) DEFAULT NULL,
  `Alamat` varchar(255) DEFAULT NULL,
  `CreateBy` int(11) DEFAULT NULL,
  `CreateDate` datetime DEFAULT NULL,
  `CreateTerminal` varchar(100) DEFAULT NULL,
  `UpdateBy` int(11) DEFAULT NULL,
  `UpdateDate` datetime DEFAULT NULL,
  `UpdateTerminal` varchar(100) DEFAULT NULL,
  `Deskripsi` varchar(255) DEFAULT NULL,
  `LOCATIONLOANS_ID` int(11) DEFAULT NULL,
  `Location_Id` int(11) DEFAULT NULL,
  `TujuanKunjungan_Id` int(11) DEFAULT NULL,
  `Information` varchar(255) DEFAULT NULL,
  `NoPengunjung` varchar(50) DEFAULT NULL,
  PRIMARY KEY (`ID`),
  KEY `memberguesses_locationloans` (`LOCATIONLOANS_ID`),
  KEY `memberguesses_location_id` (`Location_Id`),
  KEY `memberguesses_TujuanKunjungan_Id` (`TujuanKunjungan_Id`),
  KEY `Membergueeses_NoPengunjung` (`NoPengunjung`),
  KEY `memberguesses_status` (`Status_id`),
  KEY `memberguesses_pekerjaan` (`Profesi_id`),
  KEY `memberguesses_pendidikan` (`PendidikanTerakhir_id`),
  KEY `memberguesses_jeniskelamin` (`JenisKelamin_id`),
  KEY `memberguesses_masaberlaku` (`MasaBerlaku_id`),
  KEY `memberguesses_createby` (`CreateBy`),
  KEY `memberguesses_updateby` (`UpdateBy`),
  KEY `memberguesses_nama` (`Nama`),
  KEY `memberguesses_createdate` (`CreateDate`),
  KEY `memberguesses_noanggota` (`NoAnggota`),
  CONSTRAINT `memberguesses_TujuanKunjungan_Id` FOREIGN KEY (`TujuanKunjungan_Id`) REFERENCES `tujuan_kunjungan` (`ID`),
  CONSTRAINT `memberguesses_createby` FOREIGN KEY (`CreateBy`) REFERENCES `users` (`ID`) ON DELETE SET NULL ON UPDATE CASCADE,
  CONSTRAINT `memberguesses_jeniskelamin` FOREIGN KEY (`JenisKelamin_id`) REFERENCES `jenis_kelamin` (`ID`) ON DELETE CASCADE ON UPDATE CASCADE,
  CONSTRAINT `memberguesses_location_id` FOREIGN KEY (`Location_Id`) REFERENCES `locations` (`ID`),
  CONSTRAINT `memberguesses_locationloans` FOREIGN KEY (`LOCATIONLOANS_ID`) REFERENCES `location_library` (`ID`) ON DELETE CASCADE ON UPDATE CASCADE,
  CONSTRAINT `memberguesses_masaberlaku` FOREIGN KEY (`MasaBerlaku_id`) REFERENCES `masa_berlaku_anggota` (`id`) ON DELETE CASCADE ON UPDATE CASCADE,
  CONSTRAINT `memberguesses_pekerjaan` FOREIGN KEY (`Profesi_id`) REFERENCES `master_pekerjaan` (`id`) ON DELETE CASCADE ON UPDATE CASCADE,
  CONSTRAINT `memberguesses_pendidikan` FOREIGN KEY (`PendidikanTerakhir_id`) REFERENCES `master_pendidikan` (`id`) ON DELETE CASCADE ON UPDATE CASCADE,
  CONSTRAINT `memberguesses_status` FOREIGN KEY (`Status_id`) REFERENCES `status_anggota` (`id`) ON DELETE CASCADE ON UPDATE CASCADE,
  CONSTRAINT `memberguesses_updateby` FOREIGN KEY (`UpdateBy`) REFERENCES `users` (`ID`) ON DELETE SET NULL ON UPDATE CASCADE
) ENGINE=InnoDB DEFAULT CHARSET=latin1;

/*Data for the table `memberguesses` */

/*Table structure for table `memberloanauthorizecategory` */

CREATE TABLE `memberloanauthorizecategory` (
  `DataID` bigint(20) NOT NULL AUTO_INCREMENT,
  `Member_id` double NOT NULL,
  `CategoryLoan_id` int(11) NOT NULL,
  `CreateBy` int(11) DEFAULT NULL,
  `CreateDate` datetime DEFAULT NULL,
  `CreateTerminal` varchar(100) DEFAULT NULL,
  `UpdateBy` int(11) DEFAULT NULL,
  `UpdateDate` datetime DEFAULT NULL,
  `UpdateTerminal` varchar(100) DEFAULT NULL,
  PRIMARY KEY (`DataID`),
  KEY `CategoryLoan_id` (`CategoryLoan_id`),
  KEY `Member_id` (`Member_id`),
  KEY `memberloanauthorizecategory_createby` (`CreateBy`),
  KEY `memberloanauthorizecategory_updateby` (`UpdateBy`),
  CONSTRAINT `FKCB16B2E75DD8E7A8` FOREIGN KEY (`Member_id`) REFERENCES `members` (`ID`) ON DELETE CASCADE ON UPDATE CASCADE,
  CONSTRAINT `FKCB16B2E7A5EDFBF6` FOREIGN KEY (`CategoryLoan_id`) REFERENCES `collectioncategorys` (`ID`) ON DELETE CASCADE ON UPDATE CASCADE,
  CONSTRAINT `memberloanauthorizecategory_createby` FOREIGN KEY (`CreateBy`) REFERENCES `users` (`ID`) ON DELETE SET NULL ON UPDATE CASCADE,
  CONSTRAINT `memberloanauthorizecategory_updateby` FOREIGN KEY (`UpdateBy`) REFERENCES `users` (`ID`) ON DELETE SET NULL ON UPDATE CASCADE
) ENGINE=InnoDB DEFAULT CHARSET=latin1;

/*Data for the table `memberloanauthorizecategory` */

/*Table structure for table `memberloanauthorizelocation` */

CREATE TABLE `memberloanauthorizelocation` (
  `DataID` bigint(20) NOT NULL AUTO_INCREMENT,
  `Member_id` double NOT NULL,
  `LocationLoan_id` int(11) NOT NULL,
  `CreateBy` int(11) DEFAULT NULL,
  `CreateDate` datetime DEFAULT NULL,
  `CreateTerminal` varchar(100) DEFAULT NULL,
  `UpdateBy` int(11) DEFAULT NULL,
  `UpdateDate` datetime DEFAULT NULL,
  `UpdateTerminal` varchar(100) DEFAULT NULL,
  PRIMARY KEY (`DataID`),
  KEY `memberloanauthorizelocation_createby` (`CreateBy`),
  KEY `memberloanauthorizelocation_updateby` (`UpdateBy`),
  KEY `memberloanauthorizelocation_loc_idx` (`LocationLoan_id`),
  KEY `memberloanauthorizelocation_member_idx` (`Member_id`),
  CONSTRAINT `memberloanauthorizelocation_createby` FOREIGN KEY (`CreateBy`) REFERENCES `users` (`ID`) ON DELETE SET NULL ON UPDATE CASCADE,
  CONSTRAINT `memberloanauthorizelocation_loc` FOREIGN KEY (`LocationLoan_id`) REFERENCES `location_library` (`ID`) ON DELETE CASCADE ON UPDATE CASCADE,
  CONSTRAINT `memberloanauthorizelocation_member` FOREIGN KEY (`Member_id`) REFERENCES `members` (`ID`) ON DELETE CASCADE ON UPDATE CASCADE,
  CONSTRAINT `memberloanauthorizelocation_updateby` FOREIGN KEY (`UpdateBy`) REFERENCES `users` (`ID`) ON DELETE SET NULL ON UPDATE CASCADE
) ENGINE=InnoDB DEFAULT CHARSET=latin1;

/*Data for the table `memberloanauthorizelocation` */

/*Table structure for table `memberrules` */

CREATE TABLE `memberrules` (
  `ID` int(11) NOT NULL AUTO_INCREMENT,
  `NameCategory` varchar(50) NOT NULL,
  `Contents` text,
  `isPublish` bit(1) DEFAULT b'1',
  `SortNum` int(11) DEFAULT '0',
  `CreateBy` int(11) DEFAULT NULL,
  `CreateDate` datetime DEFAULT NULL,
  `CreateTerminal` varchar(100) DEFAULT NULL,
  `UpdateBy` int(11) DEFAULT NULL,
  `UpdateDate` datetime DEFAULT NULL,
  `UpdateTerminal` varchar(100) DEFAULT NULL,
  PRIMARY KEY (`ID`),
  KEY `memberrules_createby` (`CreateBy`),
  KEY `memberrules_updateby` (`UpdateBy`),
  CONSTRAINT `memberrules_createby` FOREIGN KEY (`CreateBy`) REFERENCES `users` (`ID`) ON DELETE SET NULL ON UPDATE CASCADE,
  CONSTRAINT `memberrules_updateby` FOREIGN KEY (`UpdateBy`) REFERENCES `users` (`ID`) ON DELETE SET NULL ON UPDATE CASCADE
) ENGINE=InnoDB AUTO_INCREMENT=4 DEFAULT CHARSET=latin1;

/*Data for the table `memberrules` */

insert  into `memberrules`(`ID`,`NameCategory`,`Contents`,`isPublish`,`SortNum`,`CreateBy`,`CreateDate`,`CreateTerminal`,`UpdateBy`,`UpdateDate`,`UpdateTerminal`) values (1,'Persyaratan','<ul>                <li>Minimal berusia 5 tahun&nbsp;</li>                <li>Warga negara Indonesia<br></li>                <li>Menunjukkan tanda pengenal atau Kartu Keluarga bagi anak usia pra sekolah</li>            </ul>','',4,NULL,'2013-12-29 11:01:50','192.168.101.59',NULL,'2016-02-29 18:09:30','192.168.0.1'),(3,'Tata Tertib','<ul>            <li>Kartu anggota harus dibawa setiap kali berkunjung</li>            <li>Kartu anggota tidak boleh dipinjamkan kepada orang lain</li>            <li>Jika kartu anggota&nbsp;hilang, wajib membawa surat keterangan dari pihak berwenang untuk penggantiannya</li>            </ul>','',2,NULL,'2013-06-18 15:04:49','192.168.16.38',NULL,'2016-02-29 18:10:26','192.168.0.1');

/*Table structure for table `members` */

CREATE TABLE `members` (
  `ID` double NOT NULL AUTO_INCREMENT,
  `MemberNo` varchar(50) NOT NULL,
  `Fullname` varchar(255) NOT NULL,
  `PlaceOfBirth` varchar(255) DEFAULT NULL,
  `DateOfBirth` datetime DEFAULT NULL,
  `Address` varchar(255) DEFAULT NULL,
  `AddressNow` varchar(255) DEFAULT NULL,
  `Phone` varchar(100) DEFAULT NULL,
  `InstitutionName` varchar(255) DEFAULT NULL,
  `InstitutionAddress` varchar(255) DEFAULT NULL,
  `InstitutionPhone` varchar(255) DEFAULT NULL,
  `IdentityType_id` int(11) DEFAULT NULL,
  `IdentityNo` varchar(100) DEFAULT NULL,
  `EducationLevel_id` int(11) DEFAULT NULL,
  `Sex_id` int(11) DEFAULT NULL,
  `MaritalStatus_id` int(11) DEFAULT NULL,
  `Job_id` int(11) DEFAULT NULL,
  `RegisterDate` datetime DEFAULT NULL,
  `EndDate` datetime DEFAULT NULL,
  `MotherMaidenName` varchar(100) DEFAULT NULL,
  `Email` varchar(100) DEFAULT NULL,
  `JenisPermohonan_id` int(11) DEFAULT NULL,
  `JenisAnggota_id` int(11) DEFAULT NULL,
  `StatusAnggota_id` int(11) DEFAULT NULL,
  `LoanReturnLateCount` int(11) DEFAULT '0',
  `Branch_id` int(11) DEFAULT NULL,
  `PhotoUrl` varchar(255) DEFAULT NULL,
  `CreateBy` int(11) DEFAULT NULL,
  `CreateDate` datetime DEFAULT NULL,
  `CreateTerminal` varchar(100) DEFAULT NULL,
  `UpdateBy` int(11) DEFAULT NULL,
  `UpdateDate` datetime DEFAULT NULL,
  `UpdateTerminal` varchar(100) DEFAULT NULL,
  `NoHp` varchar(100) DEFAULT NULL,
  `NamaDarurat` varchar(100) DEFAULT NULL,
  `TelpDarurat` varchar(100) DEFAULT NULL,
  `AlamatDarurat` varchar(255) DEFAULT NULL,
  `StatusHubunganDarurat` varchar(100) DEFAULT NULL,
  `City` varchar(255) DEFAULT NULL,
  `Province` varchar(255) DEFAULT NULL,
  `CityNow` varchar(255) DEFAULT NULL,
  `ProvinceNow` varchar(255) DEFAULT NULL,
  `Kecamatan` varchar(100) DEFAULT NULL,
  `Kelurahan` varchar(100) DEFAULT NULL,
  `RT` varchar(50) DEFAULT NULL,
  `RW` varchar(50) DEFAULT NULL,
  `KecamatanNow` varchar(100) DEFAULT NULL,
  `KelurahanNow` varchar(100) DEFAULT NULL,
  `RTNow` varchar(50) DEFAULT NULL,
  `RWNow` varchar(50) DEFAULT NULL,
  `Kelas_id` int(11) DEFAULT NULL,
  `TahunAjaran` varchar(50) DEFAULT NULL,
  `Agama_id` int(11) DEFAULT NULL,
  `Fakultas_id` int(11) DEFAULT NULL,
  `Jurusan_id` int(11) DEFAULT NULL,
  `ProgramStudi_id` int(11) DEFAULT NULL,
  `JenjangPendidikan_id` int(11) DEFAULT NULL,
  `UnitKerja_id` int(11) DEFAULT NULL,
  `KeteranganLain` varchar(255) DEFAULT NULL,
  `IsLunasBiayaPendaftaran` bit(1) DEFAULT b'0',
  `BiayaPendaftaran` decimal(10,0) DEFAULT '0',
  `TanggalBebasPustaka` datetime DEFAULT NULL,
  `KIILastUploadDate` datetime DEFAULT NULL,
  PRIMARY KEY (`ID`),
  KEY `Branch_id` (`Branch_id`),
  KEY `MemberNo` (`MemberNo`),
  KEY `member_job` (`Job_id`),
  KEY `member_sex` (`Sex_id`),
  KEY `member_agama` (`Agama_id`),
  KEY `member_unit_kerja` (`UnitKerja_id`),
  KEY `members_status_perkawinan` (`MaritalStatus_id`),
  KEY `members_jenispermohonan` (`JenisPermohonan_id`),
  KEY `members_statusanggota` (`StatusAnggota_id`),
  KEY `members_education` (`EducationLevel_id`),
  KEY `members_jenis_anggota` (`JenisAnggota_id`),
  KEY `members_identitytype` (`IdentityType_id`),
  KEY `members_kelassiswa` (`Kelas_id`),
  KEY `members_fakultas` (`Fakultas_id`),
  KEY `members_jurusan` (`Jurusan_id`),
  KEY `members_createby` (`CreateBy`),
  KEY `members_updateby` (`UpdateBy`),
  KEY `members_dateofbirth` (`DateOfBirth`),
  KEY `members_createdate` (`CreateDate`),
  KEY `members_updatedate` (`UpdateDate`),
  KEY `members_kii` (`KIILastUploadDate`),
  KEY `members_registerdate` (`RegisterDate`),
  KEY `members_programstudi_idx` (`ProgramStudi_id`),
  KEY `members_jenjang_pendidikan` (`JenjangPendidikan_id`),
  CONSTRAINT `FK418999036ADC8006` FOREIGN KEY (`Branch_id`) REFERENCES `branchs` (`ID`) ON DELETE CASCADE ON UPDATE CASCADE,
  CONSTRAINT `member_agama` FOREIGN KEY (`Agama_id`) REFERENCES `agama` (`ID`) ON DELETE NO ACTION ON UPDATE CASCADE,
  CONSTRAINT `member_job` FOREIGN KEY (`Job_id`) REFERENCES `master_pekerjaan` (`id`) ON DELETE NO ACTION ON UPDATE CASCADE,
  CONSTRAINT `member_sex` FOREIGN KEY (`Sex_id`) REFERENCES `jenis_kelamin` (`ID`) ON DELETE NO ACTION ON UPDATE CASCADE,
  CONSTRAINT `member_unit_kerja` FOREIGN KEY (`UnitKerja_id`) REFERENCES `departments` (`ID`) ON DELETE SET NULL ON UPDATE CASCADE,
  CONSTRAINT `members_createby` FOREIGN KEY (`CreateBy`) REFERENCES `users` (`ID`) ON DELETE SET NULL ON UPDATE CASCADE,
  CONSTRAINT `members_education` FOREIGN KEY (`EducationLevel_id`) REFERENCES `master_pendidikan` (`id`) ON DELETE NO ACTION ON UPDATE CASCADE,
  CONSTRAINT `members_fakultas` FOREIGN KEY (`Fakultas_id`) REFERENCES `master_fakultas` (`id`) ON DELETE NO ACTION ON UPDATE CASCADE,
  CONSTRAINT `members_identitytype` FOREIGN KEY (`IdentityType_id`) REFERENCES `master_jenis_identitas` (`id`) ON DELETE NO ACTION ON UPDATE CASCADE,
  CONSTRAINT `members_jenis_anggota` FOREIGN KEY (`JenisAnggota_id`) REFERENCES `jenis_anggota` (`id`) ON DELETE NO ACTION ON UPDATE CASCADE,
  CONSTRAINT `members_jenispermohonan` FOREIGN KEY (`JenisPermohonan_id`) REFERENCES `jenis_permohonan` (`ID`) ON DELETE NO ACTION ON UPDATE CASCADE,
  CONSTRAINT `members_jenjang_pendidikan` FOREIGN KEY (`JenjangPendidikan_id`) REFERENCES `master_jenjang_pendidikan` (`ID`) ON DELETE SET NULL ON UPDATE CASCADE,
  CONSTRAINT `members_jurusan` FOREIGN KEY (`Jurusan_id`) REFERENCES `master_jurusan` (`id`) ON DELETE NO ACTION ON UPDATE CASCADE,
  CONSTRAINT `members_kelassiswa` FOREIGN KEY (`Kelas_id`) REFERENCES `kelas_siswa` (`id`) ON DELETE NO ACTION ON UPDATE CASCADE,
  CONSTRAINT `members_programstudi` FOREIGN KEY (`ProgramStudi_id`) REFERENCES `master_program_studi` (`id`) ON DELETE NO ACTION ON UPDATE CASCADE,
  CONSTRAINT `members_status_perkawinan` FOREIGN KEY (`MaritalStatus_id`) REFERENCES `master_status_perkawinan` (`id`) ON DELETE NO ACTION ON UPDATE CASCADE,
  CONSTRAINT `members_statusanggota` FOREIGN KEY (`StatusAnggota_id`) REFERENCES `status_anggota` (`id`) ON DELETE NO ACTION ON UPDATE CASCADE,
  CONSTRAINT `members_updateby` FOREIGN KEY (`UpdateBy`) REFERENCES `users` (`ID`) ON DELETE SET NULL ON UPDATE CASCADE
) ENGINE=InnoDB DEFAULT CHARSET=latin1;

/*Data for the table `members` */

/*Table structure for table `members_form` */

CREATE TABLE `members_form` (
  `ID` int(11) NOT NULL AUTO_INCREMENT,
  `Member_Field_id` int(11) DEFAULT NULL,
  `CreateBy` int(11) DEFAULT NULL,
  `CreateDate` datetime DEFAULT NULL,
  `CreateTerminal` varchar(100) DEFAULT NULL,
  `UpdateBy` int(11) DEFAULT NULL,
  `UpdateDate` datetime DEFAULT NULL,
  `UpdateTerminal` varchar(100) DEFAULT NULL,
  `Jenis_Perpustakaan_id` int(11) DEFAULT NULL,
  PRIMARY KEY (`ID`),
  KEY `members_form_field` (`Member_Field_id`),
  KEY `members_form_perpus` (`Jenis_Perpustakaan_id`),
  KEY `members_form_createby` (`CreateBy`),
  KEY `members_form_updateby` (`UpdateBy`),
  CONSTRAINT `members_form_createby` FOREIGN KEY (`CreateBy`) REFERENCES `users` (`ID`) ON DELETE SET NULL ON UPDATE CASCADE,
  CONSTRAINT `members_form_field` FOREIGN KEY (`Member_Field_id`) REFERENCES `member_fields` (`id`) ON DELETE CASCADE ON UPDATE CASCADE,
  CONSTRAINT `members_form_perpus` FOREIGN KEY (`Jenis_Perpustakaan_id`) REFERENCES `jenis_perpustakaan` (`ID`) ON DELETE CASCADE ON UPDATE CASCADE,
  CONSTRAINT `members_form_updateby` FOREIGN KEY (`UpdateBy`) REFERENCES `users` (`ID`) ON DELETE SET NULL ON UPDATE CASCADE
) ENGINE=InnoDB AUTO_INCREMENT=953 DEFAULT CHARSET=latin1;

/*Data for the table `members_form` */

insert  into `members_form`(`ID`,`Member_Field_id`,`CreateBy`,`CreateDate`,`CreateTerminal`,`UpdateBy`,`UpdateDate`,`UpdateTerminal`,`Jenis_Perpustakaan_id`) values (54,6,NULL,NULL,NULL,NULL,NULL,NULL,2),(55,12,NULL,NULL,NULL,NULL,NULL,NULL,2),(56,13,NULL,NULL,NULL,NULL,NULL,NULL,2),(57,14,NULL,NULL,NULL,NULL,NULL,NULL,2),(58,15,NULL,NULL,NULL,NULL,NULL,NULL,2),(59,16,NULL,NULL,NULL,NULL,NULL,NULL,2),(60,17,NULL,NULL,NULL,NULL,NULL,NULL,2),(61,18,NULL,NULL,NULL,NULL,NULL,NULL,2),(62,19,NULL,NULL,NULL,NULL,NULL,NULL,2),(63,20,NULL,NULL,NULL,NULL,NULL,NULL,2),(64,25,NULL,NULL,NULL,NULL,NULL,NULL,2),(65,26,NULL,NULL,NULL,NULL,NULL,NULL,2),(66,27,NULL,NULL,NULL,NULL,NULL,NULL,2),(67,28,NULL,NULL,NULL,NULL,NULL,NULL,2),(68,29,NULL,NULL,NULL,NULL,NULL,NULL,2),(69,30,NULL,NULL,NULL,NULL,NULL,NULL,2),(70,31,NULL,NULL,NULL,NULL,NULL,NULL,2),(71,32,NULL,NULL,NULL,NULL,NULL,NULL,2),(72,33,NULL,NULL,NULL,NULL,NULL,NULL,2),(75,36,NULL,NULL,NULL,NULL,NULL,NULL,2),(78,10,NULL,NULL,NULL,NULL,NULL,NULL,2),(79,11,NULL,NULL,NULL,NULL,NULL,NULL,2),(80,9,NULL,NULL,NULL,NULL,NULL,NULL,2),(81,8,NULL,NULL,NULL,NULL,NULL,NULL,2),(82,7,NULL,NULL,NULL,NULL,NULL,NULL,2),(551,1,NULL,'2016-04-12 15:26:00','192.168.0.1',NULL,'2016-04-12 15:26:00','192.168.0.1',4),(552,2,NULL,'2016-04-12 15:26:00','192.168.0.1',NULL,'2016-04-12 15:26:00','192.168.0.1',4),(553,3,NULL,'2016-04-12 15:26:00','192.168.0.1',NULL,'2016-04-12 15:26:00','192.168.0.1',4),(554,4,NULL,'2016-04-12 15:26:00','192.168.0.1',NULL,'2016-04-12 15:26:00','192.168.0.1',4),(555,5,NULL,'2016-04-12 15:26:00','192.168.0.1',NULL,'2016-04-12 15:26:00','192.168.0.1',4),(556,6,NULL,'2016-04-12 15:26:00','192.168.0.1',NULL,'2016-04-12 15:26:00','192.168.0.1',4),(557,7,NULL,'2016-04-12 15:26:00','192.168.0.1',NULL,'2016-04-12 15:26:00','192.168.0.1',4),(558,8,NULL,'2016-04-12 15:26:00','192.168.0.1',NULL,'2016-04-12 15:26:00','192.168.0.1',4),(559,9,NULL,'2016-04-12 15:26:00','192.168.0.1',NULL,'2016-04-12 15:26:00','192.168.0.1',4),(560,10,NULL,'2016-04-12 15:26:01','192.168.0.1',NULL,'2016-04-12 15:26:01','192.168.0.1',4),(561,11,NULL,'2016-04-12 15:26:01','192.168.0.1',NULL,'2016-04-12 15:26:01','192.168.0.1',4),(562,12,NULL,'2016-04-12 15:26:01','192.168.0.1',NULL,'2016-04-12 15:26:01','192.168.0.1',4),(563,13,NULL,'2016-04-12 15:26:01','192.168.0.1',NULL,'2016-04-12 15:26:01','192.168.0.1',4),(564,14,NULL,'2016-04-12 15:26:01','192.168.0.1',NULL,'2016-04-12 15:26:01','192.168.0.1',4),(565,15,NULL,'2016-04-12 15:26:01','192.168.0.1',NULL,'2016-04-12 15:26:01','192.168.0.1',4),(566,17,NULL,'2016-04-12 15:26:01','192.168.0.1',NULL,'2016-04-12 15:26:01','192.168.0.1',4),(567,18,NULL,'2016-04-12 15:26:01','192.168.0.1',NULL,'2016-04-12 15:26:01','192.168.0.1',4),(568,19,NULL,'2016-04-12 15:26:01','192.168.0.1',NULL,'2016-04-12 15:26:01','192.168.0.1',4),(569,25,NULL,'2016-04-12 15:26:01','192.168.0.1',NULL,'2016-04-12 15:26:01','192.168.0.1',4),(570,29,NULL,'2016-04-12 15:26:01','192.168.0.1',NULL,'2016-04-12 15:26:01','192.168.0.1',4),(571,30,NULL,'2016-04-12 15:26:02','192.168.0.1',NULL,'2016-04-12 15:26:02','192.168.0.1',4),(572,31,NULL,'2016-04-12 15:26:02','192.168.0.1',NULL,'2016-04-12 15:26:02','192.168.0.1',4),(573,32,NULL,'2016-04-12 15:26:02','192.168.0.1',NULL,'2016-04-12 15:26:02','192.168.0.1',4),(574,33,NULL,'2016-04-12 15:26:02','192.168.0.1',NULL,'2016-04-12 15:26:02','192.168.0.1',4),(575,34,NULL,'2016-04-12 15:26:02','192.168.0.1',NULL,'2016-04-12 15:26:02','192.168.0.1',4),(576,35,NULL,'2016-04-12 15:26:02','192.168.0.1',NULL,'2016-04-12 15:26:02','192.168.0.1',4),(577,39,NULL,'2016-04-12 15:26:02','192.168.0.1',NULL,'2016-04-12 15:26:02','192.168.0.1',4),(578,40,NULL,'2016-04-12 15:26:02','192.168.0.1',NULL,'2016-04-12 15:26:02','192.168.0.1',4),(579,41,NULL,'2016-04-12 15:26:02','192.168.0.1',NULL,'2016-04-12 15:26:02','192.168.0.1',4),(580,42,NULL,'2016-04-12 15:26:02','192.168.0.1',NULL,'2016-04-12 15:26:02','192.168.0.1',4),(581,43,NULL,'2016-04-12 15:26:02','192.168.0.1',NULL,'2016-04-12 15:26:02','192.168.0.1',4),(582,44,NULL,'2016-04-12 15:26:02','192.168.0.1',NULL,'2016-04-12 15:26:02','192.168.0.1',4),(583,45,NULL,'2016-04-12 15:26:03','192.168.0.1',NULL,'2016-04-12 15:26:03','192.168.0.1',4),(584,46,NULL,'2016-04-12 15:26:03','192.168.0.1',NULL,'2016-04-12 15:26:03','192.168.0.1',4),(769,1,NULL,'2016-05-11 08:10:01','192.168.0.1',NULL,'2016-05-11 08:10:01','192.168.0.1',3),(770,2,NULL,'2016-05-11 08:10:01','192.168.0.1',NULL,'2016-05-11 08:10:01','192.168.0.1',3),(771,3,NULL,'2016-05-11 08:10:01','192.168.0.1',NULL,'2016-05-11 08:10:01','192.168.0.1',3),(772,4,NULL,'2016-05-11 08:10:01','192.168.0.1',NULL,'2016-05-11 08:10:01','192.168.0.1',3),(773,5,NULL,'2016-05-11 08:10:01','192.168.0.1',NULL,'2016-05-11 08:10:01','192.168.0.1',3),(774,6,NULL,'2016-05-11 08:10:01','192.168.0.1',NULL,'2016-05-11 08:10:01','192.168.0.1',3),(775,7,NULL,'2016-05-11 08:10:01','192.168.0.1',NULL,'2016-05-11 08:10:01','192.168.0.1',3),(776,8,NULL,'2016-05-11 08:10:01','192.168.0.1',NULL,'2016-05-11 08:10:01','192.168.0.1',3),(777,9,NULL,'2016-05-11 08:10:01','192.168.0.1',NULL,'2016-05-11 08:10:01','192.168.0.1',3),(778,10,NULL,'2016-05-11 08:10:01','192.168.0.1',NULL,'2016-05-11 08:10:01','192.168.0.1',3),(779,11,NULL,'2016-05-11 08:10:01','192.168.0.1',NULL,'2016-05-11 08:10:01','192.168.0.1',3),(780,12,NULL,'2016-05-11 08:10:01','192.168.0.1',NULL,'2016-05-11 08:10:01','192.168.0.1',3),(781,13,NULL,'2016-05-11 08:10:02','192.168.0.1',NULL,'2016-05-11 08:10:02','192.168.0.1',3),(782,14,NULL,'2016-05-11 08:10:02','192.168.0.1',NULL,'2016-05-11 08:10:02','192.168.0.1',3),(783,15,NULL,'2016-05-11 08:10:02','192.168.0.1',NULL,'2016-05-11 08:10:02','192.168.0.1',3),(784,16,NULL,'2016-05-11 08:10:02','192.168.0.1',NULL,'2016-05-11 08:10:02','192.168.0.1',3),(785,17,NULL,'2016-05-11 08:10:02','192.168.0.1',NULL,'2016-05-11 08:10:02','192.168.0.1',3),(786,18,NULL,'2016-05-11 08:10:02','192.168.0.1',NULL,'2016-05-11 08:10:02','192.168.0.1',3),(787,19,NULL,'2016-05-11 08:10:02','192.168.0.1',NULL,'2016-05-11 08:10:02','192.168.0.1',3),(788,21,NULL,'2016-05-11 08:10:02','192.168.0.1',NULL,'2016-05-11 08:10:02','192.168.0.1',3),(789,22,NULL,'2016-05-11 08:10:02','192.168.0.1',NULL,'2016-05-11 08:10:02','192.168.0.1',3),(790,23,NULL,'2016-05-11 08:10:02','192.168.0.1',NULL,'2016-05-11 08:10:02','192.168.0.1',3),(791,24,NULL,'2016-05-11 08:10:03','192.168.0.1',NULL,'2016-05-11 08:10:03','192.168.0.1',3),(792,25,NULL,'2016-05-11 08:10:03','192.168.0.1',NULL,'2016-05-11 08:10:03','192.168.0.1',3),(793,26,NULL,'2016-05-11 08:10:03','192.168.0.1',NULL,'2016-05-11 08:10:03','192.168.0.1',3),(794,27,NULL,'2016-05-11 08:10:03','192.168.0.1',NULL,'2016-05-11 08:10:03','192.168.0.1',3),(795,28,NULL,'2016-05-11 08:10:03','192.168.0.1',NULL,'2016-05-11 08:10:03','192.168.0.1',3),(796,29,NULL,'2016-05-11 08:10:03','192.168.0.1',NULL,'2016-05-11 08:10:03','192.168.0.1',3),(797,36,NULL,'2016-05-11 08:10:03','192.168.0.1',NULL,'2016-05-11 08:10:03','192.168.0.1',3),(798,37,NULL,'2016-05-11 08:10:03','192.168.0.1',NULL,'2016-05-11 08:10:03','192.168.0.1',3),(799,38,NULL,'2016-05-11 08:10:03','192.168.0.1',NULL,'2016-05-11 08:10:03','192.168.0.1',3),(800,39,NULL,'2016-05-11 08:10:03','192.168.0.1',NULL,'2016-05-11 08:10:03','192.168.0.1',3),(801,40,NULL,'2016-05-11 08:10:03','192.168.0.1',NULL,'2016-05-11 08:10:03','192.168.0.1',3),(802,41,NULL,'2016-05-11 08:10:04','192.168.0.1',NULL,'2016-05-11 08:10:04','192.168.0.1',3),(803,42,NULL,'2016-05-11 08:10:04','192.168.0.1',NULL,'2016-05-11 08:10:04','192.168.0.1',3),(804,43,NULL,'2016-05-11 08:10:04','192.168.0.1',NULL,'2016-05-11 08:10:04','192.168.0.1',3),(805,44,NULL,'2016-05-11 08:10:04','192.168.0.1',NULL,'2016-05-11 08:10:04','192.168.0.1',3),(806,45,NULL,'2016-05-11 08:10:04','192.168.0.1',NULL,'2016-05-11 08:10:04','192.168.0.1',3),(807,46,NULL,'2016-05-11 08:10:04','192.168.0.1',NULL,'2016-05-11 08:10:04','192.168.0.1',3),(808,47,NULL,'2016-05-11 08:10:04','192.168.0.1',NULL,'2016-05-11 08:10:04','192.168.0.1',3),(809,48,NULL,'2016-05-11 08:10:04','192.168.0.1',NULL,'2016-05-11 08:10:04','192.168.0.1',3),(905,1,33,'2016-06-06 12:34:42','::1',33,'2016-06-06 12:34:42','::1',1),(906,2,33,'2016-06-06 12:34:42','::1',33,'2016-06-06 12:34:42','::1',1),(907,3,33,'2016-06-06 12:34:43','::1',33,'2016-06-06 12:34:43','::1',1),(908,4,33,'2016-06-06 12:34:43','::1',33,'2016-06-06 12:34:43','::1',1),(909,5,33,'2016-06-06 12:34:43','::1',33,'2016-06-06 12:34:43','::1',1),(910,6,33,'2016-06-06 12:34:43','::1',33,'2016-06-06 12:34:43','::1',1),(911,7,33,'2016-06-06 12:34:43','::1',33,'2016-06-06 12:34:43','::1',1),(912,8,33,'2016-06-06 12:34:43','::1',33,'2016-06-06 12:34:43','::1',1),(913,9,33,'2016-06-06 12:34:43','::1',33,'2016-06-06 12:34:43','::1',1),(914,10,33,'2016-06-06 12:34:43','::1',33,'2016-06-06 12:34:43','::1',1),(915,11,33,'2016-06-06 12:34:43','::1',33,'2016-06-06 12:34:43','::1',1),(916,12,33,'2016-06-06 12:34:43','::1',33,'2016-06-06 12:34:43','::1',1),(917,13,33,'2016-06-06 12:34:43','::1',33,'2016-06-06 12:34:43','::1',1),(918,14,33,'2016-06-06 12:34:43','::1',33,'2016-06-06 12:34:43','::1',1),(919,15,33,'2016-06-06 12:34:44','::1',33,'2016-06-06 12:34:44','::1',1),(920,16,33,'2016-06-06 12:34:44','::1',33,'2016-06-06 12:34:44','::1',1),(921,17,33,'2016-06-06 12:34:44','::1',33,'2016-06-06 12:34:44','::1',1),(922,18,33,'2016-06-06 12:34:44','::1',33,'2016-06-06 12:34:44','::1',1),(923,19,33,'2016-06-06 12:34:44','::1',33,'2016-06-06 12:34:44','::1',1),(924,20,33,'2016-06-06 12:34:44','::1',33,'2016-06-06 12:34:44','::1',1),(925,21,33,'2016-06-06 12:34:44','::1',33,'2016-06-06 12:34:44','::1',1),(926,22,33,'2016-06-06 12:34:44','::1',33,'2016-06-06 12:34:44','::1',1),(927,23,33,'2016-06-06 12:34:44','::1',33,'2016-06-06 12:34:44','::1',1),(928,24,33,'2016-06-06 12:34:44','::1',33,'2016-06-06 12:34:44','::1',1),(929,25,33,'2016-06-06 12:34:44','::1',33,'2016-06-06 12:34:44','::1',1),(930,26,33,'2016-06-06 12:34:44','::1',33,'2016-06-06 12:34:44','::1',1),(931,27,33,'2016-06-06 12:34:45','::1',33,'2016-06-06 12:34:45','::1',1),(932,28,33,'2016-06-06 12:34:45','::1',33,'2016-06-06 12:34:45','::1',1),(933,29,33,'2016-06-06 12:34:45','::1',33,'2016-06-06 12:34:45','::1',1),(934,30,33,'2016-06-06 12:34:45','::1',33,'2016-06-06 12:34:45','::1',1),(935,31,33,'2016-06-06 12:34:45','::1',33,'2016-06-06 12:34:45','::1',1),(936,32,33,'2016-06-06 12:34:45','::1',33,'2016-06-06 12:34:45','::1',1),(937,33,33,'2016-06-06 12:34:45','::1',33,'2016-06-06 12:34:45','::1',1),(938,34,33,'2016-06-06 12:34:45','::1',33,'2016-06-06 12:34:45','::1',1),(939,35,33,'2016-06-06 12:34:45','::1',33,'2016-06-06 12:34:45','::1',1),(940,36,33,'2016-06-06 12:34:45','::1',33,'2016-06-06 12:34:45','::1',1),(941,37,33,'2016-06-06 12:34:45','::1',33,'2016-06-06 12:34:45','::1',1),(942,38,33,'2016-06-06 12:34:45','::1',33,'2016-06-06 12:34:45','::1',1),(943,39,33,'2016-06-06 12:34:46','::1',33,'2016-06-06 12:34:46','::1',1),(944,40,33,'2016-06-06 12:34:46','::1',33,'2016-06-06 12:34:46','::1',1),(945,41,33,'2016-06-06 12:34:46','::1',33,'2016-06-06 12:34:46','::1',1),(946,42,33,'2016-06-06 12:34:46','::1',33,'2016-06-06 12:34:46','::1',1),(947,43,33,'2016-06-06 12:34:46','::1',33,'2016-06-06 12:34:46','::1',1),(948,44,33,'2016-06-06 12:34:46','::1',33,'2016-06-06 12:34:46','::1',1),(949,45,33,'2016-06-06 12:34:46','::1',33,'2016-06-06 12:34:46','::1',1),(950,46,33,'2016-06-06 12:34:46','::1',33,'2016-06-06 12:34:46','::1',1),(951,47,33,'2016-06-06 12:34:46','::1',33,'2016-06-06 12:34:46','::1',1),(952,48,33,'2016-06-06 12:34:46','::1',33,'2016-06-06 12:34:46','::1',1);

/*Table structure for table `members_form_list` */

CREATE TABLE `members_form_list` (
  `ID` int(11) NOT NULL AUTO_INCREMENT,
  `Member_Field_id` int(11) DEFAULT NULL,
  `CreateBy` int(11) DEFAULT NULL,
  `CreateDate` datetime DEFAULT NULL,
  `CreateTerminal` varchar(100) DEFAULT NULL,
  `UpdateBy` int(11) DEFAULT NULL,
  `UpdateDate` datetime DEFAULT NULL,
  `UpdateTerminal` varchar(100) DEFAULT NULL,
  `Jenis_Perpustakaan_id` int(11) DEFAULT NULL,
  PRIMARY KEY (`ID`),
  KEY `members_form_list_field` (`Member_Field_id`),
  KEY `members_form_list_perpus` (`Jenis_Perpustakaan_id`),
  KEY `members_form_list_createby` (`CreateBy`),
  KEY `members_form_list_updateby` (`UpdateBy`),
  CONSTRAINT `members_form_list_createby` FOREIGN KEY (`CreateBy`) REFERENCES `users` (`ID`) ON DELETE SET NULL ON UPDATE CASCADE,
  CONSTRAINT `members_form_list_field` FOREIGN KEY (`Member_Field_id`) REFERENCES `member_fields` (`id`) ON DELETE CASCADE ON UPDATE CASCADE,
  CONSTRAINT `members_form_list_perpus` FOREIGN KEY (`Jenis_Perpustakaan_id`) REFERENCES `jenis_perpustakaan` (`ID`) ON DELETE CASCADE ON UPDATE CASCADE,
  CONSTRAINT `members_form_list_updateby` FOREIGN KEY (`UpdateBy`) REFERENCES `users` (`ID`) ON DELETE SET NULL ON UPDATE CASCADE
) ENGINE=InnoDB AUTO_INCREMENT=195 DEFAULT CHARSET=latin1;

/*Data for the table `members_form_list` */

insert  into `members_form_list`(`ID`,`Member_Field_id`,`CreateBy`,`CreateDate`,`CreateTerminal`,`UpdateBy`,`UpdateDate`,`UpdateTerminal`,`Jenis_Perpustakaan_id`) values (49,1,NULL,NULL,NULL,NULL,NULL,NULL,2),(50,2,NULL,NULL,NULL,NULL,NULL,NULL,2),(51,3,NULL,NULL,NULL,NULL,NULL,NULL,2),(52,4,NULL,NULL,NULL,NULL,NULL,NULL,2),(53,5,NULL,NULL,NULL,NULL,NULL,NULL,2),(54,18,NULL,NULL,NULL,NULL,NULL,NULL,2),(55,15,NULL,NULL,NULL,NULL,NULL,NULL,2),(56,13,NULL,NULL,NULL,NULL,NULL,NULL,2),(57,24,NULL,NULL,NULL,NULL,NULL,NULL,2),(58,36,NULL,NULL,NULL,NULL,NULL,NULL,2),(151,1,NULL,'2016-04-12 15:22:33','192.168.0.1',NULL,'2016-04-12 15:22:33','192.168.0.1',4),(152,2,NULL,'2016-04-12 15:22:33','192.168.0.1',NULL,'2016-04-12 15:22:33','192.168.0.1',4),(153,4,NULL,'2016-04-12 15:22:33','192.168.0.1',NULL,'2016-04-12 15:22:33','192.168.0.1',4),(154,11,NULL,'2016-04-12 15:22:33','192.168.0.1',NULL,'2016-04-12 15:22:33','192.168.0.1',4),(155,13,NULL,'2016-04-12 15:22:33','192.168.0.1',NULL,'2016-04-12 15:22:33','192.168.0.1',4),(156,14,NULL,'2016-04-12 15:22:33','192.168.0.1',NULL,'2016-04-12 15:22:33','192.168.0.1',4),(157,15,NULL,'2016-04-12 15:22:34','192.168.0.1',NULL,'2016-04-12 15:22:34','192.168.0.1',4),(158,18,NULL,'2016-04-12 15:22:34','192.168.0.1',NULL,'2016-04-12 15:22:34','192.168.0.1',4),(159,24,NULL,'2016-04-12 15:22:34','192.168.0.1',NULL,'2016-04-12 15:22:34','192.168.0.1',4),(160,34,NULL,'2016-04-12 15:22:34','192.168.0.1',NULL,'2016-04-12 15:22:34','192.168.0.1',4),(161,35,NULL,'2016-04-12 15:22:34','192.168.0.1',NULL,'2016-04-12 15:22:34','192.168.0.1',4),(172,1,NULL,'2016-05-16 09:29:08','192.168.0.1',NULL,'2016-05-16 09:29:08','192.168.0.1',3),(173,2,NULL,'2016-05-16 09:29:08','192.168.0.1',NULL,'2016-05-16 09:29:08','192.168.0.1',3),(174,3,NULL,'2016-05-16 09:29:08','192.168.0.1',NULL,'2016-05-16 09:29:08','192.168.0.1',3),(175,4,NULL,'2016-05-16 09:29:08','192.168.0.1',NULL,'2016-05-16 09:29:08','192.168.0.1',3),(176,5,NULL,'2016-05-16 09:29:08','192.168.0.1',NULL,'2016-05-16 09:29:08','192.168.0.1',3),(177,11,NULL,'2016-05-16 09:29:08','192.168.0.1',NULL,'2016-05-16 09:29:08','192.168.0.1',3),(178,13,NULL,'2016-05-16 09:29:08','192.168.0.1',NULL,'2016-05-16 09:29:08','192.168.0.1',3),(179,15,NULL,'2016-05-16 09:29:08','192.168.0.1',NULL,'2016-05-16 09:29:08','192.168.0.1',3),(180,18,NULL,'2016-05-16 09:29:08','192.168.0.1',NULL,'2016-05-16 09:29:08','192.168.0.1',3),(181,24,NULL,'2016-05-16 09:29:08','192.168.0.1',NULL,'2016-05-16 09:29:08','192.168.0.1',3),(182,34,NULL,'2016-05-16 09:29:08','192.168.0.1',NULL,'2016-05-16 09:29:08','192.168.0.1',3),(183,37,NULL,'2016-05-16 09:29:08','192.168.0.1',NULL,'2016-05-16 09:29:08','192.168.0.1',3),(184,38,NULL,'2016-05-16 09:29:09','192.168.0.1',NULL,'2016-05-16 09:29:09','192.168.0.1',3),(185,48,NULL,'2016-05-16 09:29:09','192.168.0.1',NULL,'2016-05-16 09:29:09','192.168.0.1',3),(186,1,33,'2016-06-06 12:39:50','::1',33,'2016-06-06 12:39:50','::1',1),(187,2,33,'2016-06-06 12:39:50','::1',33,'2016-06-06 12:39:50','::1',1),(188,4,33,'2016-06-06 12:39:50','::1',33,'2016-06-06 12:39:50','::1',1),(189,5,33,'2016-06-06 12:39:50','::1',33,'2016-06-06 12:39:50','::1',1),(190,11,33,'2016-06-06 12:39:50','::1',33,'2016-06-06 12:39:50','::1',1),(191,13,33,'2016-06-06 12:39:50','::1',33,'2016-06-06 12:39:50','::1',1),(192,15,33,'2016-06-06 12:39:50','::1',33,'2016-06-06 12:39:50','::1',1),(193,18,33,'2016-06-06 12:39:50','::1',33,'2016-06-06 12:39:50','::1',1),(194,24,33,'2016-06-06 12:39:50','::1',33,'2016-06-06 12:39:50','::1',1);

/*Table structure for table `members_info_form` */

CREATE TABLE `members_info_form` (
  `ID` int(11) NOT NULL AUTO_INCREMENT,
  `Member_Field_id` int(11) DEFAULT NULL,
  `CreateBy` int(11) DEFAULT NULL,
  `CreateDate` datetime DEFAULT NULL,
  `CreateTerminal` varchar(100) DEFAULT NULL,
  `UpdateBy` int(11) DEFAULT NULL,
  `UpdateDate` datetime DEFAULT NULL,
  `UpdateTerminal` varchar(100) DEFAULT NULL,
  `Jenis_Perpustakaan_id` int(11) DEFAULT NULL,
  PRIMARY KEY (`ID`),
  KEY `members_info_form_field` (`Member_Field_id`),
  KEY `members_info_form_perpus` (`Jenis_Perpustakaan_id`),
  KEY `members_info_form_createby` (`CreateBy`),
  KEY `members_info_form_updateby` (`UpdateBy`),
  CONSTRAINT `members_info_form_createby` FOREIGN KEY (`CreateBy`) REFERENCES `users` (`ID`) ON DELETE SET NULL ON UPDATE CASCADE,
  CONSTRAINT `members_info_form_field` FOREIGN KEY (`Member_Field_id`) REFERENCES `member_fields` (`id`) ON DELETE CASCADE ON UPDATE CASCADE,
  CONSTRAINT `members_info_form_perpus` FOREIGN KEY (`Jenis_Perpustakaan_id`) REFERENCES `jenis_perpustakaan` (`ID`) ON DELETE CASCADE ON UPDATE CASCADE,
  CONSTRAINT `members_info_form_updateby` FOREIGN KEY (`UpdateBy`) REFERENCES `users` (`ID`) ON DELETE SET NULL ON UPDATE CASCADE
) ENGINE=InnoDB AUTO_INCREMENT=107 DEFAULT CHARSET=latin1;

/*Data for the table `members_info_form` */

insert  into `members_info_form`(`ID`,`Member_Field_id`,`CreateBy`,`CreateDate`,`CreateTerminal`,`UpdateBy`,`UpdateDate`,`UpdateTerminal`,`Jenis_Perpustakaan_id`) values (54,1,NULL,'2016-03-07 11:26:20','192.168.0.1',NULL,'2016-03-07 11:26:20','192.168.0.1',1),(55,2,NULL,'2016-03-07 11:26:21','192.168.0.1',NULL,'2016-03-07 11:26:21','192.168.0.1',1),(56,5,NULL,'2016-03-07 11:26:21','192.168.0.1',NULL,'2016-03-07 11:26:21','192.168.0.1',1),(57,6,NULL,'2016-03-07 11:26:21','192.168.0.1',NULL,'2016-03-07 11:26:21','192.168.0.1',1),(58,7,NULL,'2016-03-07 11:26:21','192.168.0.1',NULL,'2016-03-07 11:26:21','192.168.0.1',1),(59,8,NULL,'2016-03-07 11:26:21','192.168.0.1',NULL,'2016-03-07 11:26:21','192.168.0.1',1),(60,9,NULL,'2016-03-07 11:26:21','192.168.0.1',NULL,'2016-03-07 11:26:21','192.168.0.1',1),(61,10,NULL,'2016-03-07 11:26:21','192.168.0.1',NULL,'2016-03-07 11:26:21','192.168.0.1',1),(62,11,NULL,'2016-03-07 11:26:21','192.168.0.1',NULL,'2016-03-07 11:26:21','192.168.0.1',1),(63,12,NULL,'2016-03-07 11:26:21','192.168.0.1',NULL,'2016-03-07 11:26:21','192.168.0.1',1),(64,29,NULL,'2016-03-07 11:26:21','192.168.0.1',NULL,'2016-03-07 11:26:21','192.168.0.1',1),(65,30,NULL,'2016-03-07 11:26:21','192.168.0.1',NULL,'2016-03-07 11:26:21','192.168.0.1',1),(66,31,NULL,'2016-03-07 11:26:22','192.168.0.1',NULL,'2016-03-07 11:26:22','192.168.0.1',1),(67,32,NULL,'2016-03-07 11:26:22','192.168.0.1',NULL,'2016-03-07 11:26:22','192.168.0.1',1),(68,33,NULL,'2016-03-07 11:26:22','192.168.0.1',NULL,'2016-03-07 11:26:22','192.168.0.1',1),(69,1,NULL,'2016-04-12 15:28:14','192.168.0.1',NULL,'2016-04-12 15:28:14','192.168.0.1',4),(70,2,NULL,'2016-04-12 15:28:14','192.168.0.1',NULL,'2016-04-12 15:28:14','192.168.0.1',4),(71,3,NULL,'2016-04-12 15:28:14','192.168.0.1',NULL,'2016-04-12 15:28:14','192.168.0.1',4),(72,4,NULL,'2016-04-12 15:28:14','192.168.0.1',NULL,'2016-04-12 15:28:14','192.168.0.1',4),(73,5,NULL,'2016-04-12 15:28:14','192.168.0.1',NULL,'2016-04-12 15:28:14','192.168.0.1',4),(74,6,NULL,'2016-04-12 15:28:14','192.168.0.1',NULL,'2016-04-12 15:28:14','192.168.0.1',4),(75,7,NULL,'2016-04-12 15:28:15','192.168.0.1',NULL,'2016-04-12 15:28:15','192.168.0.1',4),(76,8,NULL,'2016-04-12 15:28:15','192.168.0.1',NULL,'2016-04-12 15:28:15','192.168.0.1',4),(77,9,NULL,'2016-04-12 15:28:15','192.168.0.1',NULL,'2016-04-12 15:28:15','192.168.0.1',4),(78,10,NULL,'2016-04-12 15:28:15','192.168.0.1',NULL,'2016-04-12 15:28:15','192.168.0.1',4),(79,11,NULL,'2016-04-12 15:28:15','192.168.0.1',NULL,'2016-04-12 15:28:15','192.168.0.1',4),(80,12,NULL,'2016-04-12 15:28:15','192.168.0.1',NULL,'2016-04-12 15:28:15','192.168.0.1',4),(81,13,NULL,'2016-04-12 15:28:15','192.168.0.1',NULL,'2016-04-12 15:28:15','192.168.0.1',4),(82,14,NULL,'2016-04-12 15:28:15','192.168.0.1',NULL,'2016-04-12 15:28:15','192.168.0.1',4),(83,15,NULL,'2016-04-12 15:28:15','192.168.0.1',NULL,'2016-04-12 15:28:15','192.168.0.1',4),(84,16,NULL,'2016-04-12 15:28:15','192.168.0.1',NULL,'2016-04-12 15:28:15','192.168.0.1',4),(85,17,NULL,'2016-04-12 15:28:15','192.168.0.1',NULL,'2016-04-12 15:28:15','192.168.0.1',4),(86,18,NULL,'2016-04-12 15:28:16','192.168.0.1',NULL,'2016-04-12 15:28:16','192.168.0.1',4),(87,19,NULL,'2016-04-12 15:28:16','192.168.0.1',NULL,'2016-04-12 15:28:16','192.168.0.1',4),(88,21,NULL,'2016-04-12 15:28:16','192.168.0.1',NULL,'2016-04-12 15:28:16','192.168.0.1',4),(89,22,NULL,'2016-04-12 15:28:16','192.168.0.1',NULL,'2016-04-12 15:28:16','192.168.0.1',4),(90,24,NULL,'2016-04-12 15:28:16','192.168.0.1',NULL,'2016-04-12 15:28:16','192.168.0.1',4),(91,25,NULL,'2016-04-12 15:28:16','192.168.0.1',NULL,'2016-04-12 15:28:16','192.168.0.1',4),(92,29,NULL,'2016-04-12 15:28:16','192.168.0.1',NULL,'2016-04-12 15:28:16','192.168.0.1',4),(93,30,NULL,'2016-04-12 15:28:16','192.168.0.1',NULL,'2016-04-12 15:28:16','192.168.0.1',4),(94,31,NULL,'2016-04-12 15:28:16','192.168.0.1',NULL,'2016-04-12 15:28:16','192.168.0.1',4),(95,32,NULL,'2016-04-12 15:28:16','192.168.0.1',NULL,'2016-04-12 15:28:16','192.168.0.1',4),(96,33,NULL,'2016-04-12 15:28:16','192.168.0.1',NULL,'2016-04-12 15:28:16','192.168.0.1',4),(97,34,NULL,'2016-04-12 15:28:17','192.168.0.1',NULL,'2016-04-12 15:28:17','192.168.0.1',4),(98,35,NULL,'2016-04-12 15:28:17','192.168.0.1',NULL,'2016-04-12 15:28:17','192.168.0.1',4),(99,39,NULL,'2016-04-12 15:28:17','192.168.0.1',NULL,'2016-04-12 15:28:17','192.168.0.1',4),(100,40,NULL,'2016-04-12 15:28:17','192.168.0.1',NULL,'2016-04-12 15:28:17','192.168.0.1',4),(101,41,NULL,'2016-04-12 15:28:17','192.168.0.1',NULL,'2016-04-12 15:28:17','192.168.0.1',4),(102,42,NULL,'2016-04-12 15:28:17','192.168.0.1',NULL,'2016-04-12 15:28:17','192.168.0.1',4),(103,43,NULL,'2016-04-12 15:28:17','192.168.0.1',NULL,'2016-04-12 15:28:17','192.168.0.1',4),(104,44,NULL,'2016-04-12 15:28:17','192.168.0.1',NULL,'2016-04-12 15:28:17','192.168.0.1',4),(105,45,NULL,'2016-04-12 15:28:17','192.168.0.1',NULL,'2016-04-12 15:28:17','192.168.0.1',4),(106,46,NULL,'2016-04-12 15:28:17','192.168.0.1',NULL,'2016-04-12 15:28:17','192.168.0.1',4);

/*Table structure for table `members_loan_form` */

CREATE TABLE `members_loan_form` (
  `ID` int(11) NOT NULL AUTO_INCREMENT,
  `Member_Field_id` int(11) DEFAULT NULL,
  `CreateBy` int(11) DEFAULT NULL,
  `CreateDate` datetime DEFAULT NULL,
  `CreateTerminal` varchar(100) DEFAULT NULL,
  `UpdateBy` int(11) DEFAULT NULL,
  `UpdateDate` datetime DEFAULT NULL,
  `UpdateTerminal` varchar(100) DEFAULT NULL,
  `Jenis_Perpustakaan_id` int(11) DEFAULT NULL,
  PRIMARY KEY (`ID`),
  KEY `members_loan_form_field` (`Member_Field_id`),
  KEY `members_loan_form_perpus` (`Jenis_Perpustakaan_id`),
  KEY `members_loan_form_createby` (`CreateBy`),
  KEY `members_loan_form_updateby` (`UpdateBy`),
  CONSTRAINT `members_loan_form_createby` FOREIGN KEY (`CreateBy`) REFERENCES `users` (`ID`) ON DELETE SET NULL ON UPDATE CASCADE,
  CONSTRAINT `members_loan_form_field` FOREIGN KEY (`Member_Field_id`) REFERENCES `member_fields` (`id`) ON DELETE CASCADE ON UPDATE CASCADE,
  CONSTRAINT `members_loan_form_perpus` FOREIGN KEY (`Jenis_Perpustakaan_id`) REFERENCES `jenis_perpustakaan` (`ID`) ON DELETE CASCADE ON UPDATE CASCADE,
  CONSTRAINT `members_loan_form_updateby` FOREIGN KEY (`UpdateBy`) REFERENCES `users` (`ID`) ON DELETE SET NULL ON UPDATE CASCADE
) ENGINE=InnoDB AUTO_INCREMENT=94 DEFAULT CHARSET=latin1;

/*Data for the table `members_loan_form` */

insert  into `members_loan_form`(`ID`,`Member_Field_id`,`CreateBy`,`CreateDate`,`CreateTerminal`,`UpdateBy`,`UpdateDate`,`UpdateTerminal`,`Jenis_Perpustakaan_id`) values (77,1,33,'2016-07-13 17:03:12','::1',33,'2016-07-13 17:03:12','::1',4),(78,2,33,'2016-07-13 17:03:13','::1',33,'2016-07-13 17:03:13','::1',4),(79,18,33,'2016-07-13 17:03:13','::1',33,'2016-07-13 17:03:13','::1',4),(80,34,33,'2016-07-13 17:03:13','::1',33,'2016-07-13 17:03:13','::1',4),(81,35,33,'2016-07-13 17:03:13','::1',33,'2016-07-13 17:03:13','::1',4),(82,1,33,'2016-07-13 17:03:48','::1',33,'2016-07-13 17:03:48','::1',3),(83,2,33,'2016-07-13 17:03:48','::1',33,'2016-07-13 17:03:48','::1',3),(84,18,33,'2016-07-13 17:03:48','::1',33,'2016-07-13 17:03:48','::1',3),(85,37,33,'2016-07-13 17:03:48','::1',33,'2016-07-13 17:03:48','::1',3),(86,38,33,'2016-07-13 17:03:48','::1',33,'2016-07-13 17:03:48','::1',3),(87,48,33,'2016-07-13 17:03:48','::1',33,'2016-07-13 17:03:48','::1',3),(88,1,33,'2016-07-13 17:07:01','::1',33,'2016-07-13 17:07:01','::1',1),(89,2,33,'2016-07-13 17:07:01','::1',33,'2016-07-13 17:07:01','::1',1),(90,15,33,'2016-07-13 17:07:01','::1',33,'2016-07-13 17:07:01','::1',1),(91,18,33,'2016-07-13 17:07:01','::1',33,'2016-07-13 17:07:01','::1',1),(92,21,33,'2016-07-13 17:07:01','::1',33,'2016-07-13 17:07:01','::1',1),(93,22,33,'2016-07-13 17:07:01','::1',33,'2016-07-13 17:07:01','::1',1);

/*Table structure for table `members_loanreturn_form` */

CREATE TABLE `members_loanreturn_form` (
  `ID` int(11) NOT NULL AUTO_INCREMENT,
  `Member_Field_id` int(11) DEFAULT NULL,
  `CreateBy` int(11) DEFAULT NULL,
  `CreateDate` datetime DEFAULT NULL,
  `CreateTerminal` varchar(100) DEFAULT NULL,
  `UpdateBy` int(11) DEFAULT NULL,
  `UpdateDate` datetime DEFAULT NULL,
  `UpdateTerminal` varchar(100) DEFAULT NULL,
  `Jenis_Perpustakaan_id` int(11) DEFAULT NULL,
  PRIMARY KEY (`ID`),
  KEY `members_loanreturn_form_field` (`Member_Field_id`),
  KEY `members_loanreturn_form_perpus` (`Jenis_Perpustakaan_id`),
  KEY `members_loanreturn_form_createby` (`CreateBy`),
  KEY `members_loanreturn_form_updateby` (`UpdateBy`),
  CONSTRAINT `members_loanreturn_form_createby` FOREIGN KEY (`CreateBy`) REFERENCES `users` (`ID`) ON DELETE SET NULL ON UPDATE CASCADE,
  CONSTRAINT `members_loanreturn_form_field` FOREIGN KEY (`Member_Field_id`) REFERENCES `member_fields` (`id`) ON DELETE CASCADE ON UPDATE CASCADE,
  CONSTRAINT `members_loanreturn_form_perpus` FOREIGN KEY (`Jenis_Perpustakaan_id`) REFERENCES `jenis_perpustakaan` (`ID`) ON DELETE CASCADE ON UPDATE CASCADE,
  CONSTRAINT `members_loanreturn_form_updateby` FOREIGN KEY (`UpdateBy`) REFERENCES `users` (`ID`) ON DELETE SET NULL ON UPDATE CASCADE
) ENGINE=InnoDB AUTO_INCREMENT=70 DEFAULT CHARSET=latin1;

/*Data for the table `members_loanreturn_form` */

insert  into `members_loanreturn_form`(`ID`,`Member_Field_id`,`CreateBy`,`CreateDate`,`CreateTerminal`,`UpdateBy`,`UpdateDate`,`UpdateTerminal`,`Jenis_Perpustakaan_id`) values (54,1,33,'2016-07-13 17:02:45','::1',33,'2016-07-13 17:02:45','::1',4),(55,2,33,'2016-07-13 17:02:45','::1',33,'2016-07-13 17:02:45','::1',4),(56,18,33,'2016-07-13 17:02:46','::1',33,'2016-07-13 17:02:46','::1',4),(57,34,33,'2016-07-13 17:02:46','::1',33,'2016-07-13 17:02:46','::1',4),(58,35,33,'2016-07-13 17:02:46','::1',33,'2016-07-13 17:02:46','::1',4),(59,1,33,'2016-07-13 17:04:12','::1',33,'2016-07-13 17:04:12','::1',3),(60,2,33,'2016-07-13 17:04:12','::1',33,'2016-07-13 17:04:12','::1',3),(61,18,33,'2016-07-13 17:04:12','::1',33,'2016-07-13 17:04:12','::1',3),(62,37,33,'2016-07-13 17:04:13','::1',33,'2016-07-13 17:04:13','::1',3),(63,38,33,'2016-07-13 17:04:13','::1',33,'2016-07-13 17:04:13','::1',3),(64,48,33,'2016-07-13 17:04:13','::1',33,'2016-07-13 17:04:13','::1',3),(65,1,33,'2016-07-13 17:07:46','::1',33,'2016-07-13 17:07:46','::1',1),(66,2,33,'2016-07-13 17:07:46','::1',33,'2016-07-13 17:07:46','::1',1),(67,18,33,'2016-07-13 17:07:46','::1',33,'2016-07-13 17:07:46','::1',1),(68,21,33,'2016-07-13 17:07:46','::1',33,'2016-07-13 17:07:46','::1',1),(69,22,33,'2016-07-13 17:07:46','::1',33,'2016-07-13 17:07:46','::1',1);

/*Table structure for table `members_online_form` */

CREATE TABLE `members_online_form` (
  `ID` int(11) NOT NULL AUTO_INCREMENT,
  `Member_Field_id` int(11) DEFAULT NULL,
  `CreateBy` int(11) DEFAULT NULL,
  `CreateDate` datetime DEFAULT NULL,
  `CreateTerminal` varchar(100) DEFAULT NULL,
  `UpdateBy` int(11) DEFAULT NULL,
  `UpdateDate` datetime DEFAULT NULL,
  `UpdateTerminal` varchar(100) DEFAULT NULL,
  `Jenis_Perpustakaan_id` int(11) DEFAULT NULL,
  PRIMARY KEY (`ID`),
  KEY `members_online_form_field` (`Member_Field_id`),
  KEY `members_online_form_perpus` (`Jenis_Perpustakaan_id`),
  KEY `members_online_form_createby` (`CreateBy`),
  KEY `members_online_form_updateby` (`UpdateBy`),
  CONSTRAINT `members_online_form_createby` FOREIGN KEY (`CreateBy`) REFERENCES `users` (`ID`) ON DELETE SET NULL ON UPDATE CASCADE,
  CONSTRAINT `members_online_form_field` FOREIGN KEY (`Member_Field_id`) REFERENCES `member_fields` (`id`) ON DELETE CASCADE ON UPDATE CASCADE,
  CONSTRAINT `members_online_form_perpus` FOREIGN KEY (`Jenis_Perpustakaan_id`) REFERENCES `jenis_perpustakaan` (`ID`) ON DELETE CASCADE ON UPDATE CASCADE,
  CONSTRAINT `members_online_form_updateby` FOREIGN KEY (`UpdateBy`) REFERENCES `users` (`ID`) ON DELETE SET NULL ON UPDATE CASCADE
) ENGINE=InnoDB AUTO_INCREMENT=520 DEFAULT CHARSET=latin1;

/*Data for the table `members_online_form` */

insert  into `members_online_form`(`ID`,`Member_Field_id`,`CreateBy`,`CreateDate`,`CreateTerminal`,`UpdateBy`,`UpdateDate`,`UpdateTerminal`,`Jenis_Perpustakaan_id`) values (332,2,NULL,'2016-05-04 12:50:10','192.168.0.1',NULL,'2016-05-04 12:50:10','192.168.0.1',4),(333,3,NULL,'2016-05-04 12:50:11','192.168.0.1',NULL,'2016-05-04 12:50:11','192.168.0.1',4),(334,4,NULL,'2016-05-04 12:50:11','192.168.0.1',NULL,'2016-05-04 12:50:11','192.168.0.1',4),(335,11,NULL,'2016-05-04 12:50:11','192.168.0.1',NULL,'2016-05-04 12:50:11','192.168.0.1',4),(336,12,NULL,'2016-05-04 12:50:11','192.168.0.1',NULL,'2016-05-04 12:50:11','192.168.0.1',4),(337,13,NULL,'2016-05-04 12:50:11','192.168.0.1',NULL,'2016-05-04 12:50:11','192.168.0.1',4),(338,14,NULL,'2016-05-04 12:50:11','192.168.0.1',NULL,'2016-05-04 12:50:11','192.168.0.1',4),(339,15,NULL,'2016-05-04 12:50:11','192.168.0.1',NULL,'2016-05-04 12:50:11','192.168.0.1',4),(340,17,NULL,'2016-05-04 12:50:11','192.168.0.1',NULL,'2016-05-04 12:50:11','192.168.0.1',4),(341,19,NULL,'2016-05-04 12:50:11','192.168.0.1',NULL,'2016-05-04 12:50:11','192.168.0.1',4),(342,29,NULL,'2016-05-04 12:50:11','192.168.0.1',NULL,'2016-05-04 12:50:11','192.168.0.1',4),(343,35,NULL,'2016-05-04 12:50:11','192.168.0.1',NULL,'2016-05-04 12:50:11','192.168.0.1',4),(344,39,NULL,'2016-05-04 12:50:12','192.168.0.1',NULL,'2016-05-04 12:50:12','192.168.0.1',4),(345,40,NULL,'2016-05-04 12:50:12','192.168.0.1',NULL,'2016-05-04 12:50:12','192.168.0.1',4),(346,41,NULL,'2016-05-04 12:50:12','192.168.0.1',NULL,'2016-05-04 12:50:12','192.168.0.1',4),(347,42,NULL,'2016-05-04 12:50:12','192.168.0.1',NULL,'2016-05-04 12:50:12','192.168.0.1',4),(348,43,NULL,'2016-05-04 12:50:12','192.168.0.1',NULL,'2016-05-04 12:50:12','192.168.0.1',4),(349,44,NULL,'2016-05-04 12:50:12','192.168.0.1',NULL,'2016-05-04 12:50:12','192.168.0.1',4),(350,45,NULL,'2016-05-04 12:50:12','192.168.0.1',NULL,'2016-05-04 12:50:12','192.168.0.1',4),(351,46,NULL,'2016-05-04 12:50:12','192.168.0.1',NULL,'2016-05-04 12:50:12','192.168.0.1',4),(409,1,NULL,'2016-05-10 11:03:49','192.168.0.1',NULL,'2016-05-10 11:03:49','192.168.0.1',3),(410,2,NULL,'2016-05-10 11:03:49','192.168.0.1',NULL,'2016-05-10 11:03:49','192.168.0.1',3),(411,3,NULL,'2016-05-10 11:03:49','192.168.0.1',NULL,'2016-05-10 11:03:49','192.168.0.1',3),(412,4,NULL,'2016-05-10 11:03:49','192.168.0.1',NULL,'2016-05-10 11:03:49','192.168.0.1',3),(413,5,NULL,'2016-05-10 11:03:49','192.168.0.1',NULL,'2016-05-10 11:03:49','192.168.0.1',3),(414,6,NULL,'2016-05-10 11:03:49','192.168.0.1',NULL,'2016-05-10 11:03:49','192.168.0.1',3),(415,7,NULL,'2016-05-10 11:03:50','192.168.0.1',NULL,'2016-05-10 11:03:50','192.168.0.1',3),(416,8,NULL,'2016-05-10 11:03:50','192.168.0.1',NULL,'2016-05-10 11:03:50','192.168.0.1',3),(417,9,NULL,'2016-05-10 11:03:50','192.168.0.1',NULL,'2016-05-10 11:03:50','192.168.0.1',3),(418,10,NULL,'2016-05-10 11:03:50','192.168.0.1',NULL,'2016-05-10 11:03:50','192.168.0.1',3),(419,11,NULL,'2016-05-10 11:03:50','192.168.0.1',NULL,'2016-05-10 11:03:50','192.168.0.1',3),(420,12,NULL,'2016-05-10 11:03:50','192.168.0.1',NULL,'2016-05-10 11:03:50','192.168.0.1',3),(421,13,NULL,'2016-05-10 11:03:50','192.168.0.1',NULL,'2016-05-10 11:03:50','192.168.0.1',3),(422,14,NULL,'2016-05-10 11:03:50','192.168.0.1',NULL,'2016-05-10 11:03:50','192.168.0.1',3),(423,15,NULL,'2016-05-10 11:03:50','192.168.0.1',NULL,'2016-05-10 11:03:50','192.168.0.1',3),(424,16,NULL,'2016-05-10 11:03:50','192.168.0.1',NULL,'2016-05-10 11:03:50','192.168.0.1',3),(425,17,NULL,'2016-05-10 11:03:51','192.168.0.1',NULL,'2016-05-10 11:03:51','192.168.0.1',3),(426,18,NULL,'2016-05-10 11:03:51','192.168.0.1',NULL,'2016-05-10 11:03:51','192.168.0.1',3),(427,19,NULL,'2016-05-10 11:03:51','192.168.0.1',NULL,'2016-05-10 11:03:51','192.168.0.1',3),(428,20,NULL,'2016-05-10 11:03:51','192.168.0.1',NULL,'2016-05-10 11:03:51','192.168.0.1',3),(429,21,NULL,'2016-05-10 11:03:51','192.168.0.1',NULL,'2016-05-10 11:03:51','192.168.0.1',3),(430,22,NULL,'2016-05-10 11:03:51','192.168.0.1',NULL,'2016-05-10 11:03:51','192.168.0.1',3),(431,23,NULL,'2016-05-10 11:03:51','192.168.0.1',NULL,'2016-05-10 11:03:51','192.168.0.1',3),(432,24,NULL,'2016-05-10 11:03:51','192.168.0.1',NULL,'2016-05-10 11:03:51','192.168.0.1',3),(433,25,NULL,'2016-05-10 11:03:51','192.168.0.1',NULL,'2016-05-10 11:03:51','192.168.0.1',3),(434,26,NULL,'2016-05-10 11:03:51','192.168.0.1',NULL,'2016-05-10 11:03:51','192.168.0.1',3),(435,27,NULL,'2016-05-10 11:03:51','192.168.0.1',NULL,'2016-05-10 11:03:51','192.168.0.1',3),(436,28,NULL,'2016-05-10 11:03:52','192.168.0.1',NULL,'2016-05-10 11:03:52','192.168.0.1',3),(437,29,NULL,'2016-05-10 11:03:52','192.168.0.1',NULL,'2016-05-10 11:03:52','192.168.0.1',3),(438,30,NULL,'2016-05-10 11:03:52','192.168.0.1',NULL,'2016-05-10 11:03:52','192.168.0.1',3),(439,31,NULL,'2016-05-10 11:03:52','192.168.0.1',NULL,'2016-05-10 11:03:52','192.168.0.1',3),(440,32,NULL,'2016-05-10 11:03:52','192.168.0.1',NULL,'2016-05-10 11:03:52','192.168.0.1',3),(441,33,NULL,'2016-05-10 11:03:52','192.168.0.1',NULL,'2016-05-10 11:03:52','192.168.0.1',3),(442,34,NULL,'2016-05-10 11:03:52','192.168.0.1',NULL,'2016-05-10 11:03:52','192.168.0.1',3),(443,35,NULL,'2016-05-10 11:03:52','192.168.0.1',NULL,'2016-05-10 11:03:52','192.168.0.1',3),(444,36,NULL,'2016-05-10 11:03:52','192.168.0.1',NULL,'2016-05-10 11:03:52','192.168.0.1',3),(445,37,NULL,'2016-05-10 11:03:52','192.168.0.1',NULL,'2016-05-10 11:03:52','192.168.0.1',3),(446,38,NULL,'2016-05-10 11:03:52','192.168.0.1',NULL,'2016-05-10 11:03:52','192.168.0.1',3),(447,39,NULL,'2016-05-10 11:03:53','192.168.0.1',NULL,'2016-05-10 11:03:53','192.168.0.1',3),(448,40,NULL,'2016-05-10 11:03:53','192.168.0.1',NULL,'2016-05-10 11:03:53','192.168.0.1',3),(449,41,NULL,'2016-05-10 11:03:53','192.168.0.1',NULL,'2016-05-10 11:03:53','192.168.0.1',3),(450,42,NULL,'2016-05-10 11:03:53','192.168.0.1',NULL,'2016-05-10 11:03:53','192.168.0.1',3),(451,43,NULL,'2016-05-10 11:03:53','192.168.0.1',NULL,'2016-05-10 11:03:53','192.168.0.1',3),(452,44,NULL,'2016-05-10 11:03:53','192.168.0.1',NULL,'2016-05-10 11:03:53','192.168.0.1',3),(453,45,NULL,'2016-05-10 11:03:53','192.168.0.1',NULL,'2016-05-10 11:03:53','192.168.0.1',3),(454,46,NULL,'2016-05-10 11:03:53','192.168.0.1',NULL,'2016-05-10 11:03:53','192.168.0.1',3),(455,47,NULL,'2016-05-10 11:03:53','192.168.0.1',NULL,'2016-05-10 11:03:53','192.168.0.1',3),(456,48,NULL,'2016-05-10 11:03:53','192.168.0.1',NULL,'2016-05-10 11:03:53','192.168.0.1',3),(489,2,33,'2016-06-06 12:39:05','::1',33,'2016-06-06 12:39:05','::1',1),(490,3,33,'2016-06-06 12:39:05','::1',33,'2016-06-06 12:39:05','::1',1),(491,4,33,'2016-06-06 12:39:05','::1',33,'2016-06-06 12:39:05','::1',1),(492,5,33,'2016-06-06 12:39:05','::1',33,'2016-06-06 12:39:05','::1',1),(493,6,33,'2016-06-06 12:39:05','::1',33,'2016-06-06 12:39:05','::1',1),(494,7,33,'2016-06-06 12:39:05','::1',33,'2016-06-06 12:39:05','::1',1),(495,8,33,'2016-06-06 12:39:05','::1',33,'2016-06-06 12:39:05','::1',1),(496,9,33,'2016-06-06 12:39:05','::1',33,'2016-06-06 12:39:05','::1',1),(497,10,33,'2016-06-06 12:39:06','::1',33,'2016-06-06 12:39:06','::1',1),(498,11,33,'2016-06-06 12:39:06','::1',33,'2016-06-06 12:39:06','::1',1),(499,12,33,'2016-06-06 12:39:06','::1',33,'2016-06-06 12:39:06','::1',1),(500,13,33,'2016-06-06 12:39:06','::1',33,'2016-06-06 12:39:06','::1',1),(501,14,33,'2016-06-06 12:39:06','::1',33,'2016-06-06 12:39:06','::1',1),(502,15,33,'2016-06-06 12:39:06','::1',33,'2016-06-06 12:39:06','::1',1),(503,16,33,'2016-06-06 12:39:06','::1',33,'2016-06-06 12:39:06','::1',1),(504,19,33,'2016-06-06 12:39:06','::1',33,'2016-06-06 12:39:06','::1',1),(505,21,33,'2016-06-06 12:39:06','::1',33,'2016-06-06 12:39:06','::1',1),(506,22,33,'2016-06-06 12:39:06','::1',33,'2016-06-06 12:39:06','::1',1),(507,25,33,'2016-06-06 12:39:06','::1',33,'2016-06-06 12:39:06','::1',1),(508,26,33,'2016-06-06 12:39:06','::1',33,'2016-06-06 12:39:06','::1',1),(509,27,33,'2016-06-06 12:39:07','::1',33,'2016-06-06 12:39:07','::1',1),(510,28,33,'2016-06-06 12:39:07','::1',33,'2016-06-06 12:39:07','::1',1),(511,29,33,'2016-06-06 12:39:07','::1',33,'2016-06-06 12:39:07','::1',1),(512,39,33,'2016-06-06 12:39:07','::1',33,'2016-06-06 12:39:07','::1',1),(513,40,33,'2016-06-06 12:39:07','::1',33,'2016-06-06 12:39:07','::1',1),(514,41,33,'2016-06-06 12:39:07','::1',33,'2016-06-06 12:39:07','::1',1),(515,42,33,'2016-06-06 12:39:07','::1',33,'2016-06-06 12:39:07','::1',1),(516,43,33,'2016-06-06 12:39:07','::1',33,'2016-06-06 12:39:07','::1',1),(517,44,33,'2016-06-06 12:39:07','::1',33,'2016-06-06 12:39:07','::1',1),(518,45,33,'2016-06-06 12:39:07','::1',33,'2016-06-06 12:39:07','::1',1),(519,46,33,'2016-06-06 12:39:07','::1',33,'2016-06-06 12:39:07','::1',1);

/*Table structure for table `members_online_form_edit` */

CREATE TABLE `members_online_form_edit` (
  `ID` int(11) NOT NULL AUTO_INCREMENT,
  `Member_Field_id` int(11) DEFAULT NULL,
  `CreateBy` int(11) DEFAULT NULL,
  `CreateDate` datetime DEFAULT NULL,
  `CreateTerminal` varchar(100) DEFAULT NULL,
  `UpdateBy` int(11) DEFAULT NULL,
  `UpdateDate` datetime DEFAULT NULL,
  `UpdateTerminal` varchar(100) DEFAULT NULL,
  `Jenis_Perpustakaan_id` int(11) DEFAULT NULL,
  PRIMARY KEY (`ID`),
  KEY `members_online_form_edit_field` (`Member_Field_id`),
  KEY `members_online_form_edit_perpus` (`Jenis_Perpustakaan_id`),
  KEY `members_online_form_edit_createby` (`CreateBy`),
  KEY `members_online_form_edit_updateby` (`UpdateBy`),
  CONSTRAINT `members_online_form_edit_createby` FOREIGN KEY (`CreateBy`) REFERENCES `users` (`ID`) ON DELETE SET NULL ON UPDATE CASCADE,
  CONSTRAINT `members_online_form_edit_field` FOREIGN KEY (`Member_Field_id`) REFERENCES `member_fields` (`id`) ON DELETE CASCADE ON UPDATE CASCADE,
  CONSTRAINT `members_online_form_edit_perpus` FOREIGN KEY (`Jenis_Perpustakaan_id`) REFERENCES `jenis_perpustakaan` (`ID`) ON DELETE CASCADE ON UPDATE CASCADE,
  CONSTRAINT `members_online_form_edit_updateby` FOREIGN KEY (`UpdateBy`) REFERENCES `users` (`ID`) ON DELETE SET NULL ON UPDATE CASCADE
) ENGINE=InnoDB AUTO_INCREMENT=75 DEFAULT CHARSET=latin1;

/*Data for the table `members_online_form_edit` */

insert  into `members_online_form_edit`(`ID`,`Member_Field_id`,`CreateBy`,`CreateDate`,`CreateTerminal`,`UpdateBy`,`UpdateDate`,`UpdateTerminal`,`Jenis_Perpustakaan_id`) values (47,6,NULL,'2016-03-07 11:26:00','192.168.0.1',NULL,'2016-03-07 11:26:00','192.168.0.1',1),(48,7,NULL,'2016-03-07 11:26:00','192.168.0.1',NULL,'2016-03-07 11:26:00','192.168.0.1',1),(49,8,NULL,'2016-03-07 11:26:00','192.168.0.1',NULL,'2016-03-07 11:26:00','192.168.0.1',1),(50,9,NULL,'2016-03-07 11:26:00','192.168.0.1',NULL,'2016-03-07 11:26:00','192.168.0.1',1),(51,10,NULL,'2016-03-07 11:26:00','192.168.0.1',NULL,'2016-03-07 11:26:00','192.168.0.1',1),(52,11,NULL,'2016-03-07 11:26:01','192.168.0.1',NULL,'2016-03-07 11:26:01','192.168.0.1',1),(53,12,NULL,'2016-03-07 11:26:01','192.168.0.1',NULL,'2016-03-07 11:26:01','192.168.0.1',1),(54,13,NULL,'2016-03-07 11:26:01','192.168.0.1',NULL,'2016-03-07 11:26:01','192.168.0.1',1),(55,15,NULL,'2016-03-07 11:26:01','192.168.0.1',NULL,'2016-03-07 11:26:01','192.168.0.1',1),(56,16,NULL,'2016-03-07 11:26:01','192.168.0.1',NULL,'2016-03-07 11:26:01','192.168.0.1',1),(57,19,NULL,'2016-03-07 11:26:01','192.168.0.1',NULL,'2016-03-07 11:26:01','192.168.0.1',1),(58,25,NULL,'2016-03-07 11:26:01','192.168.0.1',NULL,'2016-03-07 11:26:01','192.168.0.1',1),(59,26,NULL,'2016-03-07 11:26:01','192.168.0.1',NULL,'2016-03-07 11:26:01','192.168.0.1',1),(60,27,NULL,'2016-03-07 11:26:01','192.168.0.1',NULL,'2016-03-07 11:26:01','192.168.0.1',1),(61,28,NULL,'2016-03-07 11:26:01','192.168.0.1',NULL,'2016-03-07 11:26:01','192.168.0.1',1),(62,29,NULL,'2016-03-07 11:26:01','192.168.0.1',NULL,'2016-03-07 11:26:01','192.168.0.1',1),(63,30,NULL,'2016-03-07 11:26:02','192.168.0.1',NULL,'2016-03-07 11:26:02','192.168.0.1',1),(64,32,NULL,'2016-03-07 11:26:02','192.168.0.1',NULL,'2016-03-07 11:26:02','192.168.0.1',1),(65,8,NULL,'2016-04-12 15:25:31','192.168.0.1',NULL,'2016-04-12 15:25:31','192.168.0.1',4),(66,9,NULL,'2016-04-12 15:25:31','192.168.0.1',NULL,'2016-04-12 15:25:31','192.168.0.1',4),(67,10,NULL,'2016-04-12 15:25:31','192.168.0.1',NULL,'2016-04-12 15:25:31','192.168.0.1',4),(68,11,NULL,'2016-04-12 15:25:31','192.168.0.1',NULL,'2016-04-12 15:25:31','192.168.0.1',4),(69,12,NULL,'2016-04-12 15:25:32','192.168.0.1',NULL,'2016-04-12 15:25:32','192.168.0.1',4),(70,29,NULL,'2016-04-12 15:25:32','192.168.0.1',NULL,'2016-04-12 15:25:32','192.168.0.1',4),(71,43,NULL,'2016-04-12 15:25:32','192.168.0.1',NULL,'2016-04-12 15:25:32','192.168.0.1',4),(72,44,NULL,'2016-04-12 15:25:32','192.168.0.1',NULL,'2016-04-12 15:25:32','192.168.0.1',4),(73,45,NULL,'2016-04-12 15:25:32','192.168.0.1',NULL,'2016-04-12 15:25:32','192.168.0.1',4),(74,46,NULL,'2016-04-12 15:25:32','192.168.0.1',NULL,'2016-04-12 15:25:32','192.168.0.1',4);

/*Table structure for table `membersonline` */

CREATE TABLE `membersonline` (
  `ID` int(9) NOT NULL AUTO_INCREMENT,
  `NoAnggota` varchar(50) DEFAULT NULL,
  `NickName` varchar(100) DEFAULT NULL,
  `Password` varchar(100) DEFAULT NULL,
  `Email` varchar(100) DEFAULT NULL,
  `BranchId` int(11) DEFAULT NULL,
  `LocationLoanId` int(11) DEFAULT NULL,
  `Status` varchar(100) DEFAULT NULL,
  `Activation_Code` varchar(100) DEFAULT NULL,
  `CreateBy` int(11) DEFAULT NULL,
  `CreateDate` datetime DEFAULT NULL,
  `CreateTerminal` varchar(100) DEFAULT NULL,
  `UpdateBy` int(11) DEFAULT NULL,
  `UpdateDate` datetime DEFAULT NULL,
  `UpdateTerminal` varchar(100) DEFAULT NULL,
  `auth_key` varchar(100) DEFAULT NULL,
  PRIMARY KEY (`ID`),
  KEY `BranchId` (`BranchId`),
  KEY `LocationLoanId` (`LocationLoanId`),
  KEY `NoAnggota` (`NoAnggota`),
  KEY `membersonline_createby` (`CreateBy`),
  KEY `membersonline_updateby` (`UpdateBy`),
  CONSTRAINT `FK_branch` FOREIGN KEY (`BranchId`) REFERENCES `branchs` (`ID`) ON DELETE CASCADE ON UPDATE CASCADE,
  CONSTRAINT `FK_locationloan` FOREIGN KEY (`LocationLoanId`) REFERENCES `location_library` (`ID`) ON DELETE CASCADE ON UPDATE CASCADE,
  CONSTRAINT `membersonline_createby` FOREIGN KEY (`CreateBy`) REFERENCES `users` (`ID`) ON DELETE SET NULL ON UPDATE CASCADE,
  CONSTRAINT `membersonline_updateby` FOREIGN KEY (`UpdateBy`) REFERENCES `users` (`ID`) ON DELETE SET NULL ON UPDATE CASCADE
) ENGINE=InnoDB DEFAULT CHARSET=latin1;

/*Data for the table `membersonline` */

/*Table structure for table `menu` */

